2026-09-13T13:10:09.173096+02:00 vmi3427693 sshd[630170]: pam_unix(sshd:auth): check pass; user unknown
2026-09-13T13:10:09.173343+02:00 vmi3427693 sshd[630170]: pam_unix(sshd:auth): authentication failure; logname= uid=0 euid=0 tty=ssh ruser= rhost=109.160.32.46
2026-09-13T13:10:11.737724+02:00 vmi3427693 sshd[630170]: Failed password for invalid user centreon from 109.160.32.46 port 45892 ssh2
2026-09-13T13:10:12.611783+02:00 vmi3427693 sshd[630170]: Connection closed by invalid user centreon 109.160.32.46 port 45892 [preauth]
2026-09-13T13:10:14.142004+02:00 vmi3427693 sshd[630182]: Invalid user ftpuser1 from 109.160.32.46 port 46022
2026-09-13T13:10:14.175635+02:00 vmi3427693 sshd[630182]: pam_unix(sshd:auth): check pass; user unknown
2026-09-13T13:10:14.175862+02:00 vmi3427693 sshd[630182]: pam_unix(sshd:auth): authentication failure; logname= uid=0 euid=0 tty=ssh ruser= rhost=109.160.32.46
2026-09-13T13:10:16.759236+02:00 vmi3427693 sshd[630182]: Failed password for invalid user ftpuser1 from 109.160.32.46 port 46022 ssh2
2026-09-13T13:10:18.926571+02:00 vmi3427693 sshd[630182]: Connection closed by invalid user ftpuser1 109.160.32.46 port 46022 [preauth]
2026-09-13T13:10:19.402798+02:00 vmi3427693 sshd[630195]: Invalid user gayan from 109.160.32.46 port 60516
2026-09-13T13:10:19.422372+02:00 vmi3427693 sshd[630195]: pam_unix(sshd:auth): check pass; user unknown
2026-09-13T13:10:19.422814+02:00 vmi3427693 sshd[630195]: pam_unix(sshd:auth): authentication failure; logname= uid=0 euid=0 tty=ssh ruser= rhost=109.160.32.46
2026-09-13T13:10:21.359159+02:00 vmi3427693 sshd[630195]: Failed password for invalid user gayan from 109.160.32.46 port 60516 ssh2
2026-09-13T13:10:22.130704+02:00 vmi3427693 sshd[630195]: Connection closed by invalid user gayan 109.160.32.46 port 60516 [preauth]
2026-09-13T13:10:24.353038+02:00 vmi3427693 sshd[630207]: Invalid user john from 109.160.32.46 port 60592
2026-09-13T13:10:24.370809+02:00 vmi3427693 sshd[630207]: pam_unix(sshd:auth): check pass; user unknown
2026-09-13T13:10:24.371037+02:00 vmi3427693 sshd[630207]: pam_unix(sshd:auth): authentication failure; logname= uid=0 euid=0 tty=ssh ruser= rhost=109.160.32.46
2026-09-13T13:10:25.992672+02:00 vmi3427693 sshd[630207]: Failed password for invalid user john from 109.160.32.46 port 60592 ssh2
2026-09-13T13:10:26.618873+02:00 vmi3427693 sshd[630207]: Connection closed by invalid user john 109.160.32.46 port 60592 [preauth]
2026-09-13T13:10:29.476963+02:00 vmi3427693 sshd[630219]: pam_unix(sshd:auth): authentication failure; logname= uid=0 euid=0 tty=ssh ruser= rhost=109.160.32.46 user=root
2026-09-13T13:10:31.453031+02:00 vmi3427693 sshd[630219]: Failed password for root from 109.160.32.46 port 32774 ssh2
2026-09-13T13:10:31.718746+02:00 vmi3427693 sshd[630219]: Connection closed by authenticating user root 109.160.32.46 port 32774 [preauth]
2026-09-13T13:10:34.338134+02:00 vmi3427693 sshd[630231]: pam_unix(sshd:auth): authentication failure; logname= uid=0 euid=0 tty=ssh ruser= rhost=109.160.32.46 user=root
2026-09-13T13:10:34.909899+02:00 vmi3427693 sshd[630234]: pam_unix(sshd:auth): authentication failure; logname= uid=0 euid=0 tty=ssh ruser= rhost=45.148.10.157 user=root
2026-09-13T13:10:36.665398+02:00 vmi3427693 sshd[630231]: Failed password for root from 109.160.32.46 port 32788 ssh2
2026-09-13T13:10:37.237837+02:00 vmi3427693 sshd[630234]: Failed password for root from 45.148.10.157 port 18634 ssh2
2026-09-13T13:10:38.843296+02:00 vmi3427693 sshd[630231]: Connection closed by authenticating user root 109.160.32.46 port 32788 [preauth]
2026-09-13T13:10:39.383321+02:00 vmi3427693 sshd[630246]: Invalid user ubuntu from 109.160.32.46 port 40442
2026-09-13T13:10:39.402259+02:00 vmi3427693 sshd[630246]: pam_unix(sshd:auth): check pass; user unknown
2026-09-13T13:10:39.402504+02:00 vmi3427693 sshd[630246]: pam_unix(sshd:auth): authentication failure; logname= uid=0 euid=0 tty=ssh ruser= rhost=109.160.32.46
2026-09-13T13:10:41.750304+02:00 vmi3427693 sshd[630246]: Failed password for invalid user ubuntu from 109.160.32.46 port 40442 ssh2
2026-09-13T13:10:41.823579+02:00 vmi3427693 sshd[630234]: Failed password for root from 45.148.10.157 port 18634 ssh2
2026-09-13T13:10:41.906729+02:00 vmi3427693 sshd[630254]: Invalid user admin from 130.49.213.228 port 45252
2026-09-13T13:10:41.994736+02:00 vmi3427693 sshd[630254]: pam_unix(sshd:auth): check pass; user unknown
2026-09-13T13:10:41.995053+02:00 vmi3427693 sshd[630254]: pam_unix(sshd:auth): authentication failure; logname= uid=0 euid=0 tty=ssh ruser= rhost=130.49.213.228
2026-09-13T13:10:43.291215+02:00 vmi3427693 sshd[630246]: Connection closed by invalid user ubuntu 109.160.32.46 port 40442 [preauth]
2026-09-13T13:10:43.950178+02:00 vmi3427693 sshd[630254]: Failed password for invalid user admin from 130.49.213.228 port 45252 ssh2
2026-09-13T13:10:44.080883+02:00 vmi3427693 sshd[630261]: Invalid user minecraft from 109.160.32.46 port 40538
2026-09-13T13:10:44.107763+02:00 vmi3427693 sshd[630261]: pam_unix(sshd:auth): check pass; user unknown
2026-09-13T13:10:44.108127+02:00 vmi3427693 sshd[630261]: pam_unix(sshd:auth): authentication failure; logname= uid=0 euid=0 tty=ssh ruser= rhost=109.160.32.46
2026-09-13T13:10:44.771752+02:00 vmi3427693 sshd[630254]: Connection closed by invalid user admin 130.49.213.228 port 45252 [preauth]
2026-09-13T13:10:45.995087+02:00 vmi3427693 sshd[630234]: Failed password for root from 45.148.10.157 port 18634 ssh2
2026-09-13T13:10:46.476105+02:00 vmi3427693 sshd[630261]: Failed password for invalid user minecraft from 109.160.32.46 port 40538 ssh2
2026-09-13T13:10:47.648820+02:00 vmi3427693 sshd[630261]: Connection closed by invalid user minecraft 109.160.32.46 port 40538 [preauth]
2026-09-13T13:10:48.649666+02:00 vmi3427693 sshd[630234]: Failed password for root from 45.148.10.157 port 18634 ssh2
2026-09-13T13:10:49.172355+02:00 vmi3427693 sshd[630272]: Invalid user coder from 109.160.32.46 port 54344
2026-09-13T13:10:49.222975+02:00 vmi3427693 sshd[630272]: pam_unix(sshd:auth): check pass; user unknown
2026-09-13T13:10:49.223174+02:00 vmi3427693 sshd[630272]: pam_unix(sshd:auth): authentication failure; logname= uid=0 euid=0 tty=ssh ruser= rhost=109.160.32.46
2026-09-13T13:10:51.611143+02:00 vmi3427693 sshd[630272]: Failed password for invalid user coder from 109.160.32.46 port 54344 ssh2
2026-09-13T13:10:53.099838+02:00 vmi3427693 sshd[630234]: Failed password for root from 45.148.10.157 port 18634 ssh2
2026-09-13T13:10:53.145647+02:00 vmi3427693 sshd[630234]: Connection reset by authenticating user root 45.148.10.157 port 18634 [preauth]
2026-09-13T13:10:53.145985+02:00 vmi3427693 sshd[630234]: PAM 4 more authentication failures; logname= uid=0 euid=0 tty=ssh ruser= rhost=45.148.10.157 user=root
2026-09-13T13:10:53.148681+02:00 vmi3427693 sshd[630234]: PAM service(sshd) ignoring max retries; 5 > 3
2026-09-13T13:10:53.695934+02:00 vmi3427693 sshd[630272]: Connection closed by invalid user coder 109.160.32.46 port 54344 [preauth]
2026-09-13T13:10:53.862911+02:00 vmi3427693 sshd[630285]: Invalid user elasticsearch from 109.160.32.46 port 54492
2026-09-13T13:10:53.907754+02:00 vmi3427693 sshd[630285]: pam_unix(sshd:auth): check pass; user unknown
2026-09-13T13:10:53.908030+02:00 vmi3427693 sshd[630285]: pam_unix(sshd:auth): authentication failure; logname= uid=0 euid=0 tty=ssh ruser= rhost=109.160.32.46
2026-09-13T13:10:55.843610+02:00 vmi3427693 sshd[630285]: Failed password for invalid user elasticsearch from 109.160.32.46 port 54492 ssh2
2026-09-13T13:10:56.624184+02:00 vmi3427693 sshd[630285]: Connection closed by invalid user elasticsearch 109.160.32.46 port 54492 [preauth]
2026-09-13T13:10:58.675220+02:00 vmi3427693 sshd[630299]: Invalid user elasticsearch from 109.160.32.46 port 35278
2026-09-13T13:10:58.713619+02:00 vmi3427693 sshd[630299]: pam_unix(sshd:auth): check pass; user unknown
2026-09-13T13:10:58.713836+02:00 vmi3427693 sshd[630299]: pam_unix(sshd:auth): authentication failure; logname= uid=0 euid=0 tty=ssh ruser= rhost=109.160.32.46
2026-09-13T13:10:59.823480+02:00 vmi3427693 sshd[630294]: pam_unix(sshd:auth): authentication failure; logname= uid=0 euid=0 tty=ssh ruser= rhost=58.152.42.212 user=root
2026-09-13T13:11:01.001670+02:00 vmi3427693 sshd[630299]: Failed password for invalid user elasticsearch from 109.160.32.46 port 35278 ssh2
2026-09-13T13:11:01.358764+02:00 vmi3427693 sshd[630299]: Connection closed by invalid user elasticsearch 109.160.32.46 port 35278 [preauth]
2026-09-13T13:11:01.583318+02:00 vmi3427693 sshd[630294]: Failed password for root from 58.152.42.212 port 37654 ssh2
2026-09-13T13:11:01.870966+02:00 vmi3427693 CRON[630307]: pam_unix(cron:session): session opened for user root(uid=0) by root(uid=0)
2026-09-13T13:11:01.974499+02:00 vmi3427693 CRON[630307]: pam_unix(cron:session): session closed for user root
2026-09-13T13:11:02.340572+02:00 vmi3427693 sshd[630294]: Received disconnect from 58.152.42.212 port 37654:11: Bye Bye [preauth]
2026-09-13T13:11:02.340986+02:00 vmi3427693 sshd[630294]: Disconnected from authenticating user root 58.152.42.212 port 37654 [preauth]
2026-09-13T13:11:03.851148+02:00 vmi3427693 sshd[630314]: Invalid user user1 from 109.160.32.46 port 35352
2026-09-13T13:11:03.875857+02:00 vmi3427693 sshd[630314]: pam_unix(sshd:auth): check pass; user unknown
2026-09-13T13:11:03.876124+02:00 vmi3427693 sshd[630314]: pam_unix(sshd:auth): authentication failure; logname= uid=0 euid=0 tty=ssh ruser= rhost=109.160.32.46
2026-09-13T13:11:06.521560+02:00 vmi3427693 sshd[630319]: Invalid user dev from 202.152.148.30 port 46878
2026-09-13T13:11:06.530422+02:00 vmi3427693 sshd[630314]: Failed password for invalid user user1 from 109.160.32.46 port 35352 ssh2
2026-09-13T13:11:06.550883+02:00 vmi3427693 sshd[630319]: pam_unix(sshd:auth): check pass; user unknown
2026-09-13T13:11:06.551158+02:00 vmi3427693 sshd[630319]: pam_unix(sshd:auth): authentication failure; logname= uid=0 euid=0 tty=ssh ruser= rhost=202.152.148.30
2026-09-13T13:11:07.722882+02:00 vmi3427693 sshd[630314]: Connection closed by invalid user user1 109.160.32.46 port 35352 [preauth]
2026-09-13T13:11:08.269913+02:00 vmi3427693 sshd[630319]: Failed password for invalid user dev from 202.152.148.30 port 46878 ssh2
2026-09-13T13:11:08.887762+02:00 vmi3427693 sshd[630319]: Received disconnect from 202.152.148.30 port 46878:11: Bye Bye [preauth]
2026-09-13T13:11:08.888033+02:00 vmi3427693 sshd[630319]: Disconnected from invalid user dev 202.152.148.30 port 46878 [preauth]
2026-09-13T13:11:08.984647+02:00 vmi3427693 sshd[630334]: Invalid user user1 from 109.160.32.46 port 46266
2026-09-13T13:11:09.021735+02:00 vmi3427693 sshd[630334]: pam_unix(sshd:auth): check pass; user unknown
2026-09-13T13:11:09.022033+02:00 vmi3427693 sshd[630334]: pam_unix(sshd:auth): authentication failure; logname= uid=0 euid=0 tty=ssh ruser= rhost=109.160.32.46
2026-09-13T13:11:11.153319+02:00 vmi3427693 sshd[630334]: Failed password for invalid user user1 from 109.160.32.46 port 46266 ssh2
2026-09-13T13:11:12.941173+02:00 vmi3427693 sshd[630334]: Connection closed by invalid user user1 109.160.32.46 port 46266 [preauth]
2026-09-13T13:11:13.215171+02:00 vmi3427693 sshd[630348]: Invalid user admin from 80.94.92.55 port 48156
2026-09-13T13:11:13.359853+02:00 vmi3427693 sshd[630348]: pam_unix(sshd:auth): check pass; user unknown
2026-09-13T13:11:13.360255+02:00 vmi3427693 sshd[630348]: pam_unix(sshd:auth): authentication failure; logname= uid=0 euid=0 tty=ssh ruser= rhost=80.94.92.55
2026-09-13T13:11:13.788253+02:00 vmi3427693 sshd[630355]: Invalid user aishani from 109.160.32.46 port 46310
2026-09-13T13:11:13.806140+02:00 vmi3427693 sshd[630355]: pam_unix(sshd:auth): check pass; user unknown
2026-09-13T13:11:13.806370+02:00 vmi3427693 sshd[630355]: pam_unix(sshd:auth): authentication failure; logname= uid=0 euid=0 tty=ssh ruser= rhost=109.160.32.46
2026-09-13T13:11:15.376833+02:00 vmi3427693 sshd[630348]: Failed password for invalid user admin from 80.94.92.55 port 48156 ssh2
2026-09-13T13:11:15.823149+02:00 vmi3427693 sshd[630355]: Failed password for invalid user aishani from 109.160.32.46 port 46310 ssh2
2026-09-13T13:11:16.203715+02:00 vmi3427693 sshd[630348]: Connection closed by invalid user admin 80.94.92.55 port 48156 [preauth]
2026-09-13T13:11:17.145007+02:00 vmi3427693 sshd[630355]: Connection closed by invalid user aishani 109.160.32.46 port 46310 [preauth]
2026-09-13T13:11:17.416572+02:00 vmi3427693 sshd[630365]: Connection closed by 45.180.44.176 port 37006
2026-09-13T13:11:18.705330+02:00 vmi3427693 sshd[630368]: Invalid user developer from 109.160.32.46 port 37018
2026-09-13T13:11:18.726928+02:00 vmi3427693 sshd[630368]: pam_unix(sshd:auth): check pass; user unknown
2026-09-13T13:11:18.727192+02:00 vmi3427693 sshd[630368]: pam_unix(sshd:auth): authentication failure; logname= uid=0 euid=0 tty=ssh ruser= rhost=109.160.32.46
2026-09-13T13:11:20.427814+02:00 vmi3427693 sshd[630368]: Failed password for invalid user developer from 109.160.32.46 port 37018 ssh2
2026-09-13T13:11:20.897077+02:00 vmi3427693 sshd[630368]: Connection closed by invalid user developer 109.160.32.46 port 37018 [preauth]
2026-09-13T13:11:23.667973+02:00 vmi3427693 sshd[630383]: Invalid user developer from 109.160.32.46 port 37052
2026-09-13T13:11:23.683262+02:00 vmi3427693 sshd[630383]: pam_unix(sshd:auth): check pass; user unknown
2026-09-13T13:11:23.683581+02:00 vmi3427693 sshd[630383]: pam_unix(sshd:auth): authentication failure; logname= uid=0 euid=0 tty=ssh ruser= rhost=109.160.32.46
2026-09-13T13:11:23.856683+02:00 vmi3427693 sshd[630380]: pam_unix(sshd:auth): authentication failure; logname= uid=0 euid=0 tty=ssh ruser= rhost=46.8.31.84 user=root
2026-09-13T13:11:25.405005+02:00 vmi3427693 sshd[630383]: Failed password for invalid user developer from 109.160.32.46 port 37052 ssh2
2026-09-13T13:11:25.576933+02:00 vmi3427693 sshd[630380]: Failed password for root from 46.8.31.84 port 46010 ssh2
2026-09-13T13:11:25.841650+02:00 vmi3427693 sshd[630383]: Connection closed by invalid user developer 109.160.32.46 port 37052 [preauth]
2026-09-13T13:11:26.166581+02:00 vmi3427693 sshd[630380]: Connection closed by authenticating user root 46.8.31.84 port 46010 [preauth]
2026-09-13T13:11:28.422573+02:00 vmi3427693 sshd[630394]: pam_unix(sshd:auth): authentication failure; logname= uid=0 euid=0 tty=ssh ruser= rhost=109.160.32.46 user=root
2026-09-13T13:11:30.830390+02:00 vmi3427693 sshd[630394]: Failed password for root from 109.160.32.46 port 41058 ssh2
2026-09-13T13:11:32.970486+02:00 vmi3427693 sshd[630394]: Connection closed by authenticating user root 109.160.32.46 port 41058 [preauth]
2026-09-13T13:11:33.135771+02:00 vmi3427693 sshd[630406]: Invalid user rdpuser from 109.160.32.46 port 41114
2026-09-13T13:11:33.151491+02:00 vmi3427693 sshd[630406]: pam_unix(sshd:auth): check pass; user unknown
2026-09-13T13:11:33.151763+02:00 vmi3427693 sshd[630406]: pam_unix(sshd:auth): authentication failure; logname= uid=0 euid=0 tty=ssh ruser= rhost=109.160.32.46
2026-09-13T13:11:35.583048+02:00 vmi3427693 sshd[630406]: Failed password for invalid user rdpuser from 109.160.32.46 port 41114 ssh2
2026-09-13T13:11:37.310514+02:00 vmi3427693 sshd[630406]: Connection closed by invalid user rdpuser 109.160.32.46 port 41114 [preauth]
2026-09-13T13:11:37.945180+02:00 vmi3427693 sshd[630418]: Invalid user debian from 109.160.32.46 port 56512
2026-09-13T13:11:37.968349+02:00 vmi3427693 sshd[630418]: pam_unix(sshd:auth): check pass; user unknown
2026-09-13T13:11:37.969117+02:00 vmi3427693 sshd[630418]: pam_unix(sshd:auth): authentication failure; logname= uid=0 euid=0 tty=ssh ruser= rhost=109.160.32.46
2026-09-13T13:11:39.944361+02:00 vmi3427693 sshd[630418]: Failed password for invalid user debian from 109.160.32.46 port 56512 ssh2
2026-09-13T13:11:41.562407+02:00 vmi3427693 sshd[630418]: Connection closed by invalid user debian 109.160.32.46 port 56512 [preauth]
2026-09-13T13:11:43.276562+02:00 vmi3427693 sshd[630430]: Invalid user debian from 109.160.32.46 port 56598
2026-09-13T13:11:43.340815+02:00 vmi3427693 sshd[630430]: pam_unix(sshd:auth): check pass; user unknown
2026-09-13T13:11:43.341112+02:00 vmi3427693 sshd[630430]: pam_unix(sshd:auth): authentication failure; logname= uid=0 euid=0 tty=ssh ruser= rhost=109.160.32.46
2026-09-13T13:11:45.142009+02:00 vmi3427693 sshd[630430]: Failed password for invalid user debian from 109.160.32.46 port 56598 ssh2
2026-09-13T13:11:46.970362+02:00 vmi3427693 sshd[630430]: Connection closed by invalid user debian 109.160.32.46 port 56598 [preauth]
2026-09-13T13:11:47.330069+02:00 vmi3427693 sshd[630439]: Invalid user tomas from 45.182.206.203 port 36414
2026-09-13T13:11:47.339821+02:00 vmi3427693 sshd[630439]: pam_unix(sshd:auth): check pass; user unknown
2026-09-13T13:11:47.341609+02:00 vmi3427693 sshd[630439]: pam_unix(sshd:auth): authentication failure; logname= uid=0 euid=0 tty=ssh ruser= rhost=45.182.206.203
2026-09-13T13:11:48.029729+02:00 vmi3427693 sshd[630445]: Invalid user rohit from 109.160.32.46 port 60806
2026-09-13T13:11:48.052889+02:00 vmi3427693 sshd[630445]: pam_unix(sshd:auth): check pass; user unknown
2026-09-13T13:11:48.053113+02:00 vmi3427693 sshd[630445]: pam_unix(sshd:auth): authentication failure; logname= uid=0 euid=0 tty=ssh ruser= rhost=109.160.32.46
2026-09-13T13:11:49.356768+02:00 vmi3427693 sshd[630439]: Failed password for invalid user tomas from 45.182.206.203 port 36414 ssh2
2026-09-13T13:11:49.874495+02:00 vmi3427693 sshd[630445]: Failed password for invalid user rohit from 109.160.32.46 port 60806 ssh2
2026-09-13T13:11:50.265860+02:00 vmi3427693 sshd[630445]: Connection closed by invalid user rohit 109.160.32.46 port 60806 [preauth]
2026-09-13T13:11:51.399671+02:00 vmi3427693 sshd[630439]: Received disconnect from 45.182.206.203 port 36414:11: Bye Bye [preauth]
2026-09-13T13:11:51.400021+02:00 vmi3427693 sshd[630439]: Disconnected from invalid user tomas 45.182.206.203 port 36414 [preauth]
2026-09-13T13:11:52.973950+02:00 vmi3427693 sshd[630457]: pam_unix(sshd:auth): authentication failure; logname= uid=0 euid=0 tty=ssh ruser= rhost=109.160.32.46 user=root
2026-09-13T13:11:55.342085+02:00 vmi3427693 sshd[630457]: Failed password for root from 109.160.32.46 port 60890 ssh2
2026-09-13T13:11:57.471795+02:00 vmi3427693 sshd[630457]: Connection closed by authenticating user root 109.160.32.46 port 60890 [preauth]
2026-09-13T13:11:57.620985+02:00 vmi3427693 sshd[630468]: Invalid user admin from 109.160.32.46 port 35032
2026-09-13T13:11:57.636545+02:00 vmi3427693 sshd[630468]: pam_unix(sshd:auth): check pass; user unknown
2026-09-13T13:11:57.636829+02:00 vmi3427693 sshd[630468]: pam_unix(sshd:auth): authentication failure; logname= uid=0 euid=0 tty=ssh ruser= rhost=109.160.32.46
2026-09-13T13:12:00.363666+02:00 vmi3427693 sshd[630468]: Failed password for invalid user admin from 109.160.32.46 port 35032 ssh2
2026-09-13T13:12:01.987016+02:00 vmi3427693 CRON[630480]: pam_unix(cron:session): session opened for user root(uid=0) by root(uid=0)
2026-09-13T13:12:02.051357+02:00 vmi3427693 CRON[630480]: pam_unix(cron:session): session closed for user root
2026-09-13T13:12:02.712488+02:00 vmi3427693 sshd[630483]: pam_unix(sshd:auth): authentication failure; logname= uid=0 euid=0 tty=ssh ruser= rhost=109.160.32.46 user=root
2026-09-13T13:12:03.051011+02:00 vmi3427693 sshd[630468]: Connection closed by invalid user admin 109.160.32.46 port 35032 [preauth]
2026-09-13T13:12:05.119676+02:00 vmi3427693 sshd[630483]: Failed password for root from 109.160.32.46 port 35094 ssh2
2026-09-13T13:12:07.355058+02:00 vmi3427693 sshd[630483]: Connection closed by authenticating user root 109.160.32.46 port 35094 [preauth]
2026-09-13T13:12:07.662119+02:00 vmi3427693 sshd[630496]: Invalid user milad from 109.160.32.46 port 50376
2026-09-13T13:12:07.676304+02:00 vmi3427693 sshd[630496]: pam_unix(sshd:auth): check pass; user unknown
2026-09-13T13:12:07.676564+02:00 vmi3427693 sshd[630496]: pam_unix(sshd:auth): authentication failure; logname= uid=0 euid=0 tty=ssh ruser= rhost=109.160.32.46
2026-09-13T13:12:09.108314+02:00 vmi3427693 sshd[630496]: Failed password for invalid user milad from 109.160.32.46 port 50376 ssh2
2026-09-13T13:12:10.334507+02:00 vmi3427693 sshd[630496]: Connection closed by invalid user milad 109.160.32.46 port 50376 [preauth]
2026-09-13T13:12:12.499723+02:00 vmi3427693 sshd[630506]: pam_unix(sshd:auth): authentication failure; logname= uid=0 euid=0 tty=ssh ruser= rhost=58.152.42.212 user=root
2026-09-13T13:12:12.775069+02:00 vmi3427693 sshd[630511]: pam_unix(sshd:auth): authentication failure; logname= uid=0 euid=0 tty=ssh ruser= rhost=109.160.32.46 user=root
2026-09-13T13:12:14.280298+02:00 vmi3427693 sshd[630506]: Failed password for root from 58.152.42.212 port 47306 ssh2
2026-09-13T13:12:14.556066+02:00 vmi3427693 sshd[630511]: Failed password for root from 109.160.32.46 port 50444 ssh2
2026-09-13T13:12:14.960500+02:00 vmi3427693 sshd[630506]: Received disconnect from 58.152.42.212 port 47306:11: Bye Bye [preauth]
2026-09-13T13:12:14.960887+02:00 vmi3427693 sshd[630506]: Disconnected from authenticating user root 58.152.42.212 port 47306 [preauth]
2026-09-13T13:12:15.061466+02:00 vmi3427693 sshd[630511]: Connection closed by authenticating user root 109.160.32.46 port 50444 [preauth]
2026-09-13T13:12:18.055506+02:00 vmi3427693 sshd[630523]: Invalid user config from 109.160.32.46 port 55100
2026-09-13T13:12:18.097745+02:00 vmi3427693 sshd[630523]: pam_unix(sshd:auth): check pass; user unknown
2026-09-13T13:12:18.100278+02:00 vmi3427693 sshd[630523]: pam_unix(sshd:auth): authentication failure; logname= uid=0 euid=0 tty=ssh ruser= rhost=109.160.32.46
2026-09-13T13:12:19.702624+02:00 vmi3427693 sshd[630523]: Failed password for invalid user config from 109.160.32.46 port 55100 ssh2
2026-09-13T13:12:20.882254+02:00 vmi3427693 sshd[630523]: Connection closed by invalid user config 109.160.32.46 port 55100 [preauth]
2026-09-13T13:12:21.118572+02:00 vmi3427693 sshd[630529]: Invalid user andreas from 202.152.148.30 port 55922
2026-09-13T13:12:21.119899+02:00 vmi3427693 sshd[630529]: pam_unix(sshd:auth): check pass; user unknown
2026-09-13T13:12:21.120088+02:00 vmi3427693 sshd[630529]: pam_unix(sshd:auth): authentication failure; logname= uid=0 euid=0 tty=ssh ruser= rhost=202.152.148.30
2026-09-13T13:12:22.891986+02:00 vmi3427693 sshd[630538]: Invalid user openclaw from 109.160.32.46 port 55192
2026-09-13T13:12:22.925448+02:00 vmi3427693 sshd[630538]: pam_unix(sshd:auth): check pass; user unknown
2026-09-13T13:12:22.925694+02:00 vmi3427693 sshd[630538]: pam_unix(sshd:auth): authentication failure; logname= uid=0 euid=0 tty=ssh ruser= rhost=109.160.32.46
2026-09-13T13:12:23.804495+02:00 vmi3427693 sshd[630529]: Failed password for invalid user andreas from 202.152.148.30 port 55922 ssh2
2026-09-13T13:12:25.230797+02:00 vmi3427693 sshd[630529]: Received disconnect from 202.152.148.30 port 55922:11: Bye Bye [preauth]
2026-09-13T13:12:25.231127+02:00 vmi3427693 sshd[630529]: Disconnected from invalid user andreas 202.152.148.30 port 55922 [preauth]
2026-09-13T13:12:25.414026+02:00 vmi3427693 sshd[630538]: Failed password for invalid user openclaw from 109.160.32.46 port 55192 ssh2
2026-09-13T13:12:26.962725+02:00 vmi3427693 sshd[630538]: Connection closed by invalid user openclaw 109.160.32.46 port 55192 [preauth]
2026-09-13T13:12:28.061927+02:00 vmi3427693 sshd[630550]: Invalid user openclaw from 109.160.32.46 port 38210
2026-09-13T13:12:28.102232+02:00 vmi3427693 sshd[630550]: pam_unix(sshd:auth): check pass; user unknown
2026-09-13T13:12:28.102548+02:00 vmi3427693 sshd[630550]: pam_unix(sshd:auth): authentication failure; logname= uid=0 euid=0 tty=ssh ruser= rhost=109.160.32.46
2026-09-13T13:12:30.415446+02:00 vmi3427693 sshd[630550]: Failed password for invalid user openclaw from 109.160.32.46 port 38210 ssh2
2026-09-13T13:12:32.136473+02:00 vmi3427693 sshd[630550]: Connection closed by invalid user openclaw 109.160.32.46 port 38210 [preauth]
2026-09-13T13:12:32.873673+02:00 vmi3427693 sshd[630562]: pam_unix(sshd:auth): authentication failure; logname= uid=0 euid=0 tty=ssh ruser= rhost=109.160.32.46 user=root
2026-09-13T13:12:35.069936+02:00 vmi3427693 sshd[630562]: Failed password for root from 109.160.32.46 port 38252 ssh2
2026-09-13T13:12:35.086333+02:00 vmi3427693 sshd[630562]: Connection closed by authenticating user root 109.160.32.46 port 38252 [preauth]
2026-09-13T13:12:37.979070+02:00 vmi3427693 sshd[630574]: pam_unix(sshd:auth): authentication failure; logname= uid=0 euid=0 tty=ssh ruser= rhost=109.160.32.46 user=root
2026-09-13T13:12:40.526943+02:00 vmi3427693 sshd[630574]: Failed password for root from 109.160.32.46 port 34764 ssh2
2026-09-13T13:12:42.490458+02:00 vmi3427693 sshd[630574]: Connection closed by authenticating user root 109.160.32.46 port 34764 [preauth]
2026-09-13T13:12:42.818463+02:00 vmi3427693 sshd[630587]: Invalid user myuser from 109.160.32.46 port 34836
2026-09-13T13:12:42.835060+02:00 vmi3427693 sshd[630587]: pam_unix(sshd:auth): check pass; user unknown
2026-09-13T13:12:42.835283+02:00 vmi3427693 sshd[630587]: pam_unix(sshd:auth): authentication failure; logname= uid=0 euid=0 tty=ssh ruser= rhost=109.160.32.46
2026-09-13T13:12:44.405033+02:00 vmi3427693 sshd[630587]: Failed password for invalid user myuser from 109.160.32.46 port 34836 ssh2
2026-09-13T13:12:45.633317+02:00 vmi3427693 sshd[630587]: Connection closed by invalid user myuser 109.160.32.46 port 34836 [preauth]
2026-09-13T13:12:47.754154+02:00 vmi3427693 sshd[630599]: Invalid user user from 109.160.32.46 port 43300
2026-09-13T13:12:47.773403+02:00 vmi3427693 sshd[630599]: pam_unix(sshd:auth): check pass; user unknown
2026-09-13T13:12:47.774263+02:00 vmi3427693 sshd[630599]: pam_unix(sshd:auth): authentication failure; logname= uid=0 euid=0 tty=ssh ruser= rhost=109.160.32.46
2026-09-13T13:12:50.361776+02:00 vmi3427693 sshd[630599]: Failed password for invalid user user from 109.160.32.46 port 43300 ssh2
2026-09-13T13:12:52.027139+02:00 vmi3427693 sshd[630599]: Connection closed by invalid user user 109.160.32.46 port 43300 [preauth]
2026-09-13T13:12:52.561596+02:00 vmi3427693 sshd[630611]: pam_unix(sshd:auth): authentication failure; logname= uid=0 euid=0 tty=ssh ruser= rhost=109.160.32.46 user=root
2026-09-13T13:12:54.502603+02:00 vmi3427693 sshd[630611]: Failed password for root from 109.160.32.46 port 43366 ssh2
2026-09-13T13:12:54.796894+02:00 vmi3427693 sshd[630611]: Connection closed by authenticating user root 109.160.32.46 port 43366 [preauth]
2026-09-13T13:12:57.587398+02:00 vmi3427693 sshd[630623]: pam_unix(sshd:auth): authentication failure; logname= uid=0 euid=0 tty=ssh ruser= rhost=109.160.32.46 user=root
2026-09-13T13:12:59.547259+02:00 vmi3427693 sshd[630623]: Failed password for root from 109.160.32.46 port 34466 ssh2
2026-09-13T13:12:59.910566+02:00 vmi3427693 sshd[630623]: Connection closed by authenticating user root 109.160.32.46 port 34466 [preauth]
2026-09-13T13:13:01.060600+02:00 vmi3427693 CRON[630632]: pam_unix(cron:session): session opened for user root(uid=0) by root(uid=0)
2026-09-13T13:13:01.143935+02:00 vmi3427693 CRON[630632]: pam_unix(cron:session): session closed for user root
2026-09-13T13:13:02.581310+02:00 vmi3427693 sshd[630665]: Invalid user teamspeak from 109.160.32.46 port 34504
2026-09-13T13:13:02.612795+02:00 vmi3427693 sshd[630665]: pam_unix(sshd:auth): check pass; user unknown
2026-09-13T13:13:02.614353+02:00 vmi3427693 sshd[630665]: pam_unix(sshd:auth): authentication failure; logname= uid=0 euid=0 tty=ssh ruser= rhost=109.160.32.46
2026-09-13T13:13:03.930125+02:00 vmi3427693 sshd[630665]: Failed password for invalid user teamspeak from 109.160.32.46 port 34504 ssh2
2026-09-13T13:13:04.943759+02:00 vmi3427693 sshd[630665]: Connection closed by invalid user teamspeak 109.160.32.46 port 34504 [preauth]
2026-09-13T13:13:07.628222+02:00 vmi3427693 sshd[630757]: Invalid user user16 from 109.160.32.46 port 60136
2026-09-13T13:13:07.645723+02:00 vmi3427693 sshd[630757]: pam_unix(sshd:auth): check pass; user unknown
2026-09-13T13:13:07.646071+02:00 vmi3427693 sshd[630757]: pam_unix(sshd:auth): authentication failure; logname= uid=0 euid=0 tty=ssh ruser= rhost=109.160.32.46
2026-09-13T13:13:10.314322+02:00 vmi3427693 sshd[630757]: Failed password for invalid user user16 from 109.160.32.46 port 60136 ssh2
2026-09-13T13:13:11.764259+02:00 vmi3427693 sshd[630757]: Connection closed by invalid user user16 109.160.32.46 port 60136 [preauth]
2026-09-13T13:13:13.063578+02:00 vmi3427693 sshd[630773]: pam_unix(sshd:auth): authentication failure; logname= uid=0 euid=0 tty=ssh ruser= rhost=109.160.32.46 user=root
2026-09-13T13:13:15.085004+02:00 vmi3427693 sshd[630773]: Failed password for root from 109.160.32.46 port 60212 ssh2
2026-09-13T13:13:15.258990+02:00 vmi3427693 sshd[630773]: Connection closed by authenticating user root 109.160.32.46 port 60212 [preauth]
2026-09-13T13:13:17.431665+02:00 vmi3427693 sshd[630781]: Invalid user ryan from 46.8.31.84 port 49652
2026-09-13T13:13:17.436425+02:00 vmi3427693 sshd[630781]: pam_unix(sshd:auth): check pass; user unknown
2026-09-13T13:13:17.436795+02:00 vmi3427693 sshd[630781]: pam_unix(sshd:auth): authentication failure; logname= uid=0 euid=0 tty=ssh ruser= rhost=46.8.31.84
2026-09-13T13:13:17.980407+02:00 vmi3427693 sshd[630785]: pam_unix(sshd:auth): authentication failure; logname= uid=0 euid=0 tty=ssh ruser= rhost=109.160.32.46 user=root
2026-09-13T13:13:19.477935+02:00 vmi3427693 sshd[630781]: Failed password for invalid user ryan from 46.8.31.84 port 49652 ssh2
2026-09-13T13:13:19.706655+02:00 vmi3427693 sshd[630781]: Connection closed by invalid user ryan 46.8.31.84 port 49652 [preauth]
2026-09-13T13:13:20.022103+02:00 vmi3427693 sshd[630785]: Failed password for root from 109.160.32.46 port 44634 ssh2
2026-09-13T13:13:20.192135+02:00 vmi3427693 sshd[630785]: Connection closed by authenticating user root 109.160.32.46 port 44634 [preauth]
2026-09-13T13:13:22.979337+02:00 vmi3427693 sshd[630799]: Invalid user deploy from 109.160.32.46 port 44662
2026-09-13T13:13:22.999567+02:00 vmi3427693 sshd[630799]: pam_unix(sshd:auth): check pass; user unknown
2026-09-13T13:13:23.001176+02:00 vmi3427693 sshd[630799]: pam_unix(sshd:auth): authentication failure; logname= uid=0 euid=0 tty=ssh ruser= rhost=109.160.32.46
2026-09-13T13:13:25.059416+02:00 vmi3427693 sshd[630799]: Failed password for invalid user deploy from 109.160.32.46 port 44662 ssh2
2026-09-13T13:13:25.623875+02:00 vmi3427693 sshd[630807]: pam_unix(sshd:auth): authentication failure; logname= uid=0 euid=0 tty=ssh ruser= rhost=80.94.92.55 user=backup
2026-09-13T13:13:25.661383+02:00 vmi3427693 sshd[630804]: pam_unix(sshd:auth): authentication failure; logname= uid=0 euid=0 tty=ssh ruser= rhost=58.152.42.212 user=root
2026-09-13T13:13:25.909073+02:00 vmi3427693 sshd[630799]: Connection closed by invalid user deploy 109.160.32.46 port 44662 [preauth]
2026-09-13T13:13:27.431061+02:00 vmi3427693 sshd[630807]: Failed password for backup from 80.94.92.55 port 51276 ssh2
2026-09-13T13:13:27.466616+02:00 vmi3427693 sshd[630804]: Failed password for root from 58.152.42.212 port 43906 ssh2
2026-09-13T13:13:27.678001+02:00 vmi3427693 sshd[630807]: Connection closed by authenticating user backup 80.94.92.55 port 51276 [preauth]
2026-09-13T13:13:27.720937+02:00 vmi3427693 sshd[630815]: Invalid user deploy from 109.160.32.46 port 43696
2026-09-13T13:13:27.736043+02:00 vmi3427693 sshd[630815]: pam_unix(sshd:auth): check pass; user unknown
2026-09-13T13:13:27.736275+02:00 vmi3427693 sshd[630815]: pam_unix(sshd:auth): authentication failure; logname= uid=0 euid=0 tty=ssh ruser= rhost=109.160.32.46
2026-09-13T13:13:28.079105+02:00 vmi3427693 sshd[630804]: Received disconnect from 58.152.42.212 port 43906:11: Bye Bye [preauth]
2026-09-13T13:13:28.079418+02:00 vmi3427693 sshd[630804]: Disconnected from authenticating user root 58.152.42.212 port 43906 [preauth]
2026-09-13T13:13:29.482359+02:00 vmi3427693 sshd[630815]: Failed password for invalid user deploy from 109.160.32.46 port 43696 ssh2
2026-09-13T13:13:30.606840+02:00 vmi3427693 sshd[630815]: Connection closed by invalid user deploy 109.160.32.46 port 43696 [preauth]
2026-09-13T13:13:30.711171+02:00 vmi3427693 sshd[630821]: Invalid user ftpuser from 202.152.148.30 port 59870
2026-09-13T13:13:30.717511+02:00 vmi3427693 sshd[630821]: pam_unix(sshd:auth): check pass; user unknown
2026-09-13T13:13:30.717852+02:00 vmi3427693 sshd[630821]: pam_unix(sshd:auth): authentication failure; logname= uid=0 euid=0 tty=ssh ruser= rhost=202.152.148.30
2026-09-13T13:13:32.808668+02:00 vmi3427693 sshd[630829]: pam_unix(sshd:auth): authentication failure; logname= uid=0 euid=0 tty=ssh ruser= rhost=109.160.32.46 user=root
2026-09-13T13:13:32.874604+02:00 vmi3427693 sshd[630821]: Failed password for invalid user ftpuser from 202.152.148.30 port 59870 ssh2
2026-09-13T13:13:34.095711+02:00 vmi3427693 sshd[630821]: Received disconnect from 202.152.148.30 port 59870:11: Bye Bye [preauth]
2026-09-13T13:13:34.096063+02:00 vmi3427693 sshd[630821]: Disconnected from invalid user ftpuser 202.152.148.30 port 59870 [preauth]
2026-09-13T13:13:34.573806+02:00 vmi3427693 sshd[630829]: Failed password for root from 109.160.32.46 port 43774 ssh2
2026-09-13T13:13:35.104924+02:00 vmi3427693 sshd[630829]: Connection closed by authenticating user root 109.160.32.46 port 43774 [preauth]
2026-09-13T13:13:37.370973+02:00 vmi3427693 sshd[630840]: Invalid user splunk from 109.160.32.46 port 48684
2026-09-13T13:13:37.393262+02:00 vmi3427693 sshd[630840]: pam_unix(sshd:auth): check pass; user unknown
2026-09-13T13:13:37.393630+02:00 vmi3427693 sshd[630840]: pam_unix(sshd:auth): authentication failure; logname= uid=0 euid=0 tty=ssh ruser= rhost=109.160.32.46
2026-09-13T13:13:38.430043+02:00 vmi3427693 sshd[630847]: Connection closed by 178.128.238.243 port 35808
2026-09-13T13:13:39.179048+02:00 vmi3427693 sshd[630840]: Failed password for invalid user splunk from 109.160.32.46 port 48684 ssh2
2026-09-13T13:13:40.519684+02:00 vmi3427693 sshd[630840]: Connection closed by invalid user splunk 109.160.32.46 port 48684 [preauth]
2026-09-13T13:13:42.437143+02:00 vmi3427693 sshd[630863]: Invalid user splunk from 109.160.32.46 port 48730
2026-09-13T13:13:42.454941+02:00 vmi3427693 sshd[630863]: pam_unix(sshd:auth): check pass; user unknown
2026-09-13T13:13:42.455148+02:00 vmi3427693 sshd[630863]: pam_unix(sshd:auth): authentication failure; logname= uid=0 euid=0 tty=ssh ruser= rhost=109.160.32.46
2026-09-13T13:13:44.090310+02:00 vmi3427693 sshd[630866]: pam_unix(sshd:auth): authentication failure; logname= uid=0 euid=0 tty=ssh ruser= rhost=45.182.206.203 user=root
2026-09-13T13:13:44.928409+02:00 vmi3427693 sshd[630863]: Failed password for invalid user splunk from 109.160.32.46 port 48730 ssh2
2026-09-13T13:13:45.503556+02:00 vmi3427693 sshd[630866]: Failed password for root from 45.182.206.203 port 36610 ssh2
2026-09-13T13:13:45.571362+02:00 vmi3427693 sshd[630863]: Connection closed by invalid user splunk 109.160.32.46 port 48730 [preauth]
2026-09-13T13:13:46.495222+02:00 vmi3427693 sshd[630866]: Received disconnect from 45.182.206.203 port 36610:11: Bye Bye [preauth]
2026-09-13T13:13:46.495514+02:00 vmi3427693 sshd[630866]: Disconnected from authenticating user root 45.182.206.203 port 36610 [preauth]
2026-09-13T13:13:47.649341+02:00 vmi3427693 sshd[630880]: pam_unix(sshd:auth): authentication failure; logname= uid=0 euid=0 tty=ssh ruser= rhost=109.160.32.46 user=root
2026-09-13T13:13:49.475289+02:00 vmi3427693 sshd[630880]: Failed password for root from 109.160.32.46 port 60834 ssh2
2026-09-13T13:13:49.871688+02:00 vmi3427693 sshd[630880]: Connection closed by authenticating user root 109.160.32.46 port 60834 [preauth]
2026-09-13T13:13:52.015622+02:00 vmi3427693 sshd[630892]: Invalid user deploy from 109.160.32.46 port 60878
2026-09-13T13:13:52.031722+02:00 vmi3427693 sshd[630892]: pam_unix(sshd:auth): check pass; user unknown
2026-09-13T13:13:52.032354+02:00 vmi3427693 sshd[630892]: pam_unix(sshd:auth): authentication failure; logname= uid=0 euid=0 tty=ssh ruser= rhost=109.160.32.46
2026-09-13T13:13:53.878092+02:00 vmi3427693 sshd[630892]: Failed password for invalid user deploy from 109.160.32.46 port 60878 ssh2
2026-09-13T13:13:54.874787+02:00 vmi3427693 sshd[630892]: Connection closed by invalid user deploy 109.160.32.46 port 60878 [preauth]
2026-09-13T13:13:57.002361+02:00 vmi3427693 sshd[630904]: pam_unix(sshd:auth): authentication failure; logname= uid=0 euid=0 tty=ssh ruser= rhost=109.160.32.46 user=root
2026-09-13T13:13:58.401017+02:00 vmi3427693 sshd[630904]: Failed password for root from 109.160.32.46 port 57978 ssh2
2026-09-13T13:13:59.239465+02:00 vmi3427693 sshd[630904]: Connection closed by authenticating user root 109.160.32.46 port 57978 [preauth]
2026-09-13T13:14:01.158340+02:00 vmi3427693 CRON[630915]: pam_unix(cron:session): session opened for user root(uid=0) by root(uid=0)
2026-09-13T13:14:01.241333+02:00 vmi3427693 CRON[630915]: pam_unix(cron:session): session closed for user root
2026-09-13T13:14:01.753267+02:00 vmi3427693 sshd[630918]: Invalid user normal from 109.160.32.46 port 58030
2026-09-13T13:14:01.795991+02:00 vmi3427693 sshd[630918]: pam_unix(sshd:auth): check pass; user unknown
2026-09-13T13:14:01.796246+02:00 vmi3427693 sshd[630918]: pam_unix(sshd:auth): authentication failure; logname= uid=0 euid=0 tty=ssh ruser= rhost=109.160.32.46
2026-09-13T13:14:03.876991+02:00 vmi3427693 sshd[630918]: Failed password for invalid user normal from 109.160.32.46 port 58030 ssh2
2026-09-13T13:14:04.637255+02:00 vmi3427693 sshd[630918]: Connection closed by invalid user normal 109.160.32.46 port 58030 [preauth]
2026-09-13T13:14:06.840986+02:00 vmi3427693 sshd[630930]: pam_unix(sshd:auth): authentication failure; logname= uid=0 euid=0 tty=ssh ruser= rhost=109.160.32.46 user=root
2026-09-13T13:14:08.944143+02:00 vmi3427693 sshd[630930]: Failed password for root from 109.160.32.46 port 34366 ssh2
2026-09-13T13:14:09.068115+02:00 vmi3427693 sshd[630930]: Connection closed by authenticating user root 109.160.32.46 port 34366 [preauth]
2026-09-13T13:14:11.594273+02:00 vmi3427693 sshd[630940]: pam_unix(sshd:auth): authentication failure; logname= uid=0 euid=0 tty=ssh ruser= rhost=109.160.32.46 user=root
2026-09-13T13:14:13.717440+02:00 vmi3427693 sshd[630940]: Failed password for root from 109.160.32.46 port 34404 ssh2
2026-09-13T13:14:13.818164+02:00 vmi3427693 sshd[630940]: Connection closed by authenticating user root 109.160.32.46 port 34404 [preauth]
2026-09-13T13:14:16.537262+02:00 vmi3427693 sshd[630953]: Invalid user user1 from 109.160.32.46 port 41392
2026-09-13T13:14:16.553560+02:00 vmi3427693 sshd[630953]: pam_unix(sshd:auth): check pass; user unknown
2026-09-13T13:14:16.553823+02:00 vmi3427693 sshd[630953]: pam_unix(sshd:auth): authentication failure; logname= uid=0 euid=0 tty=ssh ruser= rhost=109.160.32.46
2026-09-13T13:14:18.359986+02:00 vmi3427693 sshd[630953]: Failed password for invalid user user1 from 109.160.32.46 port 41392 ssh2
2026-09-13T13:14:18.483600+02:00 vmi3427693 sshd[630953]: Connection closed by invalid user user1 109.160.32.46 port 41392 [preauth]
2026-09-13T13:14:20.216326+02:00 vmi3427693 sshd[630961]: pam_unix(sshd:auth): authentication failure; logname= uid=0 euid=0 tty=ssh ruser= rhost=20.127.185.37 user=root
2026-09-13T13:14:21.189144+02:00 vmi3427693 sshd[630967]: Invalid user mk from 109.160.32.46 port 41482
2026-09-13T13:14:21.205854+02:00 vmi3427693 sshd[630967]: pam_unix(sshd:auth): check pass; user unknown
2026-09-13T13:14:21.206058+02:00 vmi3427693 sshd[630967]: pam_unix(sshd:auth): authentication failure; logname= uid=0 euid=0 tty=ssh ruser= rhost=109.160.32.46
2026-09-13T13:14:21.906422+02:00 vmi3427693 sshd[630961]: Failed password for root from 20.127.185.37 port 34954 ssh2
2026-09-13T13:14:22.510050+02:00 vmi3427693 sshd[630961]: Received disconnect from 20.127.185.37 port 34954:11: Bye Bye [preauth]
2026-09-13T13:14:22.510760+02:00 vmi3427693 sshd[630961]: Disconnected from authenticating user root 20.127.185.37 port 34954 [preauth]
2026-09-13T13:14:23.031690+02:00 vmi3427693 sshd[630967]: Failed password for invalid user mk from 109.160.32.46 port 41482 ssh2
2026-09-13T13:14:24.491060+02:00 vmi3427693 sshd[630967]: Connection closed by invalid user mk 109.160.32.46 port 41482 [preauth]
2026-09-13T13:14:26.473444+02:00 vmi3427693 sshd[630979]: Invalid user admin from 109.160.32.46 port 55948
2026-09-13T13:14:26.495149+02:00 vmi3427693 sshd[630979]: pam_unix(sshd:auth): check pass; user unknown
2026-09-13T13:14:26.495380+02:00 vmi3427693 sshd[630979]: pam_unix(sshd:auth): authentication failure; logname= uid=0 euid=0 tty=ssh ruser= rhost=109.160.32.46
2026-09-13T13:14:27.674760+02:00 vmi3427693 sshd[630979]: Failed password for invalid user admin from 109.160.32.46 port 55948 ssh2
2026-09-13T13:14:27.869931+02:00 vmi3427693 sshd[630979]: Connection closed by invalid user admin 109.160.32.46 port 55948 [preauth]
2026-09-13T13:14:31.362306+02:00 vmi3427693 sshd[630991]: Invalid user admin from 109.160.32.46 port 55976
2026-09-13T13:14:31.378649+02:00 vmi3427693 sshd[630991]: pam_unix(sshd:auth): check pass; user unknown
2026-09-13T13:14:31.378926+02:00 vmi3427693 sshd[630991]: pam_unix(sshd:auth): authentication failure; logname= uid=0 euid=0 tty=ssh ruser= rhost=109.160.32.46
2026-09-13T13:14:33.244351+02:00 vmi3427693 sshd[630991]: Failed password for invalid user admin from 109.160.32.46 port 55976 ssh2
2026-09-13T13:14:34.117307+02:00 vmi3427693 sshd[630991]: Connection closed by invalid user admin 109.160.32.46 port 55976 [preauth]
2026-09-13T13:14:34.859073+02:00 vmi3427693 sshd[630997]: Invalid user kai from 58.152.42.212 port 50242
2026-09-13T13:14:34.863904+02:00 vmi3427693 sshd[630997]: pam_unix(sshd:auth): check pass; user unknown
2026-09-13T13:14:34.864129+02:00 vmi3427693 sshd[630997]: pam_unix(sshd:auth): authentication failure; logname= uid=0 euid=0 tty=ssh ruser= rhost=58.152.42.212
2026-09-13T13:14:36.473559+02:00 vmi3427693 sshd[630997]: Failed password for invalid user kai from 58.152.42.212 port 50242 ssh2
2026-09-13T13:14:36.563118+02:00 vmi3427693 sshd[631005]: pam_unix(sshd:auth): authentication failure; logname= uid=0 euid=0 tty=ssh ruser= rhost=109.160.32.46 user=root
2026-09-13T13:14:36.796211+02:00 vmi3427693 sshd[630997]: Received disconnect from 58.152.42.212 port 50242:11: Bye Bye [preauth]
2026-09-13T13:14:36.796714+02:00 vmi3427693 sshd[630997]: Disconnected from invalid user kai 58.152.42.212 port 50242 [preauth]
2026-09-13T13:14:37.877479+02:00 vmi3427693 sshd[631010]: banner exchange: Connection from 159.223.173.125 port 41294: invalid format
2026-09-13T13:14:38.448409+02:00 vmi3427693 sshd[631005]: Failed password for root from 109.160.32.46 port 59052 ssh2
2026-09-13T13:14:38.629655+02:00 vmi3427693 sshd[631012]: pam_unix(sshd:auth): authentication failure; logname= uid=0 euid=0 tty=ssh ruser= rhost=159.223.173.125 user=root
2026-09-13T13:14:38.791676+02:00 vmi3427693 sshd[631005]: Connection closed by authenticating user root 109.160.32.46 port 59052 [preauth]
2026-09-13T13:14:39.319447+02:00 vmi3427693 sshd[631014]: Invalid user azureuser from 202.152.148.30 port 45604
2026-09-13T13:14:39.326090+02:00 vmi3427693 sshd[631014]: pam_unix(sshd:auth): check pass; user unknown
2026-09-13T13:14:39.326338+02:00 vmi3427693 sshd[631014]: pam_unix(sshd:auth): authentication failure; logname= uid=0 euid=0 tty=ssh ruser= rhost=202.152.148.30
2026-09-13T13:14:39.787928+02:00 vmi3427693 sshd[631012]: Failed password for root from 159.223.173.125 port 41310 ssh2
2026-09-13T13:14:41.094719+02:00 vmi3427693 sshd[631012]: Connection closed by authenticating user root 159.223.173.125 port 41310 [preauth]
2026-09-13T13:14:41.292217+02:00 vmi3427693 sshd[631014]: Failed password for invalid user azureuser from 202.152.148.30 port 45604 ssh2
2026-09-13T13:14:41.497173+02:00 vmi3427693 sshd[631014]: Received disconnect from 202.152.148.30 port 45604:11: Bye Bye [preauth]
2026-09-13T13:14:41.497391+02:00 vmi3427693 sshd[631014]: Disconnected from invalid user azureuser 202.152.148.30 port 45604 [preauth]
2026-09-13T13:14:41.612142+02:00 vmi3427693 sshd[631023]: pam_unix(sshd:auth): authentication failure; logname= uid=0 euid=0 tty=ssh ruser= rhost=109.160.32.46 user=root
2026-09-13T13:14:42.548716+02:00 vmi3427693 sshd[631025]: pam_unix(sshd:auth): authentication failure; logname= uid=0 euid=0 tty=ssh ruser= rhost=159.223.173.125 user=root
2026-09-13T13:14:43.518355+02:00 vmi3427693 sshd[631023]: Failed password for root from 109.160.32.46 port 59140 ssh2
2026-09-13T13:14:43.852003+02:00 vmi3427693 sshd[631023]: Connection closed by authenticating user root 109.160.32.46 port 59140 [preauth]
2026-09-13T13:14:44.925729+02:00 vmi3427693 sshd[631025]: Failed password for root from 159.223.173.125 port 41312 ssh2
2026-09-13T13:14:46.178826+02:00 vmi3427693 sshd[631037]: Invalid user postgres from 109.160.32.46 port 57598
2026-09-13T13:14:46.201649+02:00 vmi3427693 sshd[631037]: pam_unix(sshd:auth): check pass; user unknown
2026-09-13T13:14:46.201862+02:00 vmi3427693 sshd[631037]: pam_unix(sshd:auth): authentication failure; logname= uid=0 euid=0 tty=ssh ruser= rhost=109.160.32.46
2026-09-13T13:14:47.272864+02:00 vmi3427693 sshd[631025]: Connection closed by authenticating user root 159.223.173.125 port 41312 [preauth]
2026-09-13T13:14:47.792006+02:00 vmi3427693 sshd[631037]: Failed password for invalid user postgres from 109.160.32.46 port 57598 ssh2
2026-09-13T13:14:48.148708+02:00 vmi3427693 sshd[631041]: pam_unix(sshd:auth): authentication failure; logname= uid=0 euid=0 tty=ssh ruser= rhost=159.223.173.125 user=root
2026-09-13T13:14:48.166583+02:00 vmi3427693 sshd[631037]: Connection closed by invalid user postgres 109.160.32.46 port 57598 [preauth]
2026-09-13T13:14:50.013098+02:00 vmi3427693 sshd[631041]: Failed password for root from 159.223.173.125 port 37184 ssh2
2026-09-13T13:14:50.442190+02:00 vmi3427693 sshd[631041]: Connection closed by authenticating user root 159.223.173.125 port 37184 [preauth]
2026-09-13T13:14:51.180983+02:00 vmi3427693 sshd[631050]: pam_unix(sshd:auth): authentication failure; logname= uid=0 euid=0 tty=ssh ruser= rhost=159.223.173.125 user=root
2026-09-13T13:14:51.465670+02:00 vmi3427693 sshd[631056]: Invalid user liquid from 109.160.32.46 port 57742
2026-09-13T13:14:51.485617+02:00 vmi3427693 sshd[631056]: pam_unix(sshd:auth): check pass; user unknown
2026-09-13T13:14:51.485866+02:00 vmi3427693 sshd[631056]: pam_unix(sshd:auth): authentication failure; logname= uid=0 euid=0 tty=ssh ruser= rhost=109.160.32.46
2026-09-13T13:14:52.208448+02:00 vmi3427693 sshd[631054]: pam_unix(sshd:auth): authentication failure; logname= uid=0 euid=0 tty=ssh ruser= rhost=117.236.124.166 user=root
2026-09-13T13:14:53.126583+02:00 vmi3427693 sshd[631050]: Failed password for root from 159.223.173.125 port 37200 ssh2
2026-09-13T13:14:53.431471+02:00 vmi3427693 sshd[631056]: Failed password for invalid user liquid from 109.160.32.46 port 57742 ssh2
2026-09-13T13:14:53.536700+02:00 vmi3427693 sshd[631050]: Connection closed by authenticating user root 159.223.173.125 port 37200 [preauth]
2026-09-13T13:14:53.556695+02:00 vmi3427693 sshd[631056]: Connection closed by invalid user liquid 109.160.32.46 port 57742 [preauth]
2026-09-13T13:14:53.958140+02:00 vmi3427693 sshd[631054]: Failed password for root from 117.236.124.166 port 50558 ssh2
2026-09-13T13:14:54.326879+02:00 vmi3427693 sshd[631063]: pam_unix(sshd:auth): authentication failure; logname= uid=0 euid=0 tty=ssh ruser= rhost=159.223.173.125 user=root
2026-09-13T13:14:54.542321+02:00 vmi3427693 sshd[631054]: Received disconnect from 117.236.124.166 port 50558:11: [preauth]
2026-09-13T13:14:54.542659+02:00 vmi3427693 sshd[631054]: Disconnected from authenticating user root 117.236.124.166 port 50558 [preauth]
2026-09-13T13:14:56.339240+02:00 vmi3427693 sshd[631071]: pam_unix(sshd:auth): authentication failure; logname= uid=0 euid=0 tty=ssh ruser= rhost=109.160.32.46 user=root
2026-09-13T13:14:56.684273+02:00 vmi3427693 sshd[631063]: Failed password for root from 159.223.173.125 port 50472 ssh2
2026-09-13T13:14:57.969427+02:00 vmi3427693 sshd[631071]: Failed password for root from 109.160.32.46 port 54512 ssh2
2026-09-13T13:14:58.589366+02:00 vmi3427693 sshd[631071]: Connection closed by authenticating user root 109.160.32.46 port 54512 [preauth]
2026-09-13T13:14:58.895559+02:00 vmi3427693 sshd[631063]: Connection closed by authenticating user root 159.223.173.125 port 50472 [preauth]
2026-09-13T13:14:59.693357+02:00 vmi3427693 sshd[631078]: pam_unix(sshd:auth): authentication failure; logname= uid=0 euid=0 tty=ssh ruser= rhost=159.223.173.125 user=root
2026-09-13T13:15:01.249278+02:00 vmi3427693 CRON[631087]: pam_unix(cron:session): session opened for user root(uid=0) by root(uid=0)
2026-09-13T13:15:01.250192+02:00 vmi3427693 CRON[631086]: pam_unix(cron:session): session opened for user root(uid=0) by root(uid=0)
2026-09-13T13:15:01.250646+02:00 vmi3427693 CRON[631088]: pam_unix(cron:session): session opened for user root(uid=0) by root(uid=0)
2026-09-13T13:15:01.257308+02:00 vmi3427693 CRON[631086]: pam_unix(cron:session): session closed for user root
2026-09-13T13:15:01.374120+02:00 vmi3427693 CRON[631088]: pam_unix(cron:session): session closed for user root
2026-09-13T13:15:01.410700+02:00 vmi3427693 CRON[631087]: pam_unix(cron:session): session closed for user root
2026-09-13T13:15:01.454142+02:00 vmi3427693 sshd[631085]: pam_unix(sshd:auth): authentication failure; logname= uid=0 euid=0 tty=ssh ruser= rhost=109.160.32.46 user=root
2026-09-13T13:15:01.734140+02:00 vmi3427693 sshd[631078]: Failed password for root from 159.223.173.125 port 50474 ssh2
