2026-09-13T06:06:56.428645+02:00 vmi3427693 sshd[466976]: Connection closed by authenticating user root 77.90.185.20 port 19498 [preauth]
2026-09-13T06:07:01.651164+02:00 vmi3427693 CRON[467240]: pam_unix(cron:session): session opened for user root(uid=0) by root(uid=0)
2026-09-13T06:07:01.722990+02:00 vmi3427693 CRON[467240]: pam_unix(cron:session): session closed for user root
2026-09-13T06:07:03.326770+02:00 vmi3427693 sshd[467166]: pam_unix(sshd:auth): authentication failure; logname= uid=0 euid=0 tty=ssh ruser= rhost=77.90.185.20 user=root
2026-09-13T06:07:05.506569+02:00 vmi3427693 sshd[467166]: Failed password for root from 77.90.185.20 port 29572 ssh2
2026-09-13T06:07:07.239048+02:00 vmi3427693 sshd[467166]: Connection closed by authenticating user root 77.90.185.20 port 29572 [preauth]
2026-09-13T06:07:13.853591+02:00 vmi3427693 sshd[467298]: Invalid user info from 77.90.185.20 port 8850
2026-09-13T06:07:15.988643+02:00 vmi3427693 sshd[467298]: pam_unix(sshd:auth): check pass; user unknown
2026-09-13T06:07:15.988919+02:00 vmi3427693 sshd[467298]: pam_unix(sshd:auth): authentication failure; logname= uid=0 euid=0 tty=ssh ruser= rhost=77.90.185.20
2026-09-13T06:07:16.717326+02:00 vmi3427693 sshd[467362]: Invalid user admin from 45.148.10.240 port 36578
2026-09-13T06:07:16.731647+02:00 vmi3427693 sshd[467362]: pam_unix(sshd:auth): check pass; user unknown
2026-09-13T06:07:16.732966+02:00 vmi3427693 sshd[467362]: pam_unix(sshd:auth): authentication failure; logname= uid=0 euid=0 tty=ssh ruser= rhost=45.148.10.240
2026-09-13T06:07:17.817770+02:00 vmi3427693 sshd[467298]: Failed password for invalid user info from 77.90.185.20 port 8850 ssh2
2026-09-13T06:07:19.026289+02:00 vmi3427693 sshd[467362]: Failed password for invalid user admin from 45.148.10.240 port 36578 ssh2
2026-09-13T06:07:19.430896+02:00 vmi3427693 sshd[467362]: Connection closed by invalid user admin 45.148.10.240 port 36578 [preauth]
2026-09-13T06:07:19.890460+02:00 vmi3427693 sshd[467298]: Connection closed by invalid user info 77.90.185.20 port 8850 [preauth]
2026-09-13T06:07:28.841233+02:00 vmi3427693 sshd[467393]: pam_unix(sshd:auth): authentication failure; logname= uid=0 euid=0 tty=ssh ruser= rhost=77.90.185.20 user=root
2026-09-13T06:07:31.121220+02:00 vmi3427693 sshd[467393]: Failed password for root from 77.90.185.20 port 29010 ssh2
2026-09-13T06:07:35.223049+02:00 vmi3427693 sshd[467393]: Connection closed by authenticating user root 77.90.185.20 port 29010 [preauth]
2026-09-13T06:07:38.527995+02:00 vmi3427693 sshd[467678]: pam_unix(sshd:auth): authentication failure; logname= uid=0 euid=0 tty=ssh ruser= rhost=46.8.31.84 user=root
2026-09-13T06:07:40.175751+02:00 vmi3427693 sshd[467678]: Failed password for root from 46.8.31.84 port 35416 ssh2
2026-09-13T06:07:40.869197+02:00 vmi3427693 sshd[467678]: Connection closed by authenticating user root 46.8.31.84 port 35416 [preauth]
2026-09-13T06:07:43.828815+02:00 vmi3427693 sshd[467642]: pam_unix(sshd:auth): authentication failure; logname= uid=0 euid=0 tty=ssh ruser= rhost=77.90.185.20 user=root
2026-09-13T06:07:45.828072+02:00 vmi3427693 sshd[467642]: Failed password for root from 77.90.185.20 port 33636 ssh2
2026-09-13T06:07:47.700997+02:00 vmi3427693 sshd[467642]: Connection closed by authenticating user root 77.90.185.20 port 33636 [preauth]
2026-09-13T06:07:54.904549+02:00 vmi3427693 sshd[467762]: Invalid user michael from 77.90.185.20 port 47736
2026-09-13T06:07:56.671818+02:00 vmi3427693 sshd[467762]: pam_unix(sshd:auth): check pass; user unknown
2026-09-13T06:07:56.672084+02:00 vmi3427693 sshd[467762]: pam_unix(sshd:auth): authentication failure; logname= uid=0 euid=0 tty=ssh ruser= rhost=77.90.185.20
2026-09-13T06:07:58.456267+02:00 vmi3427693 sshd[467762]: Failed password for invalid user michael from 77.90.185.20 port 47736 ssh2
2026-09-13T06:08:01.114181+02:00 vmi3427693 sshd[467762]: Connection closed by invalid user michael 77.90.185.20 port 47736 [preauth]
2026-09-13T06:08:01.738759+02:00 vmi3427693 CRON[467875]: pam_unix(cron:session): session opened for user root(uid=0) by root(uid=0)
2026-09-13T06:08:01.865937+02:00 vmi3427693 CRON[467875]: pam_unix(cron:session): session closed for user root
2026-09-13T06:08:10.280862+02:00 vmi3427693 sshd[467870]: pam_unix(sshd:auth): authentication failure; logname= uid=0 euid=0 tty=ssh ruser= rhost=77.90.185.20 user=root
2026-09-13T06:08:12.666124+02:00 vmi3427693 sshd[467870]: Failed password for root from 77.90.185.20 port 48440 ssh2
2026-09-13T06:08:16.556029+02:00 vmi3427693 sshd[467870]: Connection closed by authenticating user root 77.90.185.20 port 48440 [preauth]
2026-09-13T06:08:23.456412+02:00 vmi3427693 sshd[468070]: Invalid user k from 77.90.185.20 port 25040
2026-09-13T06:08:24.914288+02:00 vmi3427693 sshd[468070]: pam_unix(sshd:auth): check pass; user unknown
2026-09-13T06:08:24.914648+02:00 vmi3427693 sshd[468070]: pam_unix(sshd:auth): authentication failure; logname= uid=0 euid=0 tty=ssh ruser= rhost=77.90.185.20
2026-09-13T06:08:26.541759+02:00 vmi3427693 sshd[468070]: Failed password for invalid user k from 77.90.185.20 port 25040 ssh2
2026-09-13T06:08:29.067362+02:00 vmi3427693 sshd[468070]: Connection closed by invalid user k 77.90.185.20 port 25040 [preauth]
2026-09-13T06:08:37.435091+02:00 vmi3427693 sshd[468233]: pam_unix(sshd:auth): authentication failure; logname= uid=0 euid=0 tty=ssh ruser= rhost=77.90.185.20 user=root
2026-09-13T06:08:39.514030+02:00 vmi3427693 sshd[468233]: Failed password for root from 77.90.185.20 port 33058 ssh2
2026-09-13T06:08:41.580859+02:00 vmi3427693 sshd[468233]: Connection closed by authenticating user root 77.90.185.20 port 33058 [preauth]
2026-09-13T06:08:42.109235+02:00 vmi3427693 sshd[468357]: pam_unix(sshd:auth): authentication failure; logname= uid=0 euid=0 tty=ssh ruser= rhost=46.8.31.84 user=root
2026-09-13T06:08:43.737686+02:00 vmi3427693 sshd[468357]: Failed password for root from 46.8.31.84 port 33892 ssh2
2026-09-13T06:08:44.413685+02:00 vmi3427693 sshd[468357]: Connection closed by authenticating user root 46.8.31.84 port 33892 [preauth]
2026-09-13T06:08:50.307084+02:00 vmi3427693 sshd[468364]: pam_unix(sshd:auth): authentication failure; logname= uid=0 euid=0 tty=ssh ruser= rhost=77.90.185.20 user=root
2026-09-13T06:08:52.170732+02:00 vmi3427693 sshd[468364]: Failed password for root from 77.90.185.20 port 64592 ssh2
2026-09-13T06:08:54.157085+02:00 vmi3427693 sshd[468364]: Connection closed by authenticating user root 77.90.185.20 port 64592 [preauth]
2026-09-13T06:09:00.779842+02:00 vmi3427693 sshd[468761]: pam_unix(sshd:auth): authentication failure; logname= uid=0 euid=0 tty=ssh ruser= rhost=45.148.10.240 user=root
2026-09-13T06:09:01.890349+02:00 vmi3427693 CRON[468774]: pam_unix(cron:session): session opened for user root(uid=0) by root(uid=0)
2026-09-13T06:09:02.048297+02:00 vmi3427693 CRON[468774]: pam_unix(cron:session): session closed for user root
2026-09-13T06:09:02.689441+02:00 vmi3427693 sshd[468761]: Failed password for root from 45.148.10.240 port 42668 ssh2
2026-09-13T06:09:03.018603+02:00 vmi3427693 sshd[468761]: Connection closed by authenticating user root 45.148.10.240 port 42668 [preauth]
2026-09-13T06:09:03.269179+02:00 vmi3427693 sshd[468689]: pam_unix(sshd:auth): authentication failure; logname= uid=0 euid=0 tty=ssh ruser= rhost=77.90.185.20 user=root
2026-09-13T06:09:04.921097+02:00 vmi3427693 sshd[468689]: Failed password for root from 77.90.185.20 port 11388 ssh2
2026-09-13T06:09:07.115465+02:00 vmi3427693 sshd[468689]: Connection closed by authenticating user root 77.90.185.20 port 11388 [preauth]
2026-09-13T06:09:14.011357+02:00 vmi3427693 sshd[468828]: Invalid user matrix from 77.90.185.20 port 58318
2026-09-13T06:09:16.126799+02:00 vmi3427693 sshd[468828]: pam_unix(sshd:auth): check pass; user unknown
2026-09-13T06:09:16.127678+02:00 vmi3427693 sshd[468828]: pam_unix(sshd:auth): authentication failure; logname= uid=0 euid=0 tty=ssh ruser= rhost=77.90.185.20
2026-09-13T06:09:18.566177+02:00 vmi3427693 sshd[468828]: Failed password for invalid user matrix from 77.90.185.20 port 58318 ssh2
2026-09-13T06:09:22.555406+02:00 vmi3427693 sshd[468828]: Connection closed by invalid user matrix 77.90.185.20 port 58318 [preauth]
2026-09-13T06:09:29.361355+02:00 vmi3427693 sshd[468956]: Invalid user jack from 77.90.185.20 port 61648
2026-09-13T06:09:30.203472+02:00 vmi3427693 sshd[469049]: pam_unix(sshd:auth): authentication failure; logname= uid=0 euid=0 tty=ssh ruser= rhost=2.57.122.168 user=root
2026-09-13T06:09:30.818053+02:00 vmi3427693 sshd[468956]: pam_unix(sshd:auth): check pass; user unknown
2026-09-13T06:09:30.818204+02:00 vmi3427693 sshd[468956]: pam_unix(sshd:auth): authentication failure; logname= uid=0 euid=0 tty=ssh ruser= rhost=77.90.185.20
2026-09-13T06:09:31.892231+02:00 vmi3427693 sshd[469049]: Failed password for root from 2.57.122.168 port 56228 ssh2
2026-09-13T06:09:32.505513+02:00 vmi3427693 sshd[468956]: Failed password for invalid user jack from 77.90.185.20 port 61648 ssh2
2026-09-13T06:09:32.648932+02:00 vmi3427693 sshd[469049]: Connection closed by authenticating user root 2.57.122.168 port 56228 [preauth]
2026-09-13T06:09:35.808054+02:00 vmi3427693 sshd[468956]: Connection closed by invalid user jack 77.90.185.20 port 61648 [preauth]
2026-09-13T06:09:42.663260+02:00 vmi3427693 sshd[469171]: pam_unix(sshd:auth): authentication failure; logname= uid=0 euid=0 tty=ssh ruser= rhost=77.90.185.20 user=root
2026-09-13T06:09:44.667376+02:00 vmi3427693 sshd[469171]: Failed password for root from 77.90.185.20 port 3450 ssh2
2026-09-13T06:09:46.454234+02:00 vmi3427693 sshd[469171]: Connection closed by authenticating user root 77.90.185.20 port 3450 [preauth]
2026-09-13T06:09:47.360142+02:00 vmi3427693 sshd[469239]: Connection reset by 147.185.132.114 port 63264 [preauth]
2026-09-13T06:09:47.473215+02:00 vmi3427693 sshd[469275]: pam_unix(sshd:auth): authentication failure; logname= uid=0 euid=0 tty=ssh ruser= rhost=46.8.31.84 user=root
2026-09-13T06:09:49.828583+02:00 vmi3427693 sshd[469275]: Failed password for root from 46.8.31.84 port 55116 ssh2
2026-09-13T06:09:52.207725+02:00 vmi3427693 sshd[469275]: Connection closed by authenticating user root 46.8.31.84 port 55116 [preauth]
2026-09-13T06:09:54.869146+02:00 vmi3427693 sshd[469273]: pam_unix(sshd:auth): authentication failure; logname= uid=0 euid=0 tty=ssh ruser= rhost=77.90.185.20 user=root
2026-09-13T06:09:56.852914+02:00 vmi3427693 sshd[469273]: Failed password for root from 77.90.185.20 port 33994 ssh2
2026-09-13T06:09:58.522947+02:00 vmi3427693 sshd[469273]: Connection closed by authenticating user root 77.90.185.20 port 33994 [preauth]
2026-09-13T06:10:01.562161+02:00 vmi3427693 CRON[469440]: pam_unix(cron:session): session opened for user root(uid=0) by root(uid=0)
2026-09-13T06:10:01.570108+02:00 vmi3427693 CRON[469441]: pam_unix(cron:session): session opened for user root(uid=0) by root(uid=0)
2026-09-13T06:10:01.635103+02:00 vmi3427693 CRON[469441]: pam_unix(cron:session): session closed for user root
2026-09-13T06:10:05.209199+02:00 vmi3427693 sshd[469418]: Invalid user guest from 77.90.185.20 port 55890
2026-09-13T06:10:06.143545+02:00 vmi3427693 CRON[469440]: pam_unix(cron:session): session closed for user root
2026-09-13T06:10:06.755816+02:00 vmi3427693 sshd[469418]: pam_unix(sshd:auth): check pass; user unknown
2026-09-13T06:10:06.756014+02:00 vmi3427693 sshd[469418]: pam_unix(sshd:auth): authentication failure; logname= uid=0 euid=0 tty=ssh ruser= rhost=77.90.185.20
2026-09-13T06:10:07.450354+02:00 vmi3427693 sshd[469611]: pam_unix(sshd:auth): authentication failure; logname= uid=0 euid=0 tty=ssh ruser= rhost=62.60.130.201 user=root
2026-09-13T06:10:08.719720+02:00 vmi3427693 sshd[469418]: Failed password for invalid user guest from 77.90.185.20 port 55890 ssh2
2026-09-13T06:10:09.218303+02:00 vmi3427693 sshd[469611]: Failed password for root from 62.60.130.201 port 49200 ssh2
2026-09-13T06:10:10.629486+02:00 vmi3427693 sshd[469418]: Connection closed by invalid user guest 77.90.185.20 port 55890 [preauth]
2026-09-13T06:10:12.168280+02:00 vmi3427693 sshd[469611]: Failed password for root from 62.60.130.201 port 49200 ssh2
2026-09-13T06:10:14.037514+02:00 vmi3427693 sshd[469657]: Invalid user ftpuser from 193.46.255.86 port 21204
2026-09-13T06:10:14.126845+02:00 vmi3427693 sshd[469657]: pam_unix(sshd:auth): check pass; user unknown
2026-09-13T06:10:14.127096+02:00 vmi3427693 sshd[469657]: pam_unix(sshd:auth): authentication failure; logname= uid=0 euid=0 tty=ssh ruser= rhost=193.46.255.86
2026-09-13T06:10:16.189379+02:00 vmi3427693 sshd[469657]: Failed password for invalid user ftpuser from 193.46.255.86 port 21204 ssh2
2026-09-13T06:10:16.547972+02:00 vmi3427693 sshd[469611]: Failed password for root from 62.60.130.201 port 49200 ssh2
2026-09-13T06:10:17.349614+02:00 vmi3427693 sshd[469657]: pam_unix(sshd:auth): check pass; user unknown
2026-09-13T06:10:18.766374+02:00 vmi3427693 sshd[469611]: Failed password for root from 62.60.130.201 port 49200 ssh2
2026-09-13T06:10:18.868102+02:00 vmi3427693 sshd[469641]: pam_unix(sshd:auth): authentication failure; logname= uid=0 euid=0 tty=ssh ruser= rhost=77.90.185.20 user=root
2026-09-13T06:10:19.825202+02:00 vmi3427693 sshd[469657]: Failed password for invalid user ftpuser from 193.46.255.86 port 21204 ssh2
2026-09-13T06:10:20.597924+02:00 vmi3427693 sshd[469657]: pam_unix(sshd:auth): check pass; user unknown
2026-09-13T06:10:20.812405+02:00 vmi3427693 sshd[469641]: Failed password for root from 77.90.185.20 port 32706 ssh2
2026-09-13T06:10:20.991007+02:00 vmi3427693 sshd[469611]: Failed password for root from 62.60.130.201 port 49200 ssh2
2026-09-13T06:10:21.287420+02:00 vmi3427693 sshd[469611]: Connection reset by authenticating user root 62.60.130.201 port 49200 [preauth]
2026-09-13T06:10:21.292408+02:00 vmi3427693 sshd[469611]: PAM 4 more authentication failures; logname= uid=0 euid=0 tty=ssh ruser= rhost=62.60.130.201 user=root
2026-09-13T06:10:21.292911+02:00 vmi3427693 sshd[469611]: PAM service(sshd) ignoring max retries; 5 > 3
2026-09-13T06:10:22.832838+02:00 vmi3427693 sshd[469657]: Failed password for invalid user ftpuser from 193.46.255.86 port 21204 ssh2
2026-09-13T06:10:23.054356+02:00 vmi3427693 sshd[469641]: Connection closed by authenticating user root 77.90.185.20 port 32706 [preauth]
2026-09-13T06:10:23.772062+02:00 vmi3427693 sshd[469657]: Connection closed by invalid user ftpuser 193.46.255.86 port 21204 [preauth]
2026-09-13T06:10:23.773072+02:00 vmi3427693 sshd[469657]: PAM 2 more authentication failures; logname= uid=0 euid=0 tty=ssh ruser= rhost=193.46.255.86
2026-09-13T06:10:29.766561+02:00 vmi3427693 sshd[469734]: Invalid user vpn from 77.90.185.20 port 6938
2026-09-13T06:10:31.216012+02:00 vmi3427693 sshd[469734]: pam_unix(sshd:auth): check pass; user unknown
2026-09-13T06:10:31.216447+02:00 vmi3427693 sshd[469734]: pam_unix(sshd:auth): authentication failure; logname= uid=0 euid=0 tty=ssh ruser= rhost=77.90.185.20
2026-09-13T06:10:32.944433+02:00 vmi3427693 sshd[469734]: Failed password for invalid user vpn from 77.90.185.20 port 6938 ssh2
2026-09-13T06:10:35.156714+02:00 vmi3427693 sshd[469734]: Connection closed by invalid user vpn 77.90.185.20 port 6938 [preauth]
2026-09-13T06:10:41.912149+02:00 vmi3427693 sshd[469864]: Invalid user matt from 77.90.185.20 port 14376
2026-09-13T06:10:43.768808+02:00 vmi3427693 sshd[469864]: pam_unix(sshd:auth): check pass; user unknown
2026-09-13T06:10:43.769367+02:00 vmi3427693 sshd[469864]: pam_unix(sshd:auth): authentication failure; logname= uid=0 euid=0 tty=ssh ruser= rhost=77.90.185.20
2026-09-13T06:10:45.480551+02:00 vmi3427693 sshd[469864]: Failed password for invalid user matt from 77.90.185.20 port 14376 ssh2
2026-09-13T06:10:48.459109+02:00 vmi3427693 sshd[470021]: Invalid user user from 45.148.10.240 port 49298
2026-09-13T06:10:48.475218+02:00 vmi3427693 sshd[470021]: pam_unix(sshd:auth): check pass; user unknown
2026-09-13T06:10:48.476551+02:00 vmi3427693 sshd[470021]: pam_unix(sshd:auth): authentication failure; logname= uid=0 euid=0 tty=ssh ruser= rhost=45.148.10.240
2026-09-13T06:10:48.800654+02:00 vmi3427693 sshd[469864]: Connection closed by invalid user matt 77.90.185.20 port 14376 [preauth]
2026-09-13T06:10:50.539186+02:00 vmi3427693 sshd[470021]: Failed password for invalid user user from 45.148.10.240 port 49298 ssh2
2026-09-13T06:10:50.605114+02:00 vmi3427693 sshd[470021]: Connection closed by invalid user user 45.148.10.240 port 49298 [preauth]
2026-09-13T06:10:55.610694+02:00 vmi3427693 sshd[470029]: Invalid user oracle from 77.90.185.20 port 5554
2026-09-13T06:10:56.183682+02:00 vmi3427693 sshd[470139]: pam_unix(sshd:auth): authentication failure; logname= uid=0 euid=0 tty=ssh ruser= rhost=46.8.31.84 user=root
2026-09-13T06:10:57.266349+02:00 vmi3427693 sshd[470029]: pam_unix(sshd:auth): check pass; user unknown
2026-09-13T06:10:57.268100+02:00 vmi3427693 sshd[470029]: pam_unix(sshd:auth): authentication failure; logname= uid=0 euid=0 tty=ssh ruser= rhost=77.90.185.20
2026-09-13T06:10:58.679106+02:00 vmi3427693 sshd[470139]: Failed password for root from 46.8.31.84 port 56478 ssh2
2026-09-13T06:10:59.566613+02:00 vmi3427693 sshd[470029]: Failed password for invalid user oracle from 77.90.185.20 port 5554 ssh2
2026-09-13T06:11:00.857011+02:00 vmi3427693 sshd[470139]: Connection closed by authenticating user root 46.8.31.84 port 56478 [preauth]
2026-09-13T06:11:01.156118+02:00 vmi3427693 CRON[470209]: pam_unix(cron:session): session opened for user root(uid=0) by root(uid=0)
2026-09-13T06:11:01.228308+02:00 vmi3427693 CRON[470209]: pam_unix(cron:session): session closed for user root
2026-09-13T06:11:03.799437+02:00 vmi3427693 sshd[470029]: Connection closed by invalid user oracle 77.90.185.20 port 5554 [preauth]
2026-09-13T06:11:10.443813+02:00 vmi3427693 sshd[470268]: Invalid user test1 from 77.90.185.20 port 62572
2026-09-13T06:11:11.916240+02:00 vmi3427693 sshd[470268]: pam_unix(sshd:auth): check pass; user unknown
2026-09-13T06:11:11.916477+02:00 vmi3427693 sshd[470268]: pam_unix(sshd:auth): authentication failure; logname= uid=0 euid=0 tty=ssh ruser= rhost=77.90.185.20
2026-09-13T06:11:14.473484+02:00 vmi3427693 sshd[470268]: Failed password for invalid user test1 from 77.90.185.20 port 62572 ssh2
2026-09-13T06:11:17.470610+02:00 vmi3427693 sshd[470268]: Connection closed by invalid user test1 77.90.185.20 port 62572 [preauth]
2026-09-13T06:11:25.711134+02:00 vmi3427693 sshd[470398]: pam_unix(sshd:auth): authentication failure; logname= uid=0 euid=0 tty=ssh ruser= rhost=77.90.185.20 user=root
2026-09-13T06:11:27.519200+02:00 vmi3427693 sshd[470398]: Failed password for root from 77.90.185.20 port 1590 ssh2
2026-09-13T06:11:29.888856+02:00 vmi3427693 sshd[470398]: Connection closed by authenticating user root 77.90.185.20 port 1590 [preauth]
2026-09-13T06:11:36.573749+02:00 vmi3427693 sshd[470497]: Invalid user test from 77.90.185.20 port 34520
2026-09-13T06:11:38.117980+02:00 vmi3427693 sshd[470497]: pam_unix(sshd:auth): check pass; user unknown
2026-09-13T06:11:38.118162+02:00 vmi3427693 sshd[470497]: pam_unix(sshd:auth): authentication failure; logname= uid=0 euid=0 tty=ssh ruser= rhost=77.90.185.20
2026-09-13T06:11:40.371452+02:00 vmi3427693 sshd[470497]: Failed password for invalid user test from 77.90.185.20 port 34520 ssh2
2026-09-13T06:11:43.649990+02:00 vmi3427693 sshd[470497]: Connection closed by invalid user test 77.90.185.20 port 34520 [preauth]
2026-09-13T06:11:50.437551+02:00 vmi3427693 sshd[470681]: Invalid user dev from 77.90.185.20 port 37124
2026-09-13T06:11:51.937060+02:00 vmi3427693 sshd[470681]: pam_unix(sshd:auth): check pass; user unknown
2026-09-13T06:11:51.937443+02:00 vmi3427693 sshd[470681]: pam_unix(sshd:auth): authentication failure; logname= uid=0 euid=0 tty=ssh ruser= rhost=77.90.185.20
2026-09-13T06:11:53.679152+02:00 vmi3427693 sshd[470681]: Failed password for invalid user dev from 77.90.185.20 port 37124 ssh2
2026-09-13T06:11:55.839582+02:00 vmi3427693 sshd[470681]: Connection closed by invalid user dev 77.90.185.20 port 37124 [preauth]
2026-09-13T06:12:01.246003+02:00 vmi3427693 CRON[470935]: pam_unix(cron:session): session opened for user root(uid=0) by root(uid=0)
2026-09-13T06:12:01.316863+02:00 vmi3427693 CRON[470935]: pam_unix(cron:session): session closed for user root
2026-09-13T06:12:04.645104+02:00 vmi3427693 sshd[470874]: pam_unix(sshd:auth): authentication failure; logname= uid=0 euid=0 tty=ssh ruser= rhost=77.90.185.20 user=root
2026-09-13T06:12:06.320872+02:00 vmi3427693 sshd[470977]: pam_unix(sshd:auth): authentication failure; logname= uid=0 euid=0 tty=ssh ruser= rhost=46.8.31.84 user=root
2026-09-13T06:12:06.827025+02:00 vmi3427693 sshd[470874]: Failed password for root from 77.90.185.20 port 29198 ssh2
2026-09-13T06:12:08.427592+02:00 vmi3427693 sshd[470977]: Failed password for root from 46.8.31.84 port 47570 ssh2
2026-09-13T06:12:08.543177+02:00 vmi3427693 sshd[470874]: Connection closed by authenticating user root 77.90.185.20 port 29198 [preauth]
2026-09-13T06:12:08.612990+02:00 vmi3427693 sshd[470977]: Connection closed by authenticating user root 46.8.31.84 port 47570 [preauth]
2026-09-13T06:12:17.342393+02:00 vmi3427693 sshd[471017]: pam_unix(sshd:auth): authentication failure; logname= uid=0 euid=0 tty=ssh ruser= rhost=77.90.185.20 user=root
2026-09-13T06:12:19.957251+02:00 vmi3427693 sshd[471017]: Failed password for root from 77.90.185.20 port 62212 ssh2
2026-09-13T06:12:23.984012+02:00 vmi3427693 sshd[471017]: Connection closed by authenticating user root 77.90.185.20 port 62212 [preauth]
2026-09-13T06:12:32.122670+02:00 vmi3427693 sshd[471202]: pam_unix(sshd:auth): authentication failure; logname= uid=0 euid=0 tty=ssh ruser= rhost=77.90.185.20 user=root
2026-09-13T06:12:34.458426+02:00 vmi3427693 sshd[471202]: Failed password for root from 77.90.185.20 port 31718 ssh2
2026-09-13T06:12:37.365922+02:00 vmi3427693 sshd[471356]: Invalid user user from 45.148.10.240 port 60060
2026-09-13T06:12:37.379317+02:00 vmi3427693 sshd[471356]: pam_unix(sshd:auth): check pass; user unknown
2026-09-13T06:12:37.379635+02:00 vmi3427693 sshd[471356]: pam_unix(sshd:auth): authentication failure; logname= uid=0 euid=0 tty=ssh ruser= rhost=45.148.10.240
2026-09-13T06:12:38.145035+02:00 vmi3427693 sshd[471202]: Connection closed by authenticating user root 77.90.185.20 port 31718 [preauth]
2026-09-13T06:12:38.742294+02:00 vmi3427693 sshd[471356]: Failed password for invalid user user from 45.148.10.240 port 60060 ssh2
2026-09-13T06:12:39.506163+02:00 vmi3427693 sshd[471356]: Connection closed by invalid user user 45.148.10.240 port 60060 [preauth]
2026-09-13T06:12:44.778838+02:00 vmi3427693 sshd[471367]: Invalid user administrator from 77.90.185.20 port 18594
2026-09-13T06:12:46.415616+02:00 vmi3427693 sshd[471367]: pam_unix(sshd:auth): check pass; user unknown
2026-09-13T06:12:46.415972+02:00 vmi3427693 sshd[471367]: pam_unix(sshd:auth): authentication failure; logname= uid=0 euid=0 tty=ssh ruser= rhost=77.90.185.20
2026-09-13T06:12:48.683658+02:00 vmi3427693 sshd[471367]: Failed password for invalid user administrator from 77.90.185.20 port 18594 ssh2
2026-09-13T06:12:51.382113+02:00 vmi3427693 sshd[471367]: Connection closed by invalid user administrator 77.90.185.20 port 18594 [preauth]
2026-09-13T06:12:59.886373+02:00 vmi3427693 sshd[471515]: pam_unix(sshd:auth): authentication failure; logname= uid=0 euid=0 tty=ssh ruser= rhost=77.90.185.20 user=root
2026-09-13T06:13:01.332625+02:00 vmi3427693 CRON[471745]: pam_unix(cron:session): session opened for user root(uid=0) by root(uid=0)
2026-09-13T06:13:01.407776+02:00 vmi3427693 CRON[471745]: pam_unix(cron:session): session closed for user root
2026-09-13T06:13:01.934499+02:00 vmi3427693 sshd[471515]: Failed password for root from 77.90.185.20 port 62536 ssh2
2026-09-13T06:13:04.057884+02:00 vmi3427693 sshd[471515]: Connection closed by authenticating user root 77.90.185.20 port 62536 [preauth]
2026-09-13T06:13:12.348425+02:00 vmi3427693 sshd[471785]: pam_unix(sshd:auth): authentication failure; logname= uid=0 euid=0 tty=ssh ruser= rhost=77.90.185.20 user=root
2026-09-13T06:13:13.847030+02:00 vmi3427693 sshd[471785]: Failed password for root from 77.90.185.20 port 28726 ssh2
2026-09-13T06:13:14.054185+02:00 vmi3427693 sshd[471882]: pam_unix(sshd:auth): authentication failure; logname= uid=0 euid=0 tty=ssh ruser= rhost=46.8.31.84 user=root
2026-09-13T06:13:15.355647+02:00 vmi3427693 sshd[471882]: Failed password for root from 46.8.31.84 port 46674 ssh2
2026-09-13T06:13:16.124220+02:00 vmi3427693 sshd[471907]: Connection closed by 14.225.23.94 port 25021
2026-09-13T06:13:16.489041+02:00 vmi3427693 sshd[471882]: Connection closed by authenticating user root 46.8.31.84 port 46674 [preauth]
2026-09-13T06:13:16.716010+02:00 vmi3427693 sshd[471785]: Connection closed by authenticating user root 77.90.185.20 port 28726 [preauth]
2026-09-13T06:13:17.969455+02:00 vmi3427693 sshd[471917]: pam_unix(sshd:auth): authentication failure; logname= uid=0 euid=0 tty=ssh ruser= rhost=14.225.23.94 user=root
2026-09-13T06:13:20.820826+02:00 vmi3427693 sshd[471917]: Failed password for root from 14.225.23.94 port 26085 ssh2
2026-09-13T06:13:22.745946+02:00 vmi3427693 sshd[471917]: Connection closed by authenticating user root 14.225.23.94 port 26085 [preauth]
2026-09-13T06:13:23.791257+02:00 vmi3427693 sshd[471922]: Invalid user support from 77.90.185.20 port 5174
2026-09-13T06:13:25.153964+02:00 vmi3427693 sshd[471922]: pam_unix(sshd:auth): check pass; user unknown
2026-09-13T06:13:25.154313+02:00 vmi3427693 sshd[471922]: pam_unix(sshd:auth): authentication failure; logname= uid=0 euid=0 tty=ssh ruser= rhost=77.90.185.20
2026-09-13T06:13:26.437579+02:00 vmi3427693 sshd[471922]: Failed password for invalid user support from 77.90.185.20 port 5174 ssh2
2026-09-13T06:13:28.761590+02:00 vmi3427693 sshd[471922]: Connection closed by invalid user support 77.90.185.20 port 5174 [preauth]
2026-09-13T06:13:34.110187+02:00 vmi3427693 sshd[472095]: pam_unix(sshd:auth): authentication failure; logname= uid=0 euid=0 tty=ssh ruser= rhost=2.57.122.168 user=root
2026-09-13T06:13:35.963322+02:00 vmi3427693 sshd[472095]: Failed password for root from 2.57.122.168 port 59172 ssh2
2026-09-13T06:13:36.733481+02:00 vmi3427693 sshd[472095]: Connection closed by authenticating user root 2.57.122.168 port 59172 [preauth]
2026-09-13T06:13:37.857314+02:00 vmi3427693 sshd[472063]: pam_unix(sshd:auth): authentication failure; logname= uid=0 euid=0 tty=ssh ruser= rhost=77.90.185.20 user=root
2026-09-13T06:13:39.455423+02:00 vmi3427693 sshd[472063]: Failed password for root from 77.90.185.20 port 35340 ssh2
2026-09-13T06:13:41.858655+02:00 vmi3427693 sshd[472063]: Connection closed by authenticating user root 77.90.185.20 port 35340 [preauth]
2026-09-13T06:13:50.705616+02:00 vmi3427693 sshd[472206]: pam_unix(sshd:auth): authentication failure; logname= uid=0 euid=0 tty=ssh ruser= rhost=77.90.185.20 user=root
2026-09-13T06:13:53.085716+02:00 vmi3427693 sshd[472206]: Failed password for root from 77.90.185.20 port 47634 ssh2
2026-09-13T06:13:57.134026+02:00 vmi3427693 sshd[472206]: Connection closed by authenticating user root 77.90.185.20 port 47634 [preauth]
2026-09-13T06:14:00.883015+02:00 vmi3427693 sshd[472425]: pam_unix(sshd:auth): authentication failure; logname= uid=0 euid=0 tty=ssh ruser= rhost=193.24.211.218 user=root
2026-09-13T06:14:01.419790+02:00 vmi3427693 CRON[472436]: pam_unix(cron:session): session opened for user root(uid=0) by root(uid=0)
2026-09-13T06:14:01.514008+02:00 vmi3427693 CRON[472436]: pam_unix(cron:session): session closed for user root
2026-09-13T06:14:02.635490+02:00 vmi3427693 sshd[472425]: Failed password for root from 193.24.211.218 port 59736 ssh2
2026-09-13T06:14:03.080218+02:00 vmi3427693 sshd[472425]: Received disconnect from 193.24.211.218 port 59736:11: Client disconnecting normally [preauth]
2026-09-13T06:14:03.080634+02:00 vmi3427693 sshd[472425]: Disconnected from authenticating user root 193.24.211.218 port 59736 [preauth]
2026-09-13T06:14:05.653004+02:00 vmi3427693 sshd[472394]: pam_unix(sshd:auth): authentication failure; logname= uid=0 euid=0 tty=ssh ruser= rhost=77.90.185.20 user=root
2026-09-13T06:14:07.761351+02:00 vmi3427693 sshd[472394]: Failed password for root from 77.90.185.20 port 32896 ssh2
2026-09-13T06:14:09.838183+02:00 vmi3427693 sshd[472394]: Connection closed by authenticating user root 77.90.185.20 port 32896 [preauth]
2026-09-13T06:14:20.501668+02:00 vmi3427693 sshd[472598]: pam_unix(sshd:auth): authentication failure; logname= uid=0 euid=0 tty=ssh ruser= rhost=46.8.31.84 user=root
2026-09-13T06:14:21.258008+02:00 vmi3427693 sshd[472607]: Invalid user miner from 45.148.10.240 port 56832
2026-09-13T06:14:21.270568+02:00 vmi3427693 sshd[472607]: pam_unix(sshd:auth): check pass; user unknown
2026-09-13T06:14:21.270838+02:00 vmi3427693 sshd[472607]: pam_unix(sshd:auth): authentication failure; logname= uid=0 euid=0 tty=ssh ruser= rhost=45.148.10.240
2026-09-13T06:14:22.333506+02:00 vmi3427693 sshd[472598]: Failed password for root from 46.8.31.84 port 58660 ssh2
2026-09-13T06:14:22.907338+02:00 vmi3427693 sshd[472607]: Failed password for invalid user miner from 45.148.10.240 port 56832 ssh2
2026-09-13T06:14:22.936807+02:00 vmi3427693 sshd[472598]: Connection closed by authenticating user root 46.8.31.84 port 58660 [preauth]
2026-09-13T06:14:24.047555+02:00 vmi3427693 sshd[472607]: Connection closed by invalid user miner 45.148.10.240 port 56832 [preauth]
2026-09-13T06:14:28.860220+02:00 vmi3427693 sshd[472694]: Connection closed by 178.128.238.243 port 55578
2026-09-13T06:14:29.478920+02:00 vmi3427693 sshd[472697]: Invalid user linchunli from 178.128.238.243 port 55580
2026-09-13T06:14:29.619648+02:00 vmi3427693 sshd[472697]: pam_unix(sshd:auth): check pass; user unknown
2026-09-13T06:14:29.619998+02:00 vmi3427693 sshd[472697]: pam_unix(sshd:auth): authentication failure; logname= uid=0 euid=0 tty=ssh ruser= rhost=178.128.238.243
2026-09-13T06:14:31.688279+02:00 vmi3427693 sshd[472697]: Failed password for invalid user linchunli from 178.128.238.243 port 55580 ssh2
2026-09-13T06:14:33.086808+02:00 vmi3427693 sshd[472697]: Connection closed by invalid user linchunli 178.128.238.243 port 55580 [preauth]
2026-09-13T06:15:01.589056+02:00 vmi3427693 CRON[473186]: pam_unix(cron:session): session opened for user root(uid=0) by root(uid=0)
2026-09-13T06:15:01.619243+02:00 vmi3427693 CRON[473187]: pam_unix(cron:session): session opened for user root(uid=0) by root(uid=0)
2026-09-13T06:15:01.620281+02:00 vmi3427693 CRON[473188]: pam_unix(cron:session): session opened for user root(uid=0) by root(uid=0)
2026-09-13T06:15:01.641788+02:00 vmi3427693 CRON[473186]: pam_unix(cron:session): session closed for user root
2026-09-13T06:15:01.673347+02:00 vmi3427693 CRON[473187]: pam_unix(cron:session): session closed for user root
2026-09-13T06:15:01.702789+02:00 vmi3427693 CRON[473188]: pam_unix(cron:session): session closed for user root
2026-09-13T06:15:08.985109+02:00 vmi3427693 sshd[473275]: pam_unix(sshd:auth): authentication failure; logname= uid=0 euid=0 tty=ssh ruser= rhost=45.148.10.157 user=root
2026-09-13T06:15:10.436754+02:00 vmi3427693 sshd[473275]: Failed password for root from 45.148.10.157 port 23738 ssh2
2026-09-13T06:15:13.447271+02:00 vmi3427693 sshd[473275]: Failed password for root from 45.148.10.157 port 23738 ssh2
2026-09-13T06:15:15.681765+02:00 vmi3427693 sshd[473275]: Failed password for root from 45.148.10.157 port 23738 ssh2
2026-09-13T06:15:17.571635+02:00 vmi3427693 sshd[473275]: Failed password for root from 45.148.10.157 port 23738 ssh2
2026-09-13T06:15:19.633669+02:00 vmi3427693 sshd[473275]: Failed password for root from 45.148.10.157 port 23738 ssh2
2026-09-13T06:15:20.387246+02:00 vmi3427693 sshd[473275]: Connection reset by authenticating user root 45.148.10.157 port 23738 [preauth]
2026-09-13T06:15:20.387586+02:00 vmi3427693 sshd[473275]: PAM 4 more authentication failures; logname= uid=0 euid=0 tty=ssh ruser= rhost=45.148.10.157 user=root
2026-09-13T06:15:20.387791+02:00 vmi3427693 sshd[473275]: PAM service(sshd) ignoring max retries; 5 > 3
2026-09-13T06:15:25.241952+02:00 vmi3427693 sshd[473525]: Connection closed by 128.199.189.224 port 50478
2026-09-13T06:15:26.540323+02:00 vmi3427693 sshd[473530]: Invalid user inspur from 128.199.189.224 port 50744
2026-09-13T06:15:26.793735+02:00 vmi3427693 sshd[473530]: pam_unix(sshd:auth): check pass; user unknown
2026-09-13T06:15:26.793986+02:00 vmi3427693 sshd[473530]: pam_unix(sshd:auth): authentication failure; logname= uid=0 euid=0 tty=ssh ruser= rhost=128.199.189.224
2026-09-13T06:15:27.485959+02:00 vmi3427693 sshd[473539]: pam_unix(sshd:auth): authentication failure; logname= uid=0 euid=0 tty=ssh ruser= rhost=46.8.31.84 user=root
2026-09-13T06:15:28.671390+02:00 vmi3427693 sshd[473550]: Invalid user dell from 130.49.213.228 port 51540
2026-09-13T06:15:28.687696+02:00 vmi3427693 sshd[473530]: Failed password for invalid user inspur from 128.199.189.224 port 50744 ssh2
2026-09-13T06:15:28.770134+02:00 vmi3427693 sshd[473550]: pam_unix(sshd:auth): check pass; user unknown
2026-09-13T06:15:28.770413+02:00 vmi3427693 sshd[473550]: pam_unix(sshd:auth): authentication failure; logname= uid=0 euid=0 tty=ssh ruser= rhost=130.49.213.228
2026-09-13T06:15:29.183876+02:00 vmi3427693 sshd[473539]: Failed password for root from 46.8.31.84 port 44974 ssh2
2026-09-13T06:15:29.805948+02:00 vmi3427693 sshd[473530]: Connection closed by invalid user inspur 128.199.189.224 port 50744 [preauth]
2026-09-13T06:15:29.935280+02:00 vmi3427693 sshd[473539]: Connection closed by authenticating user root 46.8.31.84 port 44974 [preauth]
2026-09-13T06:15:30.940284+02:00 vmi3427693 sshd[473550]: Failed password for invalid user dell from 130.49.213.228 port 51540 ssh2
2026-09-13T06:15:32.322417+02:00 vmi3427693 sshd[473550]: Connection closed by invalid user dell 130.49.213.228 port 51540 [preauth]
2026-09-13T06:16:01.719428+02:00 vmi3427693 CRON[473950]: pam_unix(cron:session): session opened for user root(uid=0) by root(uid=0)
2026-09-13T06:16:01.801949+02:00 vmi3427693 CRON[473950]: pam_unix(cron:session): session closed for user root
2026-09-13T06:16:05.490972+02:00 vmi3427693 sshd[473995]: pam_unix(sshd:auth): authentication failure; logname= uid=0 euid=0 tty=ssh ruser= rhost=45.148.10.240 user=root
2026-09-13T06:16:07.739496+02:00 vmi3427693 sshd[473995]: Failed password for root from 45.148.10.240 port 55778 ssh2
2026-09-13T06:16:10.006046+02:00 vmi3427693 sshd[473995]: Connection closed by authenticating user root 45.148.10.240 port 55778 [preauth]
2026-09-13T06:16:33.977197+02:00 vmi3427693 sshd[474298]: pam_unix(sshd:auth): authentication failure; logname= uid=0 euid=0 tty=ssh ruser= rhost=46.8.31.84 user=root
2026-09-13T06:16:35.734818+02:00 vmi3427693 sshd[474298]: Failed password for root from 46.8.31.84 port 51584 ssh2
2026-09-13T06:16:36.423985+02:00 vmi3427693 sshd[474298]: Connection closed by authenticating user root 46.8.31.84 port 51584 [preauth]
2026-09-13T06:17:02.195091+02:00 vmi3427693 CRON[474665]: pam_unix(cron:session): session opened for user root(uid=0) by root(uid=0)
2026-09-13T06:17:02.647818+02:00 vmi3427693 CRON[474664]: pam_unix(cron:session): session opened for user root(uid=0) by root(uid=0)
2026-09-13T06:17:02.676073+02:00 vmi3427693 CRON[474665]: pam_unix(cron:session): session closed for user root
2026-09-13T06:17:25.503395+02:00 vmi3427693 CRON[474664]: pam_unix(cron:session): session closed for user root
2026-09-13T06:17:42.223068+02:00 vmi3427693 sshd[474891]: pam_unix(sshd:auth): authentication failure; logname= uid=0 euid=0 tty=ssh ruser= rhost=2.57.122.168 user=root
2026-09-13T06:17:42.611589+02:00 vmi3427693 sshd[474976]: pam_unix(sshd:auth): authentication failure; logname= uid=0 euid=0 tty=ssh ruser= rhost=46.8.31.84 user=root
2026-09-13T06:17:43.784820+02:00 vmi3427693 sshd[474891]: Failed password for root from 2.57.122.168 port 33812 ssh2
2026-09-13T06:17:44.176501+02:00 vmi3427693 sshd[474976]: Failed password for root from 46.8.31.84 port 36118 ssh2
2026-09-13T06:17:44.985410+02:00 vmi3427693 sshd[474976]: Connection closed by authenticating user root 46.8.31.84 port 36118 [preauth]
2026-09-13T06:17:46.655294+02:00 vmi3427693 sshd[474891]: Connection closed by authenticating user root 2.57.122.168 port 33812 [preauth]
2026-09-13T06:17:53.807604+02:00 vmi3427693 sshd[475096]: Invalid user git from 45.148.10.240 port 39888
2026-09-13T06:17:53.820856+02:00 vmi3427693 sshd[475096]: pam_unix(sshd:auth): check pass; user unknown
2026-09-13T06:17:53.821139+02:00 vmi3427693 sshd[475096]: pam_unix(sshd:auth): authentication failure; logname= uid=0 euid=0 tty=ssh ruser= rhost=45.148.10.240
2026-09-13T06:17:55.895922+02:00 vmi3427693 sshd[475096]: Failed password for invalid user git from 45.148.10.240 port 39888 ssh2
2026-09-13T06:17:56.100676+02:00 vmi3427693 sshd[475096]: Connection closed by invalid user git 45.148.10.240 port 39888 [preauth]
2026-09-13T06:18:01.538849+02:00 vmi3427693 CRON[475208]: pam_unix(cron:session): session opened for user root(uid=0) by root(uid=0)
2026-09-13T06:18:02.272931+02:00 vmi3427693 CRON[475208]: pam_unix(cron:session): session closed for user root
2026-09-13T06:18:50.956946+02:00 vmi3427693 sshd[475797]: pam_unix(sshd:auth): authentication failure; logname= uid=0 euid=0 tty=ssh ruser= rhost=46.8.31.84 user=root
2026-09-13T06:18:52.524020+02:00 vmi3427693 sshd[475797]: Failed password for root from 46.8.31.84 port 39738 ssh2
2026-09-13T06:18:53.322891+02:00 vmi3427693 sshd[475797]: Connection closed by authenticating user root 46.8.31.84 port 39738 [preauth]
2026-09-13T06:19:01.359268+02:00 vmi3427693 CRON[475918]: pam_unix(cron:session): session opened for user root(uid=0) by root(uid=0)
2026-09-13T06:19:01.769674+02:00 vmi3427693 CRON[475918]: pam_unix(cron:session): session closed for user root
2026-09-13T06:19:42.606843+02:00 vmi3427693 sshd[476307]: pam_unix(sshd:auth): authentication failure; logname= uid=0 euid=0 tty=ssh ruser= rhost=45.148.10.240 user=root
2026-09-13T06:19:44.646096+02:00 vmi3427693 sshd[476307]: Failed password for root from 45.148.10.240 port 38894 ssh2
2026-09-13T06:19:44.795290+02:00 vmi3427693 sshd[476307]: Connection closed by authenticating user root 45.148.10.240 port 38894 [preauth]
2026-09-13T06:19:59.235754+02:00 vmi3427693 sshd[476456]: pam_unix(sshd:auth): authentication failure; logname= uid=0 euid=0 tty=ssh ruser= rhost=46.8.31.84 user=root
2026-09-13T06:20:01.274777+02:00 vmi3427693 sshd[476456]: Failed password for root from 46.8.31.84 port 48678 ssh2
2026-09-13T06:20:01.610663+02:00 vmi3427693 sshd[476456]: Connection closed by authenticating user root 46.8.31.84 port 48678 [preauth]
2026-09-13T06:20:02.047463+02:00 vmi3427693 CRON[476491]: pam_unix(cron:session): session opened for user root(uid=0) by root(uid=0)
2026-09-13T06:20:02.104399+02:00 vmi3427693 CRON[476490]: pam_unix(cron:session): session opened for user root(uid=0) by root(uid=0)
2026-09-13T06:20:03.252746+02:00 vmi3427693 CRON[476491]: pam_unix(cron:session): session closed for user root
2026-09-13T06:20:04.899644+02:00 vmi3427693 sshd[476542]: pam_unix(sshd:auth): authentication failure; logname= uid=0 euid=0 tty=ssh ruser= rhost=62.60.130.253 user=root
2026-09-13T06:20:06.951601+02:00 vmi3427693 sshd[476542]: Failed password for root from 62.60.130.253 port 25394 ssh2
2026-09-13T06:20:08.778771+02:00 vmi3427693 sshd[476542]: Failed password for root from 62.60.130.253 port 25394 ssh2
2026-09-13T06:20:10.720906+02:00 vmi3427693 CRON[476490]: pam_unix(cron:session): session closed for user root
2026-09-13T06:20:11.597258+02:00 vmi3427693 sshd[476542]: Failed password for root from 62.60.130.253 port 25394 ssh2
2026-09-13T06:20:13.877486+02:00 vmi3427693 sshd[476542]: Failed password for root from 62.60.130.253 port 25394 ssh2
2026-09-13T06:20:15.936686+02:00 vmi3427693 sshd[476542]: Failed password for root from 62.60.130.253 port 25394 ssh2
2026-09-13T06:20:16.399830+02:00 vmi3427693 sshd[476542]: Connection reset by authenticating user root 62.60.130.253 port 25394 [preauth]
2026-09-13T06:20:16.402748+02:00 vmi3427693 sshd[476542]: PAM 4 more authentication failures; logname= uid=0 euid=0 tty=ssh ruser= rhost=62.60.130.253 user=root
2026-09-13T06:20:16.402930+02:00 vmi3427693 sshd[476542]: PAM service(sshd) ignoring max retries; 5 > 3
2026-09-13T06:20:41.777361+02:00 vmi3427693 dbus-daemon[643]: [system] Failed to activate service 'org.freedesktop.fwupd': timed out (service_start_timeout=25000ms)
2026-09-13T06:21:01.784871+02:00 vmi3427693 CRON[477131]: pam_unix(cron:session): session opened for user root(uid=0) by root(uid=0)
2026-09-13T06:21:01.886553+02:00 vmi3427693 CRON[477131]: pam_unix(cron:session): session closed for user root
2026-09-13T06:21:06.543921+02:00 vmi3427693 sshd[477174]: Invalid user ubuntu from 46.8.31.84 port 35048
2026-09-13T06:21:06.550543+02:00 vmi3427693 sshd[477174]: pam_unix(sshd:auth): check pass; user unknown
2026-09-13T06:21:06.550907+02:00 vmi3427693 sshd[477174]: pam_unix(sshd:auth): authentication failure; logname= uid=0 euid=0 tty=ssh ruser= rhost=46.8.31.84
2026-09-13T06:21:08.455067+02:00 vmi3427693 sshd[477174]: Failed password for invalid user ubuntu from 46.8.31.84 port 35048 ssh2
2026-09-13T06:21:08.671067+02:00 vmi3427693 sshd[477174]: Connection closed by invalid user ubuntu 46.8.31.84 port 35048 [preauth]
2026-09-13T06:21:27.455962+02:00 vmi3427693 sshd[477344]: Invalid user admin from 45.148.10.240 port 51454
2026-09-13T06:21:27.470577+02:00 vmi3427693 sshd[477344]: pam_unix(sshd:auth): check pass; user unknown
2026-09-13T06:21:27.470954+02:00 vmi3427693 sshd[477344]: pam_unix(sshd:auth): authentication failure; logname= uid=0 euid=0 tty=ssh ruser= rhost=45.148.10.240
2026-09-13T06:21:29.606751+02:00 vmi3427693 sshd[477344]: Failed password for invalid user admin from 45.148.10.240 port 51454 ssh2
2026-09-13T06:21:30.179784+02:00 vmi3427693 sshd[477344]: Connection closed by invalid user admin 45.148.10.240 port 51454 [preauth]
2026-09-13T06:21:51.894320+02:00 vmi3427693 sshd[477524]: pam_unix(sshd:auth): authentication failure; logname= uid=0 euid=0 tty=ssh ruser= rhost=2.57.122.168 user=root
2026-09-13T06:21:53.642480+02:00 vmi3427693 sshd[477524]: Failed password for root from 2.57.122.168 port 36630 ssh2
2026-09-13T06:21:55.271171+02:00 vmi3427693 sshd[477524]: Connection closed by authenticating user root 2.57.122.168 port 36630 [preauth]
2026-09-13T06:22:01.926945+02:00 vmi3427693 CRON[477671]: pam_unix(cron:session): session opened for user root(uid=0) by root(uid=0)
2026-09-13T06:22:02.299126+02:00 vmi3427693 CRON[477671]: pam_unix(cron:session): session closed for user root
2026-09-13T06:22:12.899943+02:00 vmi3427693 sshd[477745]: Invalid user cumulus from 46.8.31.84 port 44622
2026-09-13T06:22:12.921842+02:00 vmi3427693 sshd[477745]: pam_unix(sshd:auth): check pass; user unknown
2026-09-13T06:22:12.922137+02:00 vmi3427693 sshd[477745]: pam_unix(sshd:auth): authentication failure; logname= uid=0 euid=0 tty=ssh ruser= rhost=46.8.31.84
2026-09-13T06:22:14.885808+02:00 vmi3427693 sshd[477745]: Failed password for invalid user cumulus from 46.8.31.84 port 44622 ssh2
2026-09-13T06:22:15.231084+02:00 vmi3427693 sshd[477745]: Connection closed by invalid user cumulus 46.8.31.84 port 44622 [preauth]
2026-09-13T06:22:39.876668+02:00 vmi3427693 sshd[477991]: Connection closed by 178.128.238.243 port 40230
2026-09-13T06:22:52.396180+02:00 vmi3427693 sshd[478108]: Connection closed by 186.39.173.73 port 57388
2026-09-13T06:23:01.419617+02:00 vmi3427693 CRON[478174]: pam_unix(cron:session): session opened for user root(uid=0) by root(uid=0)
2026-09-13T06:23:01.834650+02:00 vmi3427693 CRON[478174]: pam_unix(cron:session): session closed for user root
2026-09-13T06:23:16.939814+02:00 vmi3427693 sshd[478274]: Invalid user ubuntu from 45.148.10.240 port 36656
2026-09-13T06:23:16.954473+02:00 vmi3427693 sshd[478274]: pam_unix(sshd:auth): check pass; user unknown
2026-09-13T06:23:16.956273+02:00 vmi3427693 sshd[478274]: pam_unix(sshd:auth): authentication failure; logname= uid=0 euid=0 tty=ssh ruser= rhost=45.148.10.240
2026-09-13T06:23:19.042107+02:00 vmi3427693 sshd[478274]: Failed password for invalid user ubuntu from 45.148.10.240 port 36656 ssh2
2026-09-13T06:23:20.840090+02:00 vmi3427693 sshd[478274]: Connection closed by invalid user ubuntu 45.148.10.240 port 36656 [preauth]
2026-09-13T06:23:21.109116+02:00 vmi3427693 sshd[478304]: Invalid user lab from 46.8.31.84 port 50622
2026-09-13T06:23:21.114316+02:00 vmi3427693 sshd[478304]: pam_unix(sshd:auth): check pass; user unknown
2026-09-13T06:23:21.116254+02:00 vmi3427693 sshd[478304]: pam_unix(sshd:auth): authentication failure; logname= uid=0 euid=0 tty=ssh ruser= rhost=46.8.31.84
2026-09-13T06:23:22.882167+02:00 vmi3427693 sshd[478304]: Failed password for invalid user lab from 46.8.31.84 port 50622 ssh2
2026-09-13T06:23:23.158031+02:00 vmi3427693 sshd[478304]: Connection closed by invalid user lab 46.8.31.84 port 50622 [preauth]
2026-09-13T06:23:23.414060+02:00 vmi3427693 sshd[478318]: Connection closed by 186.39.173.73 port 48388
2026-09-13T06:24:01.881384+02:00 vmi3427693 CRON[478607]: pam_unix(cron:session): session opened for user root(uid=0) by root(uid=0)
2026-09-13T06:24:02.160138+02:00 vmi3427693 CRON[478607]: pam_unix(cron:session): session closed for user root
2026-09-13T06:24:16.931075+02:00 vmi3427693 sshd[478760]: Connection closed by 14.225.23.94 port 60713
2026-09-13T06:24:18.984498+02:00 vmi3427693 sshd[478766]: pam_unix(sshd:auth): authentication failure; logname= uid=0 euid=0 tty=ssh ruser= rhost=14.225.23.94 user=root
2026-09-13T06:24:21.245454+02:00 vmi3427693 sshd[478766]: Failed password for root from 14.225.23.94 port 61675 ssh2
2026-09-13T06:24:23.706787+02:00 vmi3427693 sshd[478766]: Connection closed by authenticating user root 14.225.23.94 port 61675 [preauth]
2026-09-13T06:24:25.884564+02:00 vmi3427693 sshd[478859]: Connection closed by 52.73.212.207 port 22982 [preauth]
2026-09-13T06:24:29.925268+02:00 vmi3427693 sshd[478991]: Invalid user lenovo from 46.8.31.84 port 44928
2026-09-13T06:24:29.928833+02:00 vmi3427693 sshd[478991]: pam_unix(sshd:auth): check pass; user unknown
2026-09-13T06:24:29.929099+02:00 vmi3427693 sshd[478991]: pam_unix(sshd:auth): authentication failure; logname= uid=0 euid=0 tty=ssh ruser= rhost=46.8.31.84
2026-09-13T06:24:32.035334+02:00 vmi3427693 sshd[478991]: Failed password for invalid user lenovo from 46.8.31.84 port 44928 ssh2
2026-09-13T06:24:32.412277+02:00 vmi3427693 sshd[478991]: Connection closed by invalid user lenovo 46.8.31.84 port 44928 [preauth]
2026-09-13T06:24:44.687444+02:00 vmi3427693 sshd[478636]: pam_unix(sshd:auth): authentication failure; logname= uid=0 euid=0 tty=ssh ruser= rhost=220.179.81.109 user=root
2026-09-13T06:24:46.185491+02:00 vmi3427693 sshd[478636]: Failed password for root from 220.179.81.109 port 49224 ssh2
2026-09-13T06:24:47.075078+02:00 vmi3427693 sshd[478636]: Received disconnect from 220.179.81.109 port 49224:11: [preauth]
2026-09-13T06:24:47.075544+02:00 vmi3427693 sshd[478636]: Disconnected from authenticating user root 220.179.81.109 port 49224 [preauth]
2026-09-13T06:24:58.765984+02:00 vmi3427693 sshd[479283]: pam_unix(sshd:auth): authentication failure; logname= uid=0 euid=0 tty=ssh ruser= rhost=45.148.10.152 user=root
2026-09-13T06:25:01.261399+02:00 vmi3427693 sshd[479283]: Failed password for root from 45.148.10.152 port 4600 ssh2
2026-09-13T06:25:01.278378+02:00 vmi3427693 CRON[479312]: pam_unix(cron:session): session opened for user root(uid=0) by root(uid=0)
2026-09-13T06:25:01.293013+02:00 vmi3427693 CRON[479314]: pam_unix(cron:session): session opened for user root(uid=0) by root(uid=0)
2026-09-13T06:25:01.436091+02:00 vmi3427693 CRON[479313]: pam_unix(cron:session): session opened for user root(uid=0) by root(uid=0)
2026-09-13T06:25:01.443990+02:00 vmi3427693 CRON[479314]: pam_unix(cron:session): session closed for user root
2026-09-13T06:25:01.613444+02:00 vmi3427693 CRON[479313]: pam_unix(cron:session): session closed for user root
2026-09-13T06:25:03.923425+02:00 vmi3427693 CRON[479312]: pam_unix(cron:session): session closed for user root
2026-09-13T06:25:05.717146+02:00 vmi3427693 sshd[479283]: Failed password for root from 45.148.10.152 port 4600 ssh2
2026-09-13T06:25:07.954787+02:00 vmi3427693 sshd[479283]: Failed password for root from 45.148.10.152 port 4600 ssh2
2026-09-13T06:25:08.029375+02:00 vmi3427693 sshd[479407]: Invalid user ari from 45.148.10.240 port 56344
2026-09-13T06:25:08.042479+02:00 vmi3427693 sshd[479407]: pam_unix(sshd:auth): check pass; user unknown
2026-09-13T06:25:08.044923+02:00 vmi3427693 sshd[479407]: pam_unix(sshd:auth): authentication failure; logname= uid=0 euid=0 tty=ssh ruser= rhost=45.148.10.240
2026-09-13T06:25:09.857391+02:00 vmi3427693 sshd[479407]: Failed password for invalid user ari from 45.148.10.240 port 56344 ssh2
2026-09-13T06:25:09.986629+02:00 vmi3427693 sshd[479283]: Failed password for root from 45.148.10.152 port 4600 ssh2
2026-09-13T06:25:11.045234+02:00 vmi3427693 sshd[479407]: Connection closed by invalid user ari 45.148.10.240 port 56344 [preauth]
2026-09-13T06:25:12.869850+02:00 vmi3427693 sshd[479283]: Failed password for root from 45.148.10.152 port 4600 ssh2
2026-09-13T06:25:14.965934+02:00 vmi3427693 sshd[479283]: Connection reset by authenticating user root 45.148.10.152 port 4600 [preauth]
2026-09-13T06:25:14.966572+02:00 vmi3427693 sshd[479283]: PAM 4 more authentication failures; logname= uid=0 euid=0 tty=ssh ruser= rhost=45.148.10.152 user=root
2026-09-13T06:25:14.966792+02:00 vmi3427693 sshd[479283]: PAM service(sshd) ignoring max retries; 5 > 3
