2026-09-13T13:18:01.258222+02:00 vmi3427693 CRON[631563]: pam_unix(cron:session): session opened for user root(uid=0) by root(uid=0)
2026-09-13T13:18:01.463863+02:00 vmi3427693 CRON[631563]: pam_unix(cron:session): session closed for user root
2026-09-13T13:18:01.671385+02:00 vmi3427693 sshd[631566]: Invalid user ubuntu from 109.160.32.46 port 34202
2026-09-13T13:18:01.699582+02:00 vmi3427693 sshd[631566]: pam_unix(sshd:auth): check pass; user unknown
2026-09-13T13:18:01.699790+02:00 vmi3427693 sshd[631566]: pam_unix(sshd:auth): authentication failure; logname= uid=0 euid=0 tty=ssh ruser= rhost=109.160.32.46
2026-09-13T13:18:02.160586+02:00 vmi3427693 sshd[631561]: Failed password for root from 159.223.173.125 port 55280 ssh2
2026-09-13T13:18:04.061405+02:00 vmi3427693 sshd[631566]: Failed password for invalid user ubuntu from 109.160.32.46 port 34202 ssh2
2026-09-13T13:18:04.410805+02:00 vmi3427693 sshd[631561]: Connection closed by authenticating user root 159.223.173.125 port 55280 [preauth]
2026-09-13T13:18:05.348086+02:00 vmi3427693 sshd[631568]: pam_unix(sshd:auth): authentication failure; logname= uid=0 euid=0 tty=ssh ruser= rhost=159.223.173.125 user=root
2026-09-13T13:18:05.608084+02:00 vmi3427693 sshd[631566]: Connection closed by invalid user ubuntu 109.160.32.46 port 34202 [preauth]
2026-09-13T13:18:06.748076+02:00 vmi3427693 sshd[631571]: Invalid user node from 109.160.32.46 port 44216
2026-09-13T13:18:06.769776+02:00 vmi3427693 sshd[631571]: pam_unix(sshd:auth): check pass; user unknown
2026-09-13T13:18:06.770011+02:00 vmi3427693 sshd[631571]: pam_unix(sshd:auth): authentication failure; logname= uid=0 euid=0 tty=ssh ruser= rhost=109.160.32.46
2026-09-13T13:18:07.258683+02:00 vmi3427693 sshd[631568]: Failed password for root from 159.223.173.125 port 42030 ssh2
2026-09-13T13:18:07.675301+02:00 vmi3427693 sshd[631568]: Connection closed by authenticating user root 159.223.173.125 port 42030 [preauth]
2026-09-13T13:18:08.500269+02:00 vmi3427693 sshd[631573]: pam_unix(sshd:auth): authentication failure; logname= uid=0 euid=0 tty=ssh ruser= rhost=159.223.173.125 user=root
2026-09-13T13:18:08.817380+02:00 vmi3427693 sshd[631571]: Failed password for invalid user node from 109.160.32.46 port 44216 ssh2
2026-09-13T13:18:09.012491+02:00 vmi3427693 sshd[631571]: Connection closed by invalid user node 109.160.32.46 port 44216 [preauth]
2026-09-13T13:18:09.823080+02:00 vmi3427693 sshd[631573]: Failed password for root from 159.223.173.125 port 42034 ssh2
2026-09-13T13:18:10.788992+02:00 vmi3427693 sshd[631573]: Connection closed by authenticating user root 159.223.173.125 port 42034 [preauth]
2026-09-13T13:18:11.578829+02:00 vmi3427693 sshd[631580]: pam_unix(sshd:auth): authentication failure; logname= uid=0 euid=0 tty=ssh ruser= rhost=159.223.173.125 user=root
2026-09-13T13:18:11.823255+02:00 vmi3427693 sshd[631583]: Invalid user node from 109.160.32.46 port 44274
2026-09-13T13:18:11.873644+02:00 vmi3427693 sshd[631583]: pam_unix(sshd:auth): check pass; user unknown
2026-09-13T13:18:11.873929+02:00 vmi3427693 sshd[631583]: pam_unix(sshd:auth): authentication failure; logname= uid=0 euid=0 tty=ssh ruser= rhost=109.160.32.46
2026-09-13T13:18:13.982771+02:00 vmi3427693 sshd[631580]: Failed password for root from 159.223.173.125 port 42048 ssh2
2026-09-13T13:18:14.275822+02:00 vmi3427693 sshd[631583]: Failed password for invalid user node from 109.160.32.46 port 44274 ssh2
2026-09-13T13:18:14.874913+02:00 vmi3427693 sshd[631588]: pam_unix(sshd:auth): authentication failure; logname= uid=0 euid=0 tty=ssh ruser= rhost=202.152.148.30 user=root
2026-09-13T13:18:16.180844+02:00 vmi3427693 sshd[631580]: Connection closed by authenticating user root 159.223.173.125 port 42048 [preauth]
2026-09-13T13:18:16.359242+02:00 vmi3427693 sshd[631583]: Connection closed by invalid user node 109.160.32.46 port 44274 [preauth]
2026-09-13T13:18:16.873285+02:00 vmi3427693 sshd[631599]: Invalid user manoj from 109.160.32.46 port 49810
2026-09-13T13:18:16.893369+02:00 vmi3427693 sshd[631599]: pam_unix(sshd:auth): check pass; user unknown
2026-09-13T13:18:16.893593+02:00 vmi3427693 sshd[631599]: pam_unix(sshd:auth): authentication failure; logname= uid=0 euid=0 tty=ssh ruser= rhost=109.160.32.46
2026-09-13T13:18:16.917251+02:00 vmi3427693 sshd[631595]: pam_unix(sshd:auth): authentication failure; logname= uid=0 euid=0 tty=ssh ruser= rhost=159.223.173.125 user=root
2026-09-13T13:18:17.022041+02:00 vmi3427693 sshd[631588]: Failed password for root from 202.152.148.30 port 59294 ssh2
2026-09-13T13:18:17.259891+02:00 vmi3427693 sshd[631588]: Received disconnect from 202.152.148.30 port 59294:11: Bye Bye [preauth]
2026-09-13T13:18:17.260675+02:00 vmi3427693 sshd[631588]: Disconnected from authenticating user root 202.152.148.30 port 59294 [preauth]
2026-09-13T13:18:18.072761+02:00 vmi3427693 sshd[631597]: Invalid user sharon from 58.152.42.212 port 38790
2026-09-13T13:18:18.077632+02:00 vmi3427693 sshd[631597]: pam_unix(sshd:auth): check pass; user unknown
2026-09-13T13:18:18.077843+02:00 vmi3427693 sshd[631597]: pam_unix(sshd:auth): authentication failure; logname= uid=0 euid=0 tty=ssh ruser= rhost=58.152.42.212
2026-09-13T13:18:18.994390+02:00 vmi3427693 sshd[631599]: Failed password for invalid user manoj from 109.160.32.46 port 49810 ssh2
2026-09-13T13:18:19.003241+02:00 vmi3427693 sshd[631595]: Failed password for root from 159.223.173.125 port 60584 ssh2
2026-09-13T13:18:19.218183+02:00 vmi3427693 sshd[631595]: Connection closed by authenticating user root 159.223.173.125 port 60584 [preauth]
2026-09-13T13:18:19.965467+02:00 vmi3427693 sshd[631607]: pam_unix(sshd:auth): authentication failure; logname= uid=0 euid=0 tty=ssh ruser= rhost=159.223.173.125 user=root
2026-09-13T13:18:20.439372+02:00 vmi3427693 sshd[631597]: Failed password for invalid user sharon from 58.152.42.212 port 38790 ssh2
2026-09-13T13:18:20.804982+02:00 vmi3427693 sshd[631599]: Connection closed by invalid user manoj 109.160.32.46 port 49810 [preauth]
2026-09-13T13:18:21.723656+02:00 vmi3427693 sshd[631613]: Invalid user elastic from 109.160.32.46 port 49882
2026-09-13T13:18:21.764720+02:00 vmi3427693 sshd[631613]: pam_unix(sshd:auth): check pass; user unknown
2026-09-13T13:18:21.765185+02:00 vmi3427693 sshd[631613]: pam_unix(sshd:auth): authentication failure; logname= uid=0 euid=0 tty=ssh ruser= rhost=109.160.32.46
2026-09-13T13:18:22.460288+02:00 vmi3427693 sshd[631597]: Received disconnect from 58.152.42.212 port 38790:11: Bye Bye [preauth]
2026-09-13T13:18:22.460645+02:00 vmi3427693 sshd[631597]: Disconnected from invalid user sharon 58.152.42.212 port 38790 [preauth]
2026-09-13T13:18:22.463690+02:00 vmi3427693 sshd[631607]: Failed password for root from 159.223.173.125 port 60592 ssh2
2026-09-13T13:18:23.540363+02:00 vmi3427693 sshd[631613]: Failed password for invalid user elastic from 109.160.32.46 port 49882 ssh2
2026-09-13T13:18:23.727310+02:00 vmi3427693 sshd[631613]: Connection closed by invalid user elastic 109.160.32.46 port 49882 [preauth]
2026-09-13T13:18:24.709047+02:00 vmi3427693 sshd[631607]: Connection closed by authenticating user root 159.223.173.125 port 60592 [preauth]
2026-09-13T13:18:25.554090+02:00 vmi3427693 sshd[631622]: pam_unix(sshd:auth): authentication failure; logname= uid=0 euid=0 tty=ssh ruser= rhost=159.223.173.125 user=root
2026-09-13T13:18:26.972049+02:00 vmi3427693 sshd[631627]: pam_unix(sshd:auth): authentication failure; logname= uid=0 euid=0 tty=ssh ruser= rhost=109.160.32.46 user=root
2026-09-13T13:18:27.875956+02:00 vmi3427693 sshd[631622]: Failed password for root from 159.223.173.125 port 57220 ssh2
2026-09-13T13:18:29.104664+02:00 vmi3427693 sshd[631627]: Failed password for root from 109.160.32.46 port 47230 ssh2
2026-09-13T13:18:29.254706+02:00 vmi3427693 sshd[631627]: Connection closed by authenticating user root 109.160.32.46 port 47230 [preauth]
2026-09-13T13:18:30.172171+02:00 vmi3427693 sshd[631622]: Connection closed by authenticating user root 159.223.173.125 port 57220 [preauth]
2026-09-13T13:18:30.920722+02:00 vmi3427693 sshd[631636]: pam_unix(sshd:auth): authentication failure; logname= uid=0 euid=0 tty=ssh ruser= rhost=159.223.173.125 user=root
2026-09-13T13:18:31.772915+02:00 vmi3427693 sshd[631641]: pam_unix(sshd:auth): authentication failure; logname= uid=0 euid=0 tty=ssh ruser= rhost=109.160.32.46 user=root
2026-09-13T13:18:33.262503+02:00 vmi3427693 sshd[631636]: Failed password for root from 159.223.173.125 port 57230 ssh2
2026-09-13T13:18:33.586941+02:00 vmi3427693 sshd[631641]: Failed password for root from 109.160.32.46 port 47252 ssh2
2026-09-13T13:18:34.009705+02:00 vmi3427693 sshd[631641]: Connection closed by authenticating user root 109.160.32.46 port 47252 [preauth]
2026-09-13T13:18:35.701975+02:00 vmi3427693 sshd[631636]: Connection closed by authenticating user root 159.223.173.125 port 57230 [preauth]
2026-09-13T13:18:36.535349+02:00 vmi3427693 sshd[631651]: pam_unix(sshd:auth): authentication failure; logname= uid=0 euid=0 tty=ssh ruser= rhost=159.223.173.125 user=root
2026-09-13T13:18:36.658588+02:00 vmi3427693 sshd[631655]: Invalid user appuser from 109.160.32.46 port 38596
2026-09-13T13:18:36.674056+02:00 vmi3427693 sshd[631655]: pam_unix(sshd:auth): check pass; user unknown
2026-09-13T13:18:36.675168+02:00 vmi3427693 sshd[631655]: pam_unix(sshd:auth): authentication failure; logname= uid=0 euid=0 tty=ssh ruser= rhost=109.160.32.46
2026-09-13T13:18:38.703062+02:00 vmi3427693 sshd[631651]: Failed password for root from 159.223.173.125 port 52026 ssh2
2026-09-13T13:18:38.823141+02:00 vmi3427693 sshd[631651]: Connection closed by authenticating user root 159.223.173.125 port 52026 [preauth]
2026-09-13T13:18:38.841421+02:00 vmi3427693 sshd[631655]: Failed password for invalid user appuser from 109.160.32.46 port 38596 ssh2
2026-09-13T13:18:38.886934+02:00 vmi3427693 sshd[631660]: Invalid user ubuntu from 46.8.31.84 port 38818
2026-09-13T13:18:38.892106+02:00 vmi3427693 sshd[631660]: pam_unix(sshd:auth): check pass; user unknown
2026-09-13T13:18:38.892320+02:00 vmi3427693 sshd[631660]: pam_unix(sshd:auth): authentication failure; logname= uid=0 euid=0 tty=ssh ruser= rhost=46.8.31.84
2026-09-13T13:18:39.024310+02:00 vmi3427693 sshd[631655]: Connection closed by invalid user appuser 109.160.32.46 port 38596 [preauth]
2026-09-13T13:18:39.678636+02:00 vmi3427693 sshd[631665]: pam_unix(sshd:auth): authentication failure; logname= uid=0 euid=0 tty=ssh ruser= rhost=159.223.173.125 user=root
2026-09-13T13:18:40.998894+02:00 vmi3427693 sshd[631660]: Failed password for invalid user ubuntu from 46.8.31.84 port 38818 ssh2
2026-09-13T13:18:41.590061+02:00 vmi3427693 sshd[631665]: Failed password for root from 159.223.173.125 port 52038 ssh2
2026-09-13T13:18:41.818840+02:00 vmi3427693 sshd[631672]: pam_unix(sshd:auth): authentication failure; logname= uid=0 euid=0 tty=ssh ruser= rhost=109.160.32.46 user=root
2026-09-13T13:18:42.051208+02:00 vmi3427693 sshd[631665]: Connection closed by authenticating user root 159.223.173.125 port 52038 [preauth]
2026-09-13T13:18:42.816671+02:00 vmi3427693 sshd[631675]: pam_unix(sshd:auth): authentication failure; logname= uid=0 euid=0 tty=ssh ruser= rhost=159.223.173.125 user=root
2026-09-13T13:18:42.936672+02:00 vmi3427693 sshd[631660]: Connection closed by invalid user ubuntu 46.8.31.84 port 38818 [preauth]
2026-09-13T13:18:43.668978+02:00 vmi3427693 sshd[631672]: Failed password for root from 109.160.32.46 port 38650 ssh2
2026-09-13T13:18:44.058795+02:00 vmi3427693 sshd[631672]: Connection closed by authenticating user root 109.160.32.46 port 38650 [preauth]
2026-09-13T13:18:44.808951+02:00 vmi3427693 sshd[631675]: Failed password for root from 159.223.173.125 port 52052 ssh2
2026-09-13T13:18:45.193566+02:00 vmi3427693 sshd[631675]: Connection closed by authenticating user root 159.223.173.125 port 52052 [preauth]
2026-09-13T13:18:46.133825+02:00 vmi3427693 sshd[631683]: pam_unix(sshd:auth): authentication failure; logname= uid=0 euid=0 tty=ssh ruser= rhost=159.223.173.125 user=root
2026-09-13T13:18:47.017293+02:00 vmi3427693 sshd[631695]: pam_unix(sshd:auth): authentication failure; logname= uid=0 euid=0 tty=ssh ruser= rhost=109.160.32.46 user=root
2026-09-13T13:18:48.340286+02:00 vmi3427693 sshd[631683]: Failed password for root from 159.223.173.125 port 54958 ssh2
2026-09-13T13:18:48.444443+02:00 vmi3427693 sshd[631683]: Connection closed by authenticating user root 159.223.173.125 port 54958 [preauth]
2026-09-13T13:18:49.086341+02:00 vmi3427693 sshd[631703]: pam_unix(sshd:auth): authentication failure; logname= uid=0 euid=0 tty=ssh ruser= rhost=159.223.173.125 user=root
2026-09-13T13:18:49.224087+02:00 vmi3427693 sshd[631695]: Failed password for root from 109.160.32.46 port 42404 ssh2
2026-09-13T13:18:49.336256+02:00 vmi3427693 sshd[631695]: Connection closed by authenticating user root 109.160.32.46 port 42404 [preauth]
2026-09-13T13:18:51.703661+02:00 vmi3427693 sshd[631703]: Failed password for root from 159.223.173.125 port 54968 ssh2
2026-09-13T13:18:51.751643+02:00 vmi3427693 sshd[631712]: Invalid user postgres from 109.160.32.46 port 42460
2026-09-13T13:18:51.769647+02:00 vmi3427693 sshd[631712]: pam_unix(sshd:auth): check pass; user unknown
2026-09-13T13:18:51.770083+02:00 vmi3427693 sshd[631712]: pam_unix(sshd:auth): authentication failure; logname= uid=0 euid=0 tty=ssh ruser= rhost=109.160.32.46
2026-09-13T13:18:53.661908+02:00 vmi3427693 sshd[631712]: Failed password for invalid user postgres from 109.160.32.46 port 42460 ssh2
2026-09-13T13:18:53.665496+02:00 vmi3427693 sshd[631703]: Connection closed by authenticating user root 159.223.173.125 port 54968 [preauth]
2026-09-13T13:18:54.383055+02:00 vmi3427693 sshd[631721]: pam_unix(sshd:auth): authentication failure; logname= uid=0 euid=0 tty=ssh ruser= rhost=159.223.173.125 user=root
2026-09-13T13:18:55.488317+02:00 vmi3427693 sshd[631712]: Connection closed by invalid user postgres 109.160.32.46 port 42460 [preauth]
2026-09-13T13:18:56.354084+02:00 vmi3427693 sshd[631721]: Failed password for root from 159.223.173.125 port 39014 ssh2
2026-09-13T13:18:56.712415+02:00 vmi3427693 sshd[631721]: Connection closed by authenticating user root 159.223.173.125 port 39014 [preauth]
2026-09-13T13:18:57.032271+02:00 vmi3427693 sshd[631732]: Invalid user user from 109.160.32.46 port 39950
2026-09-13T13:18:57.047714+02:00 vmi3427693 sshd[631732]: pam_unix(sshd:auth): check pass; user unknown
2026-09-13T13:18:57.048057+02:00 vmi3427693 sshd[631732]: pam_unix(sshd:auth): authentication failure; logname= uid=0 euid=0 tty=ssh ruser= rhost=109.160.32.46
2026-09-13T13:18:57.481282+02:00 vmi3427693 sshd[631729]: pam_unix(sshd:auth): authentication failure; logname= uid=0 euid=0 tty=ssh ruser= rhost=159.223.173.125 user=root
2026-09-13T13:18:58.763047+02:00 vmi3427693 sshd[631732]: Failed password for invalid user user from 109.160.32.46 port 39950 ssh2
2026-09-13T13:18:59.196630+02:00 vmi3427693 sshd[631729]: Failed password for root from 159.223.173.125 port 39022 ssh2
2026-09-13T13:18:59.281259+02:00 vmi3427693 sshd[631732]: Connection closed by invalid user user 109.160.32.46 port 39950 [preauth]
2026-09-13T13:18:59.977037+02:00 vmi3427693 sshd[631729]: Connection closed by authenticating user root 159.223.173.125 port 39022 [preauth]
2026-09-13T13:19:01.291169+02:00 vmi3427693 sshd[631740]: pam_unix(sshd:auth): authentication failure; logname= uid=0 euid=0 tty=ssh ruser= rhost=159.223.173.125 user=root
2026-09-13T13:19:01.474876+02:00 vmi3427693 CRON[631744]: pam_unix(cron:session): session opened for user root(uid=0) by root(uid=0)
2026-09-13T13:19:01.529407+02:00 vmi3427693 CRON[631744]: pam_unix(cron:session): session closed for user root
2026-09-13T13:19:02.134977+02:00 vmi3427693 sshd[631748]: Invalid user user from 109.160.32.46 port 40012
2026-09-13T13:19:02.171977+02:00 vmi3427693 sshd[631748]: pam_unix(sshd:auth): check pass; user unknown
2026-09-13T13:19:02.172178+02:00 vmi3427693 sshd[631748]: pam_unix(sshd:auth): authentication failure; logname= uid=0 euid=0 tty=ssh ruser= rhost=109.160.32.46
2026-09-13T13:19:03.890168+02:00 vmi3427693 sshd[631740]: Failed password for root from 159.223.173.125 port 39026 ssh2
2026-09-13T13:19:03.910251+02:00 vmi3427693 sshd[631748]: Failed password for invalid user user from 109.160.32.46 port 40012 ssh2
2026-09-13T13:19:04.304681+02:00 vmi3427693 sshd[631748]: Connection closed by invalid user user 109.160.32.46 port 40012 [preauth]
2026-09-13T13:19:06.143372+02:00 vmi3427693 sshd[631740]: Connection closed by authenticating user root 159.223.173.125 port 39026 [preauth]
2026-09-13T13:19:07.305288+02:00 vmi3427693 sshd[631762]: Invalid user opc from 109.160.32.46 port 49360
2026-09-13T13:19:07.324142+02:00 vmi3427693 sshd[631762]: pam_unix(sshd:auth): check pass; user unknown
2026-09-13T13:19:07.324364+02:00 vmi3427693 sshd[631762]: pam_unix(sshd:auth): authentication failure; logname= uid=0 euid=0 tty=ssh ruser= rhost=109.160.32.46
2026-09-13T13:19:08.038541+02:00 vmi3427693 sshd[631764]: Invalid user odoo from 20.127.185.37 port 41154
2026-09-13T13:19:08.042027+02:00 vmi3427693 sshd[631764]: pam_unix(sshd:auth): check pass; user unknown
2026-09-13T13:19:08.042279+02:00 vmi3427693 sshd[631764]: pam_unix(sshd:auth): authentication failure; logname= uid=0 euid=0 tty=ssh ruser= rhost=20.127.185.37
2026-09-13T13:19:08.056950+02:00 vmi3427693 sshd[631759]: pam_unix(sshd:auth): authentication failure; logname= uid=0 euid=0 tty=ssh ruser= rhost=159.223.173.125 user=root
2026-09-13T13:19:09.080255+02:00 vmi3427693 sshd[631762]: Failed password for invalid user opc from 109.160.32.46 port 49360 ssh2
2026-09-13T13:19:09.604864+02:00 vmi3427693 sshd[631764]: Failed password for invalid user odoo from 20.127.185.37 port 41154 ssh2
2026-09-13T13:19:09.813297+02:00 vmi3427693 sshd[631759]: Failed password for root from 159.223.173.125 port 50114 ssh2
2026-09-13T13:19:10.375998+02:00 vmi3427693 sshd[631759]: Connection closed by authenticating user root 159.223.173.125 port 50114 [preauth]
2026-09-13T13:19:10.696351+02:00 vmi3427693 sshd[631762]: Connection closed by invalid user opc 109.160.32.46 port 49360 [preauth]
2026-09-13T13:19:10.741832+02:00 vmi3427693 sshd[631764]: Received disconnect from 20.127.185.37 port 41154:11: Bye Bye [preauth]
2026-09-13T13:19:10.742061+02:00 vmi3427693 sshd[631764]: Disconnected from invalid user odoo 20.127.185.37 port 41154 [preauth]
2026-09-13T13:19:11.290800+02:00 vmi3427693 sshd[631772]: pam_unix(sshd:auth): authentication failure; logname= uid=0 euid=0 tty=ssh ruser= rhost=159.223.173.125 user=root
2026-09-13T13:19:12.192584+02:00 vmi3427693 sshd[631777]: Invalid user opc from 109.160.32.46 port 49492
2026-09-13T13:19:12.242099+02:00 vmi3427693 sshd[631777]: pam_unix(sshd:auth): check pass; user unknown
2026-09-13T13:19:12.242938+02:00 vmi3427693 sshd[631777]: pam_unix(sshd:auth): authentication failure; logname= uid=0 euid=0 tty=ssh ruser= rhost=109.160.32.46
2026-09-13T13:19:13.261602+02:00 vmi3427693 sshd[631772]: Failed password for root from 159.223.173.125 port 50130 ssh2
2026-09-13T13:19:13.665308+02:00 vmi3427693 sshd[631772]: Connection closed by authenticating user root 159.223.173.125 port 50130 [preauth]
2026-09-13T13:19:14.519557+02:00 vmi3427693 sshd[631782]: pam_unix(sshd:auth): authentication failure; logname= uid=0 euid=0 tty=ssh ruser= rhost=159.223.173.125 user=root
2026-09-13T13:19:14.684788+02:00 vmi3427693 sshd[631777]: Failed password for invalid user opc from 109.160.32.46 port 49492 ssh2
2026-09-13T13:19:15.759349+02:00 vmi3427693 sshd[631777]: Connection closed by invalid user opc 109.160.32.46 port 49492 [preauth]
2026-09-13T13:19:16.233468+02:00 vmi3427693 sshd[631782]: Failed password for root from 159.223.173.125 port 53980 ssh2
2026-09-13T13:19:16.876662+02:00 vmi3427693 sshd[631782]: Connection closed by authenticating user root 159.223.173.125 port 53980 [preauth]
2026-09-13T13:19:17.345924+02:00 vmi3427693 sshd[631788]: Invalid user term1 from 45.182.206.203 port 40266
2026-09-13T13:19:17.351472+02:00 vmi3427693 sshd[631788]: pam_unix(sshd:auth): check pass; user unknown
2026-09-13T13:19:17.351860+02:00 vmi3427693 sshd[631788]: pam_unix(sshd:auth): authentication failure; logname= uid=0 euid=0 tty=ssh ruser= rhost=45.182.206.203
2026-09-13T13:19:17.384688+02:00 vmi3427693 sshd[631795]: Invalid user admin1 from 109.160.32.46 port 36310
2026-09-13T13:19:17.401332+02:00 vmi3427693 sshd[631795]: pam_unix(sshd:auth): check pass; user unknown
2026-09-13T13:19:17.401613+02:00 vmi3427693 sshd[631795]: pam_unix(sshd:auth): authentication failure; logname= uid=0 euid=0 tty=ssh ruser= rhost=109.160.32.46
2026-09-13T13:19:17.587866+02:00 vmi3427693 sshd[631792]: pam_unix(sshd:auth): authentication failure; logname= uid=0 euid=0 tty=ssh ruser= rhost=159.223.173.125 user=root
2026-09-13T13:19:19.147012+02:00 vmi3427693 sshd[631788]: Failed password for invalid user term1 from 45.182.206.203 port 40266 ssh2
2026-09-13T13:19:19.196395+02:00 vmi3427693 sshd[631795]: Failed password for invalid user admin1 from 109.160.32.46 port 36310 ssh2
2026-09-13T13:19:19.383355+02:00 vmi3427693 sshd[631792]: Failed password for root from 159.223.173.125 port 53982 ssh2
2026-09-13T13:19:19.573927+02:00 vmi3427693 sshd[631788]: Received disconnect from 45.182.206.203 port 40266:11: Bye Bye [preauth]
2026-09-13T13:19:19.574284+02:00 vmi3427693 sshd[631788]: Disconnected from invalid user term1 45.182.206.203 port 40266 [preauth]
2026-09-13T13:19:19.987652+02:00 vmi3427693 sshd[631792]: Connection closed by authenticating user root 159.223.173.125 port 53982 [preauth]
2026-09-13T13:19:20.759540+02:00 vmi3427693 sshd[631795]: Connection closed by invalid user admin1 109.160.32.46 port 36310 [preauth]
2026-09-13T13:19:20.802047+02:00 vmi3427693 sshd[631803]: pam_unix(sshd:auth): authentication failure; logname= uid=0 euid=0 tty=ssh ruser= rhost=159.223.173.125 user=root
2026-09-13T13:19:22.341701+02:00 vmi3427693 sshd[631803]: Failed password for root from 159.223.173.125 port 53992 ssh2
2026-09-13T13:19:22.855854+02:00 vmi3427693 sshd[631811]: Invalid user admin from 109.160.32.46 port 36386
2026-09-13T13:19:22.892121+02:00 vmi3427693 sshd[631811]: pam_unix(sshd:auth): check pass; user unknown
2026-09-13T13:19:22.892332+02:00 vmi3427693 sshd[631811]: pam_unix(sshd:auth): authentication failure; logname= uid=0 euid=0 tty=ssh ruser= rhost=109.160.32.46
2026-09-13T13:19:23.150112+02:00 vmi3427693 sshd[631803]: Connection closed by authenticating user root 159.223.173.125 port 53992 [preauth]
2026-09-13T13:19:24.052493+02:00 vmi3427693 sshd[631814]: pam_unix(sshd:auth): authentication failure; logname= uid=0 euid=0 tty=ssh ruser= rhost=159.223.173.125 user=root
2026-09-13T13:19:25.039001+02:00 vmi3427693 sshd[631811]: Failed password for invalid user admin from 109.160.32.46 port 36386 ssh2
2026-09-13T13:19:25.666426+02:00 vmi3427693 sshd[631811]: Connection closed by invalid user admin 109.160.32.46 port 36386 [preauth]
2026-09-13T13:19:25.940724+02:00 vmi3427693 sshd[631819]: Invalid user rescue from 202.152.148.30 port 52410
2026-09-13T13:19:25.946734+02:00 vmi3427693 sshd[631819]: pam_unix(sshd:auth): check pass; user unknown
2026-09-13T13:19:25.947036+02:00 vmi3427693 sshd[631819]: pam_unix(sshd:auth): authentication failure; logname= uid=0 euid=0 tty=ssh ruser= rhost=202.152.148.30
2026-09-13T13:19:26.003416+02:00 vmi3427693 sshd[631814]: Failed password for root from 159.223.173.125 port 53750 ssh2
2026-09-13T13:19:26.388889+02:00 vmi3427693 sshd[631814]: Connection closed by authenticating user root 159.223.173.125 port 53750 [preauth]
2026-09-13T13:19:27.465696+02:00 vmi3427693 sshd[631824]: pam_unix(sshd:auth): authentication failure; logname= uid=0 euid=0 tty=ssh ruser= rhost=159.223.173.125 user=root
2026-09-13T13:19:27.854894+02:00 vmi3427693 sshd[631829]: Invalid user admin from 109.160.32.46 port 50506
2026-09-13T13:19:27.875217+02:00 vmi3427693 sshd[631829]: pam_unix(sshd:auth): check pass; user unknown
2026-09-13T13:19:27.875404+02:00 vmi3427693 sshd[631829]: pam_unix(sshd:auth): authentication failure; logname= uid=0 euid=0 tty=ssh ruser= rhost=109.160.32.46
2026-09-13T13:19:28.174290+02:00 vmi3427693 sshd[631819]: Failed password for invalid user rescue from 202.152.148.30 port 52410 ssh2
2026-09-13T13:19:29.301062+02:00 vmi3427693 sshd[631824]: Failed password for root from 159.223.173.125 port 53752 ssh2
2026-09-13T13:19:29.711290+02:00 vmi3427693 sshd[631829]: Failed password for invalid user admin from 109.160.32.46 port 50506 ssh2
2026-09-13T13:19:29.776149+02:00 vmi3427693 sshd[631824]: Connection closed by authenticating user root 159.223.173.125 port 53752 [preauth]
2026-09-13T13:19:30.187974+02:00 vmi3427693 sshd[631819]: Received disconnect from 202.152.148.30 port 52410:11: Bye Bye [preauth]
2026-09-13T13:19:30.188561+02:00 vmi3427693 sshd[631819]: Disconnected from invalid user rescue 202.152.148.30 port 52410 [preauth]
2026-09-13T13:19:30.537184+02:00 vmi3427693 sshd[631835]: pam_unix(sshd:auth): authentication failure; logname= uid=0 euid=0 tty=ssh ruser= rhost=159.223.173.125 user=root
2026-09-13T13:19:30.592286+02:00 vmi3427693 sshd[631829]: Connection closed by invalid user admin 109.160.32.46 port 50506 [preauth]
2026-09-13T13:19:32.117580+02:00 vmi3427693 sshd[631835]: Failed password for root from 159.223.173.125 port 53766 ssh2
2026-09-13T13:19:32.130579+02:00 vmi3427693 sshd[631839]: Invalid user lili from 58.152.42.212 port 44928
2026-09-13T13:19:32.135319+02:00 vmi3427693 sshd[631839]: pam_unix(sshd:auth): check pass; user unknown
2026-09-13T13:19:32.135578+02:00 vmi3427693 sshd[631839]: pam_unix(sshd:auth): authentication failure; logname= uid=0 euid=0 tty=ssh ruser= rhost=58.152.42.212
2026-09-13T13:19:32.850891+02:00 vmi3427693 sshd[631835]: Connection closed by authenticating user root 159.223.173.125 port 53766 [preauth]
2026-09-13T13:19:33.123211+02:00 vmi3427693 sshd[631845]: pam_unix(sshd:auth): authentication failure; logname= uid=0 euid=0 tty=ssh ruser= rhost=109.160.32.46 user=root
2026-09-13T13:19:33.527137+02:00 vmi3427693 sshd[631846]: pam_unix(sshd:auth): authentication failure; logname= uid=0 euid=0 tty=ssh ruser= rhost=159.223.173.125 user=root
2026-09-13T13:19:33.655582+02:00 vmi3427693 sshd[631839]: Failed password for invalid user lili from 58.152.42.212 port 44928 ssh2
2026-09-13T13:19:34.707707+02:00 vmi3427693 sshd[631839]: Received disconnect from 58.152.42.212 port 44928:11: Bye Bye [preauth]
2026-09-13T13:19:34.708510+02:00 vmi3427693 sshd[631839]: Disconnected from invalid user lili 58.152.42.212 port 44928 [preauth]
2026-09-13T13:19:35.113801+02:00 vmi3427693 sshd[631845]: Failed password for root from 109.160.32.46 port 50608 ssh2
2026-09-13T13:19:35.402492+02:00 vmi3427693 sshd[631845]: Connection closed by authenticating user root 109.160.32.46 port 50608 [preauth]
2026-09-13T13:19:35.518951+02:00 vmi3427693 sshd[631846]: Failed password for root from 159.223.173.125 port 42516 ssh2
2026-09-13T13:19:35.957300+02:00 vmi3427693 sshd[631846]: Connection closed by authenticating user root 159.223.173.125 port 42516 [preauth]
2026-09-13T13:19:36.628419+02:00 vmi3427693 sshd[631857]: pam_unix(sshd:auth): authentication failure; logname= uid=0 euid=0 tty=ssh ruser= rhost=159.223.173.125 user=root
2026-09-13T13:19:38.014910+02:00 vmi3427693 sshd[631862]: pam_unix(sshd:auth): authentication failure; logname= uid=0 euid=0 tty=ssh ruser= rhost=109.160.32.46 user=root
2026-09-13T13:19:39.030918+02:00 vmi3427693 sshd[631857]: Failed password for root from 159.223.173.125 port 42524 ssh2
2026-09-13T13:19:39.220047+02:00 vmi3427693 sshd[631866]: pam_unix(sshd:auth): authentication failure; logname= uid=0 euid=0 tty=ssh ruser= rhost=80.94.92.55 user=backup
2026-09-13T13:19:39.889015+02:00 vmi3427693 sshd[631862]: Failed password for root from 109.160.32.46 port 58768 ssh2
2026-09-13T13:19:40.236963+02:00 vmi3427693 sshd[631862]: Connection closed by authenticating user root 109.160.32.46 port 58768 [preauth]
2026-09-13T13:19:41.035236+02:00 vmi3427693 sshd[631866]: Failed password for backup from 80.94.92.55 port 60604 ssh2
2026-09-13T13:19:41.335313+02:00 vmi3427693 sshd[631866]: Connection closed by authenticating user backup 80.94.92.55 port 60604 [preauth]
2026-09-13T13:19:41.340398+02:00 vmi3427693 sshd[631857]: Connection closed by authenticating user root 159.223.173.125 port 42524 [preauth]
2026-09-13T13:19:42.057977+02:00 vmi3427693 sshd[631874]: pam_unix(sshd:auth): authentication failure; logname= uid=0 euid=0 tty=ssh ruser= rhost=159.223.173.125 user=root
2026-09-13T13:19:43.126253+02:00 vmi3427693 sshd[631879]: pam_unix(sshd:auth): authentication failure; logname= uid=0 euid=0 tty=ssh ruser= rhost=109.160.32.46 user=root
2026-09-13T13:19:43.813119+02:00 vmi3427693 sshd[631874]: Failed password for root from 159.223.173.125 port 42540 ssh2
2026-09-13T13:19:44.486352+02:00 vmi3427693 sshd[631874]: Connection closed by authenticating user root 159.223.173.125 port 42540 [preauth]
2026-09-13T13:19:45.157299+02:00 vmi3427693 sshd[631879]: Failed password for root from 109.160.32.46 port 58844 ssh2
2026-09-13T13:19:45.376325+02:00 vmi3427693 sshd[631879]: Connection closed by authenticating user root 109.160.32.46 port 58844 [preauth]
2026-09-13T13:19:45.432318+02:00 vmi3427693 sshd[631885]: pam_unix(sshd:auth): authentication failure; logname= uid=0 euid=0 tty=ssh ruser= rhost=159.223.173.125 user=root
2026-09-13T13:19:47.403228+02:00 vmi3427693 sshd[631885]: Failed password for root from 159.223.173.125 port 42356 ssh2
2026-09-13T13:19:47.740022+02:00 vmi3427693 sshd[631885]: Connection closed by authenticating user root 159.223.173.125 port 42356 [preauth]
2026-09-13T13:19:48.475811+02:00 vmi3427693 sshd[631896]: Invalid user admin from 109.160.32.46 port 38808
2026-09-13T13:19:48.503471+02:00 vmi3427693 sshd[631896]: pam_unix(sshd:auth): check pass; user unknown
2026-09-13T13:19:48.503687+02:00 vmi3427693 sshd[631896]: pam_unix(sshd:auth): authentication failure; logname= uid=0 euid=0 tty=ssh ruser= rhost=109.160.32.46
2026-09-13T13:19:48.521274+02:00 vmi3427693 sshd[631893]: pam_unix(sshd:auth): authentication failure; logname= uid=0 euid=0 tty=ssh ruser= rhost=159.223.173.125 user=root
2026-09-13T13:19:50.554893+02:00 vmi3427693 sshd[631896]: Failed password for invalid user admin from 109.160.32.46 port 38808 ssh2
2026-09-13T13:19:50.571871+02:00 vmi3427693 sshd[631893]: Failed password for root from 159.223.173.125 port 42358 ssh2
2026-09-13T13:19:50.856611+02:00 vmi3427693 sshd[631893]: Connection closed by authenticating user root 159.223.173.125 port 42358 [preauth]
2026-09-13T13:19:51.369037+02:00 vmi3427693 sshd[631907]: Connection closed by 14.225.23.94 port 49016
2026-09-13T13:19:51.419137+02:00 vmi3427693 sshd[631896]: Connection closed by invalid user admin 109.160.32.46 port 38808 [preauth]
2026-09-13T13:19:51.635541+02:00 vmi3427693 sshd[631904]: pam_unix(sshd:auth): authentication failure; logname= uid=0 euid=0 tty=ssh ruser= rhost=159.223.173.125 user=root
2026-09-13T13:19:52.772588+02:00 vmi3427693 sshd[631909]: Invalid user lixin from 14.225.23.94 port 49700
2026-09-13T13:19:53.049411+02:00 vmi3427693 sshd[631909]: pam_unix(sshd:auth): check pass; user unknown
2026-09-13T13:19:53.049687+02:00 vmi3427693 sshd[631909]: pam_unix(sshd:auth): authentication failure; logname= uid=0 euid=0 tty=ssh ruser= rhost=14.225.23.94
2026-09-13T13:19:53.232685+02:00 vmi3427693 sshd[631914]: Invalid user admin from 109.160.32.46 port 38880
2026-09-13T13:19:53.256166+02:00 vmi3427693 sshd[631914]: pam_unix(sshd:auth): check pass; user unknown
2026-09-13T13:19:53.256986+02:00 vmi3427693 sshd[631914]: pam_unix(sshd:auth): authentication failure; logname= uid=0 euid=0 tty=ssh ruser= rhost=109.160.32.46
2026-09-13T13:19:53.430700+02:00 vmi3427693 sshd[631904]: Failed password for root from 159.223.173.125 port 42362 ssh2
2026-09-13T13:19:54.064072+02:00 vmi3427693 sshd[631904]: Connection closed by authenticating user root 159.223.173.125 port 42362 [preauth]
2026-09-13T13:19:54.910374+02:00 vmi3427693 sshd[631918]: pam_unix(sshd:auth): authentication failure; logname= uid=0 euid=0 tty=ssh ruser= rhost=159.223.173.125 user=root
2026-09-13T13:19:55.121350+02:00 vmi3427693 sshd[631909]: Failed password for invalid user lixin from 14.225.23.94 port 49700 ssh2
2026-09-13T13:19:55.328247+02:00 vmi3427693 sshd[631914]: Failed password for invalid user admin from 109.160.32.46 port 38880 ssh2
2026-09-13T13:19:55.975190+02:00 vmi3427693 sshd[631914]: Connection closed by invalid user admin 109.160.32.46 port 38880 [preauth]
2026-09-13T13:19:56.449353+02:00 vmi3427693 sshd[631918]: Failed password for root from 159.223.173.125 port 48358 ssh2
2026-09-13T13:19:56.492906+02:00 vmi3427693 sshd[631909]: Connection closed by invalid user lixin 14.225.23.94 port 49700 [preauth]
2026-09-13T13:19:57.323850+02:00 vmi3427693 sshd[631918]: Connection closed by authenticating user root 159.223.173.125 port 48358 [preauth]
2026-09-13T13:19:58.095423+02:00 vmi3427693 sshd[631926]: pam_unix(sshd:auth): authentication failure; logname= uid=0 euid=0 tty=ssh ruser= rhost=159.223.173.125 user=root
2026-09-13T13:19:58.347167+02:00 vmi3427693 sshd[631930]: Invalid user jenkins from 109.160.32.46 port 60148
2026-09-13T13:19:58.364597+02:00 vmi3427693 sshd[631930]: pam_unix(sshd:auth): check pass; user unknown
2026-09-13T13:19:58.365176+02:00 vmi3427693 sshd[631930]: pam_unix(sshd:auth): authentication failure; logname= uid=0 euid=0 tty=ssh ruser= rhost=109.160.32.46
2026-09-13T13:20:00.517205+02:00 vmi3427693 sshd[631926]: Failed password for root from 159.223.173.125 port 48360 ssh2
2026-09-13T13:20:00.786606+02:00 vmi3427693 sshd[631930]: Failed password for invalid user jenkins from 109.160.32.46 port 60148 ssh2
2026-09-13T13:20:01.579144+02:00 vmi3427693 CRON[631939]: pam_unix(cron:session): session opened for user root(uid=0) by root(uid=0)
2026-09-13T13:20:01.608985+02:00 vmi3427693 CRON[631940]: pam_unix(cron:session): session opened for user root(uid=0) by root(uid=0)
2026-09-13T13:20:01.735107+02:00 vmi3427693 CRON[631940]: pam_unix(cron:session): session closed for user root
2026-09-13T13:20:02.741062+02:00 vmi3427693 sshd[631926]: Connection closed by authenticating user root 159.223.173.125 port 48360 [preauth]
2026-09-13T13:20:02.860464+02:00 vmi3427693 sshd[631930]: Connection closed by invalid user jenkins 109.160.32.46 port 60148 [preauth]
2026-09-13T13:20:03.059393+02:00 vmi3427693 sshd[631965]: Invalid user jenkins from 109.160.32.46 port 60194
2026-09-13T13:20:03.078956+02:00 vmi3427693 sshd[631965]: pam_unix(sshd:auth): check pass; user unknown
2026-09-13T13:20:03.079192+02:00 vmi3427693 sshd[631965]: pam_unix(sshd:auth): authentication failure; logname= uid=0 euid=0 tty=ssh ruser= rhost=109.160.32.46
2026-09-13T13:20:04.051017+02:00 vmi3427693 sshd[631966]: pam_unix(sshd:auth): authentication failure; logname= uid=0 euid=0 tty=ssh ruser= rhost=159.223.173.125 user=root
2026-09-13T13:20:04.524293+02:00 vmi3427693 sshd[631965]: Failed password for invalid user jenkins from 109.160.32.46 port 60194 ssh2
2026-09-13T13:20:05.404094+02:00 vmi3427693 sshd[631965]: Connection closed by invalid user jenkins 109.160.32.46 port 60194 [preauth]
2026-09-13T13:20:05.497472+02:00 vmi3427693 sshd[631966]: Failed password for root from 159.223.173.125 port 48786 ssh2
2026-09-13T13:20:06.372233+02:00 vmi3427693 sshd[631966]: Connection closed by authenticating user root 159.223.173.125 port 48786 [preauth]
2026-09-13T13:20:07.270582+02:00 vmi3427693 sshd[632053]: pam_unix(sshd:auth): authentication failure; logname= uid=0 euid=0 tty=ssh ruser= rhost=159.223.173.125 user=root
2026-09-13T13:20:08.080666+02:00 vmi3427693 sshd[632083]: Invalid user huthabuk from 109.160.32.46 port 60230
2026-09-13T13:20:08.098906+02:00 vmi3427693 sshd[632083]: pam_unix(sshd:auth): check pass; user unknown
2026-09-13T13:20:08.099090+02:00 vmi3427693 sshd[632083]: pam_unix(sshd:auth): authentication failure; logname= uid=0 euid=0 tty=ssh ruser= rhost=109.160.32.46
2026-09-13T13:20:08.185149+02:00 vmi3427693 CRON[631939]: pam_unix(cron:session): session closed for user root
2026-09-13T13:20:09.262231+02:00 vmi3427693 sshd[632053]: Failed password for root from 159.223.173.125 port 48788 ssh2
2026-09-13T13:20:09.611072+02:00 vmi3427693 sshd[632053]: Connection closed by authenticating user root 159.223.173.125 port 48788 [preauth]
2026-09-13T13:20:10.387503+02:00 vmi3427693 sshd[632088]: pam_unix(sshd:auth): authentication failure; logname= uid=0 euid=0 tty=ssh ruser= rhost=159.223.173.125 user=root
2026-09-13T13:20:10.560807+02:00 vmi3427693 sshd[632083]: Failed password for invalid user huthabuk from 109.160.32.46 port 60230 ssh2
2026-09-13T13:20:11.799075+02:00 vmi3427693 sshd[632083]: Connection closed by invalid user huthabuk 109.160.32.46 port 60230 [preauth]
2026-09-13T13:20:12.459170+02:00 vmi3427693 sshd[632088]: Failed password for root from 159.223.173.125 port 48796 ssh2
2026-09-13T13:20:12.705184+02:00 vmi3427693 sshd[632088]: Connection closed by authenticating user root 159.223.173.125 port 48796 [preauth]
2026-09-13T13:20:13.710388+02:00 vmi3427693 sshd[632097]: pam_unix(sshd:auth): authentication failure; logname= uid=0 euid=0 tty=ssh ruser= rhost=159.223.173.125 user=root
2026-09-13T13:20:13.866198+02:00 vmi3427693 sshd[632100]: pam_unix(sshd:auth): authentication failure; logname= uid=0 euid=0 tty=ssh ruser= rhost=109.160.32.46 user=root
2026-09-13T13:20:15.525779+02:00 vmi3427693 sshd[632097]: Failed password for root from 159.223.173.125 port 39250 ssh2
2026-09-13T13:20:15.682207+02:00 vmi3427693 sshd[632100]: Failed password for root from 109.160.32.46 port 60248 ssh2
2026-09-13T13:20:16.034373+02:00 vmi3427693 sshd[632097]: Connection closed by authenticating user root 159.223.173.125 port 39250 [preauth]
2026-09-13T13:20:16.102996+02:00 vmi3427693 sshd[632100]: Connection closed by authenticating user root 109.160.32.46 port 60248 [preauth]
2026-09-13T13:20:16.814243+02:00 vmi3427693 sshd[632108]: pam_unix(sshd:auth): authentication failure; logname= uid=0 euid=0 tty=ssh ruser= rhost=159.223.173.125 user=root
2026-09-13T13:20:18.374010+02:00 vmi3427693 sshd[632108]: Failed password for root from 159.223.173.125 port 39252 ssh2
2026-09-13T13:20:18.765829+02:00 vmi3427693 sshd[632114]: Invalid user myuser from 109.160.32.46 port 46604
2026-09-13T13:20:18.784790+02:00 vmi3427693 sshd[632114]: pam_unix(sshd:auth): check pass; user unknown
2026-09-13T13:20:18.785069+02:00 vmi3427693 sshd[632114]: pam_unix(sshd:auth): authentication failure; logname= uid=0 euid=0 tty=ssh ruser= rhost=109.160.32.46
2026-09-13T13:20:19.177946+02:00 vmi3427693 sshd[632108]: Connection closed by authenticating user root 159.223.173.125 port 39252 [preauth]
2026-09-13T13:20:20.099170+02:00 vmi3427693 sshd[632118]: pam_unix(sshd:auth): authentication failure; logname= uid=0 euid=0 tty=ssh ruser= rhost=159.223.173.125 user=root
2026-09-13T13:20:20.620074+02:00 vmi3427693 sshd[632114]: Failed password for invalid user myuser from 109.160.32.46 port 46604 ssh2
2026-09-13T13:20:21.575292+02:00 vmi3427693 sshd[632114]: Connection closed by invalid user myuser 109.160.32.46 port 46604 [preauth]
2026-09-13T13:20:22.541384+02:00 vmi3427693 sshd[632118]: Failed password for root from 159.223.173.125 port 39260 ssh2
2026-09-13T13:20:24.037496+02:00 vmi3427693 sshd[632130]: Invalid user ubuntu from 109.160.32.46 port 46632
2026-09-13T13:20:24.052120+02:00 vmi3427693 sshd[632130]: pam_unix(sshd:auth): check pass; user unknown
2026-09-13T13:20:24.052288+02:00 vmi3427693 sshd[632130]: pam_unix(sshd:auth): authentication failure; logname= uid=0 euid=0 tty=ssh ruser= rhost=109.160.32.46
2026-09-13T13:20:24.785320+02:00 vmi3427693 sshd[632118]: Connection closed by authenticating user root 159.223.173.125 port 39260 [preauth]
2026-09-13T13:20:25.235163+02:00 vmi3427693 sshd[632133]: Invalid user iptv from 20.127.185.37 port 42936
2026-09-13T13:20:25.241660+02:00 vmi3427693 sshd[632133]: pam_unix(sshd:auth): check pass; user unknown
2026-09-13T13:20:25.241868+02:00 vmi3427693 sshd[632133]: pam_unix(sshd:auth): authentication failure; logname= uid=0 euid=0 tty=ssh ruser= rhost=20.127.185.37
2026-09-13T13:20:25.711623+02:00 vmi3427693 sshd[632130]: Failed password for invalid user ubuntu from 109.160.32.46 port 46632 ssh2
2026-09-13T13:20:25.745094+02:00 vmi3427693 sshd[632137]: pam_unix(sshd:auth): authentication failure; logname= uid=0 euid=0 tty=ssh ruser= rhost=159.223.173.125 user=root
2026-09-13T13:20:26.088869+02:00 vmi3427693 sshd[632130]: Connection closed by invalid user ubuntu 109.160.32.46 port 46632 [preauth]
2026-09-13T13:20:26.337286+02:00 vmi3427693 sshd[632135]: Invalid user user from 46.8.31.84 port 35322
2026-09-13T13:20:26.342964+02:00 vmi3427693 sshd[632135]: pam_unix(sshd:auth): check pass; user unknown
2026-09-13T13:20:26.343309+02:00 vmi3427693 sshd[632135]: pam_unix(sshd:auth): authentication failure; logname= uid=0 euid=0 tty=ssh ruser= rhost=46.8.31.84
2026-09-13T13:20:27.372415+02:00 vmi3427693 sshd[632133]: Failed password for invalid user iptv from 20.127.185.37 port 42936 ssh2
2026-09-13T13:20:27.877038+02:00 vmi3427693 sshd[632137]: Failed password for root from 159.223.173.125 port 34704 ssh2
2026-09-13T13:20:28.046866+02:00 vmi3427693 sshd[632137]: Connection closed by authenticating user root 159.223.173.125 port 34704 [preauth]
2026-09-13T13:20:28.610146+02:00 vmi3427693 sshd[632135]: Failed password for invalid user user from 46.8.31.84 port 35322 ssh2
2026-09-13T13:20:28.717425+02:00 vmi3427693 sshd[632146]: pam_unix(sshd:auth): authentication failure; logname= uid=0 euid=0 tty=ssh ruser= rhost=159.223.173.125 user=root
2026-09-13T13:20:28.810901+02:00 vmi3427693 sshd[632133]: Received disconnect from 20.127.185.37 port 42936:11: Bye Bye [preauth]
2026-09-13T13:20:28.811154+02:00 vmi3427693 sshd[632133]: Disconnected from invalid user iptv 20.127.185.37 port 42936 [preauth]
2026-09-13T13:20:29.084002+02:00 vmi3427693 sshd[632150]: Invalid user ubuntu from 109.160.32.46 port 51918
2026-09-13T13:20:29.125432+02:00 vmi3427693 sshd[632150]: pam_unix(sshd:auth): check pass; user unknown
2026-09-13T13:20:29.125655+02:00 vmi3427693 sshd[632150]: pam_unix(sshd:auth): authentication failure; logname= uid=0 euid=0 tty=ssh ruser= rhost=109.160.32.46
2026-09-13T13:20:30.137172+02:00 vmi3427693 sshd[632153]: pam_unix(sshd:auth): authentication failure; logname= uid=0 euid=0 tty=ssh ruser= rhost=62.60.130.242 user=root
2026-09-13T13:20:30.593922+02:00 vmi3427693 sshd[632146]: Failed password for root from 159.223.173.125 port 34714 ssh2
2026-09-13T13:20:30.821287+02:00 vmi3427693 sshd[632135]: Connection closed by invalid user user 46.8.31.84 port 35322 [preauth]
2026-09-13T13:20:31.036303+02:00 vmi3427693 sshd[632146]: Connection closed by authenticating user root 159.223.173.125 port 34714 [preauth]
2026-09-13T13:20:31.136811+02:00 vmi3427693 sshd[632150]: Failed password for invalid user ubuntu from 109.160.32.46 port 51918 ssh2
2026-09-13T13:20:31.951489+02:00 vmi3427693 sshd[632153]: Failed password for root from 62.60.130.242 port 27426 ssh2
2026-09-13T13:20:31.989237+02:00 vmi3427693 sshd[632158]: pam_unix(sshd:auth): authentication failure; logname= uid=0 euid=0 tty=ssh ruser= rhost=159.223.173.125 user=root
2026-09-13T13:20:33.057504+02:00 vmi3427693 sshd[632150]: Connection closed by invalid user ubuntu 109.160.32.46 port 51918 [preauth]
2026-09-13T13:20:34.194983+02:00 vmi3427693 sshd[632166]: pam_unix(sshd:auth): authentication failure; logname= uid=0 euid=0 tty=ssh ruser= rhost=109.160.32.46 user=root
2026-09-13T13:20:34.276187+02:00 vmi3427693 sshd[632158]: Failed password for root from 159.223.173.125 port 34718 ssh2
2026-09-13T13:20:34.539910+02:00 vmi3427693 sshd[632153]: Failed password for root from 62.60.130.242 port 27426 ssh2
2026-09-13T13:20:35.157242+02:00 vmi3427693 sshd[632168]: Invalid user web from 202.152.148.30 port 58328
2026-09-13T13:20:35.226493+02:00 vmi3427693 sshd[632168]: pam_unix(sshd:auth): check pass; user unknown
2026-09-13T13:20:35.226692+02:00 vmi3427693 sshd[632168]: pam_unix(sshd:auth): authentication failure; logname= uid=0 euid=0 tty=ssh ruser= rhost=202.152.148.30
2026-09-13T13:20:35.894404+02:00 vmi3427693 sshd[632166]: Failed password for root from 109.160.32.46 port 52072 ssh2
2026-09-13T13:20:36.476756+02:00 vmi3427693 sshd[632153]: Failed password for root from 62.60.130.242 port 27426 ssh2
2026-09-13T13:20:36.478504+02:00 vmi3427693 sshd[632166]: Connection closed by authenticating user root 109.160.32.46 port 52072 [preauth]
2026-09-13T13:20:36.616873+02:00 vmi3427693 sshd[632158]: Connection closed by authenticating user root 159.223.173.125 port 34718 [preauth]
2026-09-13T13:20:37.073787+02:00 vmi3427693 sshd[632168]: Failed password for invalid user web from 202.152.148.30 port 58328 ssh2
2026-09-13T13:20:37.707903+02:00 vmi3427693 sshd[632175]: pam_unix(sshd:auth): authentication failure; logname= uid=0 euid=0 tty=ssh ruser= rhost=159.223.173.125 user=root
2026-09-13T13:20:38.216489+02:00 vmi3427693 sshd[632168]: Received disconnect from 202.152.148.30 port 58328:11: Bye Bye [preauth]
2026-09-13T13:20:38.216847+02:00 vmi3427693 sshd[632168]: Disconnected from invalid user web 202.152.148.30 port 58328 [preauth]
2026-09-13T13:20:39.243366+02:00 vmi3427693 sshd[632153]: Failed password for root from 62.60.130.242 port 27426 ssh2
2026-09-13T13:20:39.647725+02:00 vmi3427693 sshd[632183]: pam_unix(sshd:auth): authentication failure; logname= uid=0 euid=0 tty=ssh ruser= rhost=109.160.32.46 user=root
2026-09-13T13:20:39.819291+02:00 vmi3427693 sshd[632175]: Failed password for root from 159.223.173.125 port 45310 ssh2
2026-09-13T13:20:40.033222+02:00 vmi3427693 sshd[632175]: Connection closed by authenticating user root 159.223.173.125 port 45310 [preauth]
2026-09-13T13:20:40.781068+02:00 vmi3427693 sshd[632153]: Failed password for root from 62.60.130.242 port 27426 ssh2
2026-09-13T13:20:40.781684+02:00 vmi3427693 sshd[632187]: pam_unix(sshd:auth): authentication failure; logname= uid=0 euid=0 tty=ssh ruser= rhost=159.223.173.125 user=root
2026-09-13T13:20:41.031087+02:00 vmi3427693 sshd[632183]: Failed password for root from 109.160.32.46 port 33054 ssh2
2026-09-13T13:20:41.651927+02:00 vmi3427693 sshd[632153]: Connection reset by authenticating user root 62.60.130.242 port 27426 [preauth]
2026-09-13T13:20:41.701669+02:00 vmi3427693 sshd[632153]: PAM 4 more authentication failures; logname= uid=0 euid=0 tty=ssh ruser= rhost=62.60.130.242 user=root
2026-09-13T13:20:41.702685+02:00 vmi3427693 sshd[632153]: PAM service(sshd) ignoring max retries; 5 > 3
2026-09-13T13:20:41.870568+02:00 vmi3427693 sshd[632183]: Connection closed by authenticating user root 109.160.32.46 port 33054 [preauth]
2026-09-13T13:20:42.638431+02:00 vmi3427693 sshd[632187]: Failed password for root from 159.223.173.125 port 45322 ssh2
2026-09-13T13:20:43.138382+02:00 vmi3427693 sshd[632187]: Connection closed by authenticating user root 159.223.173.125 port 45322 [preauth]
2026-09-13T13:20:44.019692+02:00 vmi3427693 sshd[632198]: pam_unix(sshd:auth): authentication failure; logname= uid=0 euid=0 tty=ssh ruser= rhost=159.223.173.125 user=root
2026-09-13T13:20:44.247547+02:00 vmi3427693 sshd[632196]: Invalid user admin from 58.152.42.212 port 46460
2026-09-13T13:20:44.254407+02:00 vmi3427693 sshd[632196]: pam_unix(sshd:auth): check pass; user unknown
2026-09-13T13:20:44.255497+02:00 vmi3427693 sshd[632196]: pam_unix(sshd:auth): authentication failure; logname= uid=0 euid=0 tty=ssh ruser= rhost=58.152.42.212
2026-09-13T13:20:44.263150+02:00 vmi3427693 sshd[632202]: Invalid user david from 109.160.32.46 port 33144
2026-09-13T13:20:44.278831+02:00 vmi3427693 sshd[632202]: pam_unix(sshd:auth): check pass; user unknown
2026-09-13T13:20:44.279106+02:00 vmi3427693 sshd[632202]: pam_unix(sshd:auth): authentication failure; logname= uid=0 euid=0 tty=ssh ruser= rhost=109.160.32.46
2026-09-13T13:20:45.954789+02:00 vmi3427693 sshd[632198]: Failed password for root from 159.223.173.125 port 59392 ssh2
2026-09-13T13:20:46.342612+02:00 vmi3427693 sshd[632198]: Connection closed by authenticating user root 159.223.173.125 port 59392 [preauth]
2026-09-13T13:20:46.661860+02:00 vmi3427693 sshd[632196]: Failed password for invalid user admin from 58.152.42.212 port 46460 ssh2
2026-09-13T13:20:46.686284+02:00 vmi3427693 sshd[632202]: Failed password for invalid user david from 109.160.32.46 port 33144 ssh2
2026-09-13T13:20:47.058876+02:00 vmi3427693 sshd[632209]: pam_unix(sshd:auth): authentication failure; logname= uid=0 euid=0 tty=ssh ruser= rhost=159.223.173.125 user=root
2026-09-13T13:20:47.123464+02:00 vmi3427693 sshd[632196]: Received disconnect from 58.152.42.212 port 46460:11: Bye Bye [preauth]
2026-09-13T13:20:47.123704+02:00 vmi3427693 sshd[632196]: Disconnected from invalid user admin 58.152.42.212 port 46460 [preauth]
2026-09-13T13:20:48.136981+02:00 vmi3427693 sshd[632202]: Connection closed by invalid user david 109.160.32.46 port 33144 [preauth]
2026-09-13T13:20:48.739882+02:00 vmi3427693 sshd[632209]: Failed password for root from 159.223.173.125 port 59404 ssh2
2026-09-13T13:20:49.276375+02:00 vmi3427693 sshd[632217]: Invalid user david from 109.160.32.46 port 33116
2026-09-13T13:20:49.295816+02:00 vmi3427693 sshd[632217]: pam_unix(sshd:auth): check pass; user unknown
2026-09-13T13:20:49.296062+02:00 vmi3427693 sshd[632217]: pam_unix(sshd:auth): authentication failure; logname= uid=0 euid=0 tty=ssh ruser= rhost=109.160.32.46
2026-09-13T13:20:49.471048+02:00 vmi3427693 sshd[632209]: Connection closed by authenticating user root 159.223.173.125 port 59404 [preauth]
