2026-09-13T11:45:52.289126+02:00 vmi3427693 sshd[615591]: error: maximum authentication attempts exceeded for root from 223.134.89.104 port 36886 ssh2 [preauth]
2026-09-13T11:45:52.289403+02:00 vmi3427693 sshd[615591]: Disconnecting authenticating user root 223.134.89.104 port 36886: Too many authentication failures [preauth]
2026-09-13T11:45:52.290267+02:00 vmi3427693 sshd[615591]: PAM 5 more authentication failures; logname= uid=0 euid=0 tty=ssh ruser= rhost=223.134.89.104 user=root
2026-09-13T11:45:52.290548+02:00 vmi3427693 sshd[615591]: PAM service(sshd) ignoring max retries; 6 > 3
2026-09-13T11:45:55.570782+02:00 vmi3427693 sshd[615754]: pam_unix(sshd:auth): authentication failure; logname= uid=0 euid=0 tty=ssh ruser= rhost=80.94.92.55 user=root
2026-09-13T11:45:56.737278+02:00 vmi3427693 sshd[615708]: pam_unix(sshd:auth): authentication failure; logname= uid=0 euid=0 tty=ssh ruser= rhost=223.134.89.104 user=root
2026-09-13T11:45:57.308901+02:00 vmi3427693 sshd[615754]: Failed password for root from 80.94.92.55 port 38204 ssh2
2026-09-13T11:45:57.957665+02:00 vmi3427693 sshd[615754]: Connection closed by authenticating user root 80.94.92.55 port 38204 [preauth]
2026-09-13T11:45:58.944598+02:00 vmi3427693 sshd[615708]: Failed password for root from 223.134.89.104 port 52872 ssh2
2026-09-13T11:46:01.507746+02:00 vmi3427693 CRON[615778]: pam_unix(cron:session): session opened for user root(uid=0) by root(uid=0)
2026-09-13T11:46:01.580596+02:00 vmi3427693 CRON[615778]: pam_unix(cron:session): session closed for user root
2026-09-13T11:46:03.419915+02:00 vmi3427693 sshd[615708]: Failed password for root from 223.134.89.104 port 52872 ssh2
2026-09-13T11:46:06.185487+02:00 vmi3427693 sshd[615708]: Failed password for root from 223.134.89.104 port 52872 ssh2
2026-09-13T11:46:08.780484+02:00 vmi3427693 sshd[615708]: Failed password for root from 223.134.89.104 port 52872 ssh2
2026-09-13T11:46:13.305210+02:00 vmi3427693 sshd[615708]: Failed password for root from 223.134.89.104 port 52872 ssh2
2026-09-13T11:46:15.399621+02:00 vmi3427693 sshd[615708]: Failed password for root from 223.134.89.104 port 52872 ssh2
2026-09-13T11:46:16.071970+02:00 vmi3427693 sshd[615708]: error: maximum authentication attempts exceeded for root from 223.134.89.104 port 52872 ssh2 [preauth]
2026-09-13T11:46:16.072252+02:00 vmi3427693 sshd[615708]: Disconnecting authenticating user root 223.134.89.104 port 52872: Too many authentication failures [preauth]
2026-09-13T11:46:16.073055+02:00 vmi3427693 sshd[615708]: PAM 5 more authentication failures; logname= uid=0 euid=0 tty=ssh ruser= rhost=223.134.89.104 user=root
2026-09-13T11:46:16.073322+02:00 vmi3427693 sshd[615708]: PAM service(sshd) ignoring max retries; 6 > 3
2026-09-13T11:46:20.692712+02:00 vmi3427693 sshd[615812]: pam_unix(sshd:auth): authentication failure; logname= uid=0 euid=0 tty=ssh ruser= rhost=223.134.89.104 user=root
2026-09-13T11:46:22.860038+02:00 vmi3427693 sshd[615812]: Failed password for root from 223.134.89.104 port 47916 ssh2
2026-09-13T11:46:25.092603+02:00 vmi3427693 sshd[615812]: Failed password for root from 223.134.89.104 port 47916 ssh2
2026-09-13T11:46:27.748314+02:00 vmi3427693 sshd[615833]: Invalid user dan from 163.7.13.17 port 45232
2026-09-13T11:46:27.759255+02:00 vmi3427693 sshd[615833]: pam_unix(sshd:auth): check pass; user unknown
2026-09-13T11:46:27.759550+02:00 vmi3427693 sshd[615833]: pam_unix(sshd:auth): authentication failure; logname= uid=0 euid=0 tty=ssh ruser= rhost=163.7.13.17
2026-09-13T11:46:27.876100+02:00 vmi3427693 sshd[615812]: Failed password for root from 223.134.89.104 port 47916 ssh2
2026-09-13T11:46:29.808276+02:00 vmi3427693 sshd[615812]: Failed password for root from 223.134.89.104 port 47916 ssh2
2026-09-13T11:46:30.222996+02:00 vmi3427693 sshd[615833]: Failed password for invalid user dan from 163.7.13.17 port 45232 ssh2
2026-09-13T11:46:32.117251+02:00 vmi3427693 sshd[615833]: Received disconnect from 163.7.13.17 port 45232:11: Bye Bye [preauth]
2026-09-13T11:46:32.117569+02:00 vmi3427693 sshd[615833]: Disconnected from invalid user dan 163.7.13.17 port 45232 [preauth]
2026-09-13T11:46:32.918183+02:00 vmi3427693 sshd[615812]: Failed password for root from 223.134.89.104 port 47916 ssh2
2026-09-13T11:46:34.861492+02:00 vmi3427693 sshd[615812]: Failed password for root from 223.134.89.104 port 47916 ssh2
2026-09-13T11:46:35.440348+02:00 vmi3427693 sshd[615812]: error: maximum authentication attempts exceeded for root from 223.134.89.104 port 47916 ssh2 [preauth]
2026-09-13T11:46:35.441643+02:00 vmi3427693 sshd[615812]: Disconnecting authenticating user root 223.134.89.104 port 47916: Too many authentication failures [preauth]
2026-09-13T11:46:35.441818+02:00 vmi3427693 sshd[615812]: PAM 5 more authentication failures; logname= uid=0 euid=0 tty=ssh ruser= rhost=223.134.89.104 user=root
2026-09-13T11:46:35.441938+02:00 vmi3427693 sshd[615812]: PAM service(sshd) ignoring max retries; 6 > 3
2026-09-13T11:46:37.202471+02:00 vmi3427693 sshd[615865]: Invalid user ts3server from 103.157.149.14 port 42112
2026-09-13T11:46:37.211629+02:00 vmi3427693 sshd[615865]: pam_unix(sshd:auth): check pass; user unknown
2026-09-13T11:46:37.211845+02:00 vmi3427693 sshd[615865]: pam_unix(sshd:auth): authentication failure; logname= uid=0 euid=0 tty=ssh ruser= rhost=103.157.149.14
2026-09-13T11:46:39.016368+02:00 vmi3427693 sshd[615862]: pam_unix(sshd:auth): authentication failure; logname= uid=0 euid=0 tty=ssh ruser= rhost=223.134.89.104 user=root
2026-09-13T11:46:39.048897+02:00 vmi3427693 sshd[615865]: Failed password for invalid user ts3server from 103.157.149.14 port 42112 ssh2
2026-09-13T11:46:39.319030+02:00 vmi3427693 sshd[615865]: Received disconnect from 103.157.149.14 port 42112:11: Bye Bye [preauth]
2026-09-13T11:46:39.319296+02:00 vmi3427693 sshd[615865]: Disconnected from invalid user ts3server 103.157.149.14 port 42112 [preauth]
2026-09-13T11:46:40.992107+02:00 vmi3427693 sshd[615862]: Failed password for root from 223.134.89.104 port 45674 ssh2
2026-09-13T11:46:41.465011+02:00 vmi3427693 sshd[615862]: Received disconnect from 223.134.89.104 port 45674:11: disconnected by user [preauth]
2026-09-13T11:46:41.465626+02:00 vmi3427693 sshd[615862]: Disconnected from authenticating user root 223.134.89.104 port 45674 [preauth]
2026-09-13T11:46:41.724493+02:00 vmi3427693 sshd[615879]: Invalid user user from 46.8.31.84 port 60710
2026-09-13T11:46:41.735240+02:00 vmi3427693 sshd[615879]: pam_unix(sshd:auth): check pass; user unknown
2026-09-13T11:46:41.735630+02:00 vmi3427693 sshd[615879]: pam_unix(sshd:auth): authentication failure; logname= uid=0 euid=0 tty=ssh ruser= rhost=46.8.31.84
2026-09-13T11:46:44.123393+02:00 vmi3427693 sshd[615879]: Failed password for invalid user user from 46.8.31.84 port 60710 ssh2
2026-09-13T11:46:44.581471+02:00 vmi3427693 sshd[615884]: Invalid user admin from 223.134.89.104 port 56706
2026-09-13T11:46:44.593348+02:00 vmi3427693 sshd[615884]: pam_unix(sshd:auth): check pass; user unknown
2026-09-13T11:46:44.593932+02:00 vmi3427693 sshd[615884]: pam_unix(sshd:auth): authentication failure; logname= uid=0 euid=0 tty=ssh ruser= rhost=223.134.89.104
2026-09-13T11:46:46.058193+02:00 vmi3427693 sshd[615884]: Failed password for invalid user admin from 223.134.89.104 port 56706 ssh2
2026-09-13T11:46:46.142715+02:00 vmi3427693 sshd[615879]: Connection closed by invalid user user 46.8.31.84 port 60710 [preauth]
2026-09-13T11:46:47.554120+02:00 vmi3427693 sshd[615884]: pam_unix(sshd:auth): check pass; user unknown
2026-09-13T11:46:49.430629+02:00 vmi3427693 sshd[615884]: Failed password for invalid user admin from 223.134.89.104 port 56706 ssh2
2026-09-13T11:46:50.636500+02:00 vmi3427693 sshd[615884]: pam_unix(sshd:auth): check pass; user unknown
2026-09-13T11:46:52.594128+02:00 vmi3427693 sshd[615884]: Failed password for invalid user admin from 223.134.89.104 port 56706 ssh2
2026-09-13T11:46:53.568900+02:00 vmi3427693 sshd[615884]: pam_unix(sshd:auth): check pass; user unknown
2026-09-13T11:46:55.936994+02:00 vmi3427693 sshd[615884]: Failed password for invalid user admin from 223.134.89.104 port 56706 ssh2
2026-09-13T11:46:56.514787+02:00 vmi3427693 sshd[615884]: pam_unix(sshd:auth): check pass; user unknown
2026-09-13T11:46:57.960158+02:00 vmi3427693 sshd[615884]: Failed password for invalid user admin from 223.134.89.104 port 56706 ssh2
2026-09-13T11:46:59.455405+02:00 vmi3427693 sshd[615884]: pam_unix(sshd:auth): check pass; user unknown
2026-09-13T11:47:01.311739+02:00 vmi3427693 sshd[615884]: Failed password for invalid user admin from 223.134.89.104 port 56706 ssh2
2026-09-13T11:47:01.600998+02:00 vmi3427693 CRON[615923]: pam_unix(cron:session): session opened for user root(uid=0) by root(uid=0)
2026-09-13T11:47:01.667235+02:00 vmi3427693 CRON[615923]: pam_unix(cron:session): session closed for user root
2026-09-13T11:47:02.145604+02:00 vmi3427693 sshd[615884]: error: maximum authentication attempts exceeded for invalid user admin from 223.134.89.104 port 56706 ssh2 [preauth]
2026-09-13T11:47:02.145938+02:00 vmi3427693 sshd[615884]: Disconnecting invalid user admin 223.134.89.104 port 56706: Too many authentication failures [preauth]
2026-09-13T11:47:02.147864+02:00 vmi3427693 sshd[615884]: PAM 5 more authentication failures; logname= uid=0 euid=0 tty=ssh ruser= rhost=223.134.89.104
2026-09-13T11:47:02.148121+02:00 vmi3427693 sshd[615884]: PAM service(sshd) ignoring max retries; 6 > 3
2026-09-13T11:47:05.506910+02:00 vmi3427693 sshd[615927]: Invalid user admin from 223.134.89.104 port 33998
2026-09-13T11:47:05.512711+02:00 vmi3427693 sshd[615927]: pam_unix(sshd:auth): check pass; user unknown
2026-09-13T11:47:05.512958+02:00 vmi3427693 sshd[615927]: pam_unix(sshd:auth): authentication failure; logname= uid=0 euid=0 tty=ssh ruser= rhost=223.134.89.104
2026-09-13T11:47:07.859935+02:00 vmi3427693 sshd[615927]: Failed password for invalid user admin from 223.134.89.104 port 33998 ssh2
2026-09-13T11:47:08.436928+02:00 vmi3427693 sshd[615927]: pam_unix(sshd:auth): check pass; user unknown
2026-09-13T11:47:09.862029+02:00 vmi3427693 sshd[615927]: Failed password for invalid user admin from 223.134.89.104 port 33998 ssh2
2026-09-13T11:47:11.383020+02:00 vmi3427693 sshd[615927]: pam_unix(sshd:auth): check pass; user unknown
2026-09-13T11:47:13.554933+02:00 vmi3427693 sshd[615927]: Failed password for invalid user admin from 223.134.89.104 port 33998 ssh2
2026-09-13T11:47:14.355157+02:00 vmi3427693 sshd[615927]: pam_unix(sshd:auth): check pass; user unknown
2026-09-13T11:47:16.272090+02:00 vmi3427693 sshd[615927]: Failed password for invalid user admin from 223.134.89.104 port 33998 ssh2
2026-09-13T11:47:17.290709+02:00 vmi3427693 sshd[615927]: pam_unix(sshd:auth): check pass; user unknown
2026-09-13T11:47:19.618837+02:00 vmi3427693 sshd[615927]: Failed password for invalid user admin from 223.134.89.104 port 33998 ssh2
2026-09-13T11:47:20.217293+02:00 vmi3427693 sshd[615927]: pam_unix(sshd:auth): check pass; user unknown
2026-09-13T11:47:21.960030+02:00 vmi3427693 sshd[615927]: Failed password for invalid user admin from 223.134.89.104 port 33998 ssh2
2026-09-13T11:47:22.910248+02:00 vmi3427693 sshd[615927]: error: maximum authentication attempts exceeded for invalid user admin from 223.134.89.104 port 33998 ssh2 [preauth]
2026-09-13T11:47:22.910628+02:00 vmi3427693 sshd[615927]: Disconnecting invalid user admin 223.134.89.104 port 33998: Too many authentication failures [preauth]
2026-09-13T11:47:22.910739+02:00 vmi3427693 sshd[615927]: PAM 5 more authentication failures; logname= uid=0 euid=0 tty=ssh ruser= rhost=223.134.89.104
2026-09-13T11:47:22.910902+02:00 vmi3427693 sshd[615927]: PAM service(sshd) ignoring max retries; 6 > 3
2026-09-13T11:47:26.262010+02:00 vmi3427693 sshd[615948]: Invalid user admin from 223.134.89.104 port 44766
2026-09-13T11:47:26.273091+02:00 vmi3427693 sshd[615948]: pam_unix(sshd:auth): check pass; user unknown
2026-09-13T11:47:26.273386+02:00 vmi3427693 sshd[615948]: pam_unix(sshd:auth): authentication failure; logname= uid=0 euid=0 tty=ssh ruser= rhost=223.134.89.104
2026-09-13T11:47:27.838388+02:00 vmi3427693 sshd[615948]: Failed password for invalid user admin from 223.134.89.104 port 44766 ssh2
2026-09-13T11:47:29.177581+02:00 vmi3427693 sshd[615948]: pam_unix(sshd:auth): check pass; user unknown
2026-09-13T11:47:31.154004+02:00 vmi3427693 sshd[615948]: Failed password for invalid user admin from 223.134.89.104 port 44766 ssh2
2026-09-13T11:47:32.095434+02:00 vmi3427693 sshd[615948]: pam_unix(sshd:auth): check pass; user unknown
2026-09-13T11:47:33.817415+02:00 vmi3427693 sshd[615948]: Failed password for invalid user admin from 223.134.89.104 port 44766 ssh2
2026-09-13T11:47:35.027050+02:00 vmi3427693 sshd[615948]: pam_unix(sshd:auth): check pass; user unknown
2026-09-13T11:47:37.495087+02:00 vmi3427693 sshd[615948]: Failed password for invalid user admin from 223.134.89.104 port 44766 ssh2
2026-09-13T11:47:37.946275+02:00 vmi3427693 sshd[615948]: Received disconnect from 223.134.89.104 port 44766:11: disconnected by user [preauth]
2026-09-13T11:47:37.946512+02:00 vmi3427693 sshd[615948]: Disconnected from invalid user admin 223.134.89.104 port 44766 [preauth]
2026-09-13T11:47:37.947393+02:00 vmi3427693 sshd[615948]: PAM 3 more authentication failures; logname= uid=0 euid=0 tty=ssh ruser= rhost=223.134.89.104
2026-09-13T11:47:37.947833+02:00 vmi3427693 sshd[615948]: PAM service(sshd) ignoring max retries; 4 > 3
2026-09-13T11:47:41.145034+02:00 vmi3427693 sshd[615975]: Invalid user admin from 163.7.13.17 port 37124
2026-09-13T11:47:41.150340+02:00 vmi3427693 sshd[615975]: pam_unix(sshd:auth): check pass; user unknown
2026-09-13T11:47:41.150572+02:00 vmi3427693 sshd[615975]: pam_unix(sshd:auth): authentication failure; logname= uid=0 euid=0 tty=ssh ruser= rhost=163.7.13.17
2026-09-13T11:47:41.386600+02:00 vmi3427693 sshd[615970]: Invalid user oracle from 223.134.89.104 port 48572
2026-09-13T11:47:41.391877+02:00 vmi3427693 sshd[615970]: pam_unix(sshd:auth): check pass; user unknown
2026-09-13T11:47:41.392068+02:00 vmi3427693 sshd[615970]: pam_unix(sshd:auth): authentication failure; logname= uid=0 euid=0 tty=ssh ruser= rhost=223.134.89.104
2026-09-13T11:47:43.107234+02:00 vmi3427693 sshd[615975]: Failed password for invalid user admin from 163.7.13.17 port 37124 ssh2
2026-09-13T11:47:43.348788+02:00 vmi3427693 sshd[615970]: Failed password for invalid user oracle from 223.134.89.104 port 48572 ssh2
2026-09-13T11:47:43.848696+02:00 vmi3427693 sshd[615970]: pam_unix(sshd:auth): check pass; user unknown
2026-09-13T11:47:44.011319+02:00 vmi3427693 sshd[615975]: Received disconnect from 163.7.13.17 port 37124:11: Bye Bye [preauth]
2026-09-13T11:47:44.011630+02:00 vmi3427693 sshd[615975]: Disconnected from invalid user admin 163.7.13.17 port 37124 [preauth]
2026-09-13T11:47:45.745681+02:00 vmi3427693 sshd[615970]: Failed password for invalid user oracle from 223.134.89.104 port 48572 ssh2
2026-09-13T11:47:45.805499+02:00 vmi3427693 sshd[615981]: pam_unix(sshd:auth): authentication failure; logname= uid=0 euid=0 tty=ssh ruser= rhost=103.157.149.14 user=root
2026-09-13T11:47:46.381078+02:00 vmi3427693 sshd[615970]: pam_unix(sshd:auth): check pass; user unknown
2026-09-13T11:47:47.646811+02:00 vmi3427693 sshd[615981]: Failed password for root from 103.157.149.14 port 43744 ssh2
2026-09-13T11:47:48.159867+02:00 vmi3427693 sshd[615981]: Received disconnect from 103.157.149.14 port 43744:11: Bye Bye [preauth]
2026-09-13T11:47:48.160785+02:00 vmi3427693 sshd[615981]: Disconnected from authenticating user root 103.157.149.14 port 43744 [preauth]
2026-09-13T11:47:48.381133+02:00 vmi3427693 sshd[615970]: Failed password for invalid user oracle from 223.134.89.104 port 48572 ssh2
2026-09-13T11:47:48.844066+02:00 vmi3427693 sshd[615970]: pam_unix(sshd:auth): check pass; user unknown
2026-09-13T11:47:51.096607+02:00 vmi3427693 sshd[615970]: Failed password for invalid user oracle from 223.134.89.104 port 48572 ssh2
2026-09-13T11:47:53.538255+02:00 vmi3427693 sshd[615970]: pam_unix(sshd:auth): check pass; user unknown
2026-09-13T11:47:55.474080+02:00 vmi3427693 sshd[615970]: Failed password for invalid user oracle from 223.134.89.104 port 48572 ssh2
2026-09-13T11:47:56.004722+02:00 vmi3427693 sshd[615970]: pam_unix(sshd:auth): check pass; user unknown
2026-09-13T11:47:58.022051+02:00 vmi3427693 sshd[615970]: Failed password for invalid user oracle from 223.134.89.104 port 48572 ssh2
2026-09-13T11:47:58.233307+02:00 vmi3427693 sshd[615970]: error: maximum authentication attempts exceeded for invalid user oracle from 223.134.89.104 port 48572 ssh2 [preauth]
2026-09-13T11:47:58.234420+02:00 vmi3427693 sshd[615970]: Disconnecting invalid user oracle 223.134.89.104 port 48572: Too many authentication failures [preauth]
2026-09-13T11:47:58.235141+02:00 vmi3427693 sshd[615970]: PAM 5 more authentication failures; logname= uid=0 euid=0 tty=ssh ruser= rhost=223.134.89.104
2026-09-13T11:47:58.235401+02:00 vmi3427693 sshd[615970]: PAM service(sshd) ignoring max retries; 6 > 3
2026-09-13T11:48:01.688965+02:00 vmi3427693 CRON[616005]: pam_unix(cron:session): session opened for user root(uid=0) by root(uid=0)
2026-09-13T11:48:01.862255+02:00 vmi3427693 CRON[616005]: pam_unix(cron:session): session closed for user root
2026-09-13T11:48:02.246962+02:00 vmi3427693 sshd[615999]: Invalid user oracle from 223.134.89.104 port 57800
2026-09-13T11:48:02.273431+02:00 vmi3427693 sshd[615999]: pam_unix(sshd:auth): check pass; user unknown
2026-09-13T11:48:02.273660+02:00 vmi3427693 sshd[615999]: pam_unix(sshd:auth): authentication failure; logname= uid=0 euid=0 tty=ssh ruser= rhost=223.134.89.104
2026-09-13T11:48:04.445738+02:00 vmi3427693 sshd[615999]: Failed password for invalid user oracle from 223.134.89.104 port 57800 ssh2
2026-09-13T11:48:04.741503+02:00 vmi3427693 sshd[615999]: pam_unix(sshd:auth): check pass; user unknown
2026-09-13T11:48:06.523181+02:00 vmi3427693 sshd[615999]: Failed password for invalid user oracle from 223.134.89.104 port 57800 ssh2
2026-09-13T11:48:07.200385+02:00 vmi3427693 sshd[615999]: pam_unix(sshd:auth): check pass; user unknown
2026-09-13T11:48:09.061764+02:00 vmi3427693 sshd[615999]: Failed password for invalid user oracle from 223.134.89.104 port 57800 ssh2
2026-09-13T11:48:09.667761+02:00 vmi3427693 sshd[615999]: pam_unix(sshd:auth): check pass; user unknown
2026-09-13T11:48:11.467112+02:00 vmi3427693 sshd[615999]: Failed password for invalid user oracle from 223.134.89.104 port 57800 ssh2
2026-09-13T11:48:11.753222+02:00 vmi3427693 sshd[616021]: pam_unix(sshd:auth): authentication failure; logname= uid=0 euid=0 tty=ssh ruser= rhost=80.94.92.55 user=root
2026-09-13T11:48:12.135438+02:00 vmi3427693 sshd[615999]: pam_unix(sshd:auth): check pass; user unknown
2026-09-13T11:48:14.162063+02:00 vmi3427693 sshd[616021]: Failed password for root from 80.94.92.55 port 41396 ssh2
2026-09-13T11:48:14.348146+02:00 vmi3427693 sshd[615999]: Failed password for invalid user oracle from 223.134.89.104 port 57800 ssh2
2026-09-13T11:48:14.612740+02:00 vmi3427693 sshd[615999]: pam_unix(sshd:auth): check pass; user unknown
2026-09-13T11:48:16.482834+02:00 vmi3427693 sshd[616021]: Connection closed by authenticating user root 80.94.92.55 port 41396 [preauth]
2026-09-13T11:48:16.764484+02:00 vmi3427693 sshd[615999]: Failed password for invalid user oracle from 223.134.89.104 port 57800 ssh2
2026-09-13T11:48:16.841207+02:00 vmi3427693 sshd[615999]: error: maximum authentication attempts exceeded for invalid user oracle from 223.134.89.104 port 57800 ssh2 [preauth]
2026-09-13T11:48:16.841497+02:00 vmi3427693 sshd[615999]: Disconnecting invalid user oracle 223.134.89.104 port 57800: Too many authentication failures [preauth]
2026-09-13T11:48:16.842699+02:00 vmi3427693 sshd[615999]: PAM 5 more authentication failures; logname= uid=0 euid=0 tty=ssh ruser= rhost=223.134.89.104
2026-09-13T11:48:16.842971+02:00 vmi3427693 sshd[615999]: PAM service(sshd) ignoring max retries; 6 > 3
2026-09-13T11:48:20.705165+02:00 vmi3427693 sshd[616028]: Invalid user oracle from 223.134.89.104 port 48322
2026-09-13T11:48:20.716082+02:00 vmi3427693 sshd[616028]: pam_unix(sshd:auth): check pass; user unknown
2026-09-13T11:48:20.717114+02:00 vmi3427693 sshd[616028]: pam_unix(sshd:auth): authentication failure; logname= uid=0 euid=0 tty=ssh ruser= rhost=223.134.89.104
2026-09-13T11:48:23.032177+02:00 vmi3427693 sshd[616028]: Failed password for invalid user oracle from 223.134.89.104 port 48322 ssh2
2026-09-13T11:48:23.632000+02:00 vmi3427693 sshd[616033]: Invalid user admin from 46.8.31.84 port 47326
2026-09-13T11:48:23.639034+02:00 vmi3427693 sshd[616033]: pam_unix(sshd:auth): check pass; user unknown
2026-09-13T11:48:23.639356+02:00 vmi3427693 sshd[616033]: pam_unix(sshd:auth): authentication failure; logname= uid=0 euid=0 tty=ssh ruser= rhost=46.8.31.84
2026-09-13T11:48:25.393628+02:00 vmi3427693 sshd[616028]: pam_unix(sshd:auth): check pass; user unknown
2026-09-13T11:48:25.696159+02:00 vmi3427693 sshd[616033]: Failed password for invalid user admin from 46.8.31.84 port 47326 ssh2
2026-09-13T11:48:26.426926+02:00 vmi3427693 sshd[616033]: Connection closed by invalid user admin 46.8.31.84 port 47326 [preauth]
2026-09-13T11:48:27.390422+02:00 vmi3427693 sshd[616028]: Failed password for invalid user oracle from 223.134.89.104 port 48322 ssh2
2026-09-13T11:48:27.874668+02:00 vmi3427693 sshd[616028]: Received disconnect from 223.134.89.104 port 48322:11: disconnected by user [preauth]
2026-09-13T11:48:27.874930+02:00 vmi3427693 sshd[616028]: Disconnected from invalid user oracle 223.134.89.104 port 48322 [preauth]
2026-09-13T11:48:27.875902+02:00 vmi3427693 sshd[616028]: PAM 1 more authentication failure; logname= uid=0 euid=0 tty=ssh ruser= rhost=223.134.89.104
2026-09-13T11:48:31.668004+02:00 vmi3427693 sshd[616042]: Invalid user usuario from 223.134.89.104 port 60150
2026-09-13T11:48:31.674093+02:00 vmi3427693 sshd[616042]: pam_unix(sshd:auth): check pass; user unknown
2026-09-13T11:48:31.674245+02:00 vmi3427693 sshd[616042]: pam_unix(sshd:auth): authentication failure; logname= uid=0 euid=0 tty=ssh ruser= rhost=223.134.89.104
2026-09-13T11:48:33.496298+02:00 vmi3427693 sshd[616042]: Failed password for invalid user usuario from 223.134.89.104 port 60150 ssh2
2026-09-13T11:48:33.761760+02:00 vmi3427693 sshd[616042]: pam_unix(sshd:auth): check pass; user unknown
2026-09-13T11:48:35.521089+02:00 vmi3427693 sshd[616042]: Failed password for invalid user usuario from 223.134.89.104 port 60150 ssh2
2026-09-13T11:48:35.848055+02:00 vmi3427693 sshd[616042]: pam_unix(sshd:auth): check pass; user unknown
2026-09-13T11:48:37.885102+02:00 vmi3427693 sshd[616042]: Failed password for invalid user usuario from 223.134.89.104 port 60150 ssh2
2026-09-13T11:48:39.791350+02:00 vmi3427693 sshd[616042]: pam_unix(sshd:auth): check pass; user unknown
2026-09-13T11:48:41.045012+02:00 vmi3427693 sshd[616042]: Failed password for invalid user usuario from 223.134.89.104 port 60150 ssh2
2026-09-13T11:48:41.882959+02:00 vmi3427693 sshd[616042]: pam_unix(sshd:auth): check pass; user unknown
2026-09-13T11:48:44.412001+02:00 vmi3427693 sshd[616042]: Failed password for invalid user usuario from 223.134.89.104 port 60150 ssh2
2026-09-13T11:48:45.841356+02:00 vmi3427693 sshd[616042]: pam_unix(sshd:auth): check pass; user unknown
2026-09-13T11:48:47.920365+02:00 vmi3427693 sshd[616042]: Failed password for invalid user usuario from 223.134.89.104 port 60150 ssh2
2026-09-13T11:48:49.537761+02:00 vmi3427693 sshd[616042]: error: maximum authentication attempts exceeded for invalid user usuario from 223.134.89.104 port 60150 ssh2 [preauth]
2026-09-13T11:48:49.537987+02:00 vmi3427693 sshd[616042]: Disconnecting invalid user usuario 223.134.89.104 port 60150: Too many authentication failures [preauth]
2026-09-13T11:48:49.538243+02:00 vmi3427693 sshd[616042]: PAM 5 more authentication failures; logname= uid=0 euid=0 tty=ssh ruser= rhost=223.134.89.104
2026-09-13T11:48:49.538438+02:00 vmi3427693 sshd[616042]: PAM service(sshd) ignoring max retries; 6 > 3
2026-09-13T11:48:53.257906+02:00 vmi3427693 sshd[616088]: Invalid user usuario from 223.134.89.104 port 59422
2026-09-13T11:48:53.262352+02:00 vmi3427693 sshd[616088]: pam_unix(sshd:auth): check pass; user unknown
2026-09-13T11:48:53.262501+02:00 vmi3427693 sshd[616088]: pam_unix(sshd:auth): authentication failure; logname= uid=0 euid=0 tty=ssh ruser= rhost=223.134.89.104
2026-09-13T11:48:54.585646+02:00 vmi3427693 sshd[616096]: Invalid user ubuntu from 103.157.149.14 port 37496
2026-09-13T11:48:54.590386+02:00 vmi3427693 sshd[616096]: pam_unix(sshd:auth): check pass; user unknown
2026-09-13T11:48:54.590645+02:00 vmi3427693 sshd[616096]: pam_unix(sshd:auth): authentication failure; logname= uid=0 euid=0 tty=ssh ruser= rhost=103.157.149.14
2026-09-13T11:48:55.364244+02:00 vmi3427693 sshd[616099]: Invalid user tiktok from 163.7.13.17 port 51554
2026-09-13T11:48:55.370729+02:00 vmi3427693 sshd[616099]: pam_unix(sshd:auth): check pass; user unknown
2026-09-13T11:48:55.372625+02:00 vmi3427693 sshd[616099]: pam_unix(sshd:auth): authentication failure; logname= uid=0 euid=0 tty=ssh ruser= rhost=163.7.13.17
2026-09-13T11:48:55.771392+02:00 vmi3427693 sshd[616088]: Failed password for invalid user usuario from 223.134.89.104 port 59422 ssh2
2026-09-13T11:48:56.904951+02:00 vmi3427693 sshd[616096]: Failed password for invalid user ubuntu from 103.157.149.14 port 37496 ssh2
2026-09-13T11:48:57.223972+02:00 vmi3427693 sshd[616088]: pam_unix(sshd:auth): check pass; user unknown
2026-09-13T11:48:58.153752+02:00 vmi3427693 sshd[616099]: Failed password for invalid user tiktok from 163.7.13.17 port 51554 ssh2
2026-09-13T11:48:58.618819+02:00 vmi3427693 sshd[616096]: Received disconnect from 103.157.149.14 port 37496:11: Bye Bye [preauth]
2026-09-13T11:48:58.619065+02:00 vmi3427693 sshd[616096]: Disconnected from invalid user ubuntu 103.157.149.14 port 37496 [preauth]
2026-09-13T11:48:59.280261+02:00 vmi3427693 sshd[616088]: Failed password for invalid user usuario from 223.134.89.104 port 59422 ssh2
2026-09-13T11:48:59.469262+02:00 vmi3427693 sshd[616099]: Received disconnect from 163.7.13.17 port 51554:11: Bye Bye [preauth]
2026-09-13T11:48:59.470004+02:00 vmi3427693 sshd[616099]: Disconnected from invalid user tiktok 163.7.13.17 port 51554 [preauth]
2026-09-13T11:49:01.177725+02:00 vmi3427693 sshd[616088]: pam_unix(sshd:auth): check pass; user unknown
2026-09-13T11:49:01.866693+02:00 vmi3427693 CRON[616115]: pam_unix(cron:session): session opened for user root(uid=0) by root(uid=0)
2026-09-13T11:49:01.953710+02:00 vmi3427693 CRON[616115]: pam_unix(cron:session): session closed for user root
2026-09-13T11:49:03.117956+02:00 vmi3427693 sshd[616088]: Failed password for invalid user usuario from 223.134.89.104 port 59422 ssh2
2026-09-13T11:49:05.144748+02:00 vmi3427693 sshd[616088]: pam_unix(sshd:auth): check pass; user unknown
2026-09-13T11:49:07.632893+02:00 vmi3427693 sshd[616088]: Failed password for invalid user usuario from 223.134.89.104 port 59422 ssh2
2026-09-13T11:49:09.089128+02:00 vmi3427693 sshd[616088]: pam_unix(sshd:auth): check pass; user unknown
2026-09-13T11:49:11.125965+02:00 vmi3427693 sshd[616088]: Failed password for invalid user usuario from 223.134.89.104 port 59422 ssh2
2026-09-13T11:49:13.045976+02:00 vmi3427693 sshd[616088]: pam_unix(sshd:auth): check pass; user unknown
2026-09-13T11:49:14.966926+02:00 vmi3427693 sshd[616088]: Failed password for invalid user usuario from 223.134.89.104 port 59422 ssh2
2026-09-13T11:49:16.746463+02:00 vmi3427693 sshd[616088]: error: maximum authentication attempts exceeded for invalid user usuario from 223.134.89.104 port 59422 ssh2 [preauth]
2026-09-13T11:49:16.746780+02:00 vmi3427693 sshd[616088]: Disconnecting invalid user usuario 223.134.89.104 port 59422: Too many authentication failures [preauth]
2026-09-13T11:49:16.747142+02:00 vmi3427693 sshd[616088]: PAM 5 more authentication failures; logname= uid=0 euid=0 tty=ssh ruser= rhost=223.134.89.104
2026-09-13T11:49:16.747325+02:00 vmi3427693 sshd[616088]: PAM service(sshd) ignoring max retries; 6 > 3
2026-09-13T11:49:20.775551+02:00 vmi3427693 sshd[616146]: Invalid user usuario from 223.134.89.104 port 46194
2026-09-13T11:49:20.780877+02:00 vmi3427693 sshd[616146]: pam_unix(sshd:auth): check pass; user unknown
2026-09-13T11:49:20.781156+02:00 vmi3427693 sshd[616146]: pam_unix(sshd:auth): authentication failure; logname= uid=0 euid=0 tty=ssh ruser= rhost=223.134.89.104
2026-09-13T11:49:22.662946+02:00 vmi3427693 sshd[616146]: Failed password for invalid user usuario from 223.134.89.104 port 46194 ssh2
2026-09-13T11:49:24.713358+02:00 vmi3427693 sshd[616146]: pam_unix(sshd:auth): check pass; user unknown
2026-09-13T11:49:26.810592+02:00 vmi3427693 sshd[616146]: Failed password for invalid user usuario from 223.134.89.104 port 46194 ssh2
2026-09-13T11:49:28.645926+02:00 vmi3427693 sshd[616146]: Received disconnect from 223.134.89.104 port 46194:11: disconnected by user [preauth]
2026-09-13T11:49:28.646184+02:00 vmi3427693 sshd[616146]: Disconnected from invalid user usuario 223.134.89.104 port 46194 [preauth]
2026-09-13T11:49:28.646298+02:00 vmi3427693 sshd[616146]: PAM 1 more authentication failure; logname= uid=0 euid=0 tty=ssh ruser= rhost=223.134.89.104
2026-09-13T11:49:32.058223+02:00 vmi3427693 sshd[616161]: Invalid user test from 223.134.89.104 port 59348
2026-09-13T11:49:32.064356+02:00 vmi3427693 sshd[616161]: pam_unix(sshd:auth): check pass; user unknown
2026-09-13T11:49:32.064658+02:00 vmi3427693 sshd[616161]: pam_unix(sshd:auth): authentication failure; logname= uid=0 euid=0 tty=ssh ruser= rhost=223.134.89.104
2026-09-13T11:49:33.935032+02:00 vmi3427693 sshd[616161]: Failed password for invalid user test from 223.134.89.104 port 59348 ssh2
2026-09-13T11:49:35.854724+02:00 vmi3427693 sshd[616161]: pam_unix(sshd:auth): check pass; user unknown
2026-09-13T11:49:37.797617+02:00 vmi3427693 sshd[616161]: Failed password for invalid user test from 223.134.89.104 port 59348 ssh2
2026-09-13T11:49:39.630757+02:00 vmi3427693 sshd[616161]: pam_unix(sshd:auth): check pass; user unknown
2026-09-13T11:49:41.788069+02:00 vmi3427693 sshd[616161]: Failed password for invalid user test from 223.134.89.104 port 59348 ssh2
2026-09-13T11:49:43.408275+02:00 vmi3427693 sshd[616161]: pam_unix(sshd:auth): check pass; user unknown
2026-09-13T11:49:46.111721+02:00 vmi3427693 sshd[616161]: Failed password for invalid user test from 223.134.89.104 port 59348 ssh2
2026-09-13T11:49:47.184835+02:00 vmi3427693 sshd[616161]: pam_unix(sshd:auth): check pass; user unknown
2026-09-13T11:49:49.105961+02:00 vmi3427693 sshd[616161]: Failed password for invalid user test from 223.134.89.104 port 59348 ssh2
2026-09-13T11:49:50.980179+02:00 vmi3427693 sshd[616161]: pam_unix(sshd:auth): check pass; user unknown
2026-09-13T11:49:53.312633+02:00 vmi3427693 sshd[616161]: Failed password for invalid user test from 223.134.89.104 port 59348 ssh2
2026-09-13T11:49:54.517948+02:00 vmi3427693 sshd[616161]: error: maximum authentication attempts exceeded for invalid user test from 223.134.89.104 port 59348 ssh2 [preauth]
2026-09-13T11:49:54.519060+02:00 vmi3427693 sshd[616161]: Disconnecting invalid user test 223.134.89.104 port 59348: Too many authentication failures [preauth]
2026-09-13T11:49:54.519218+02:00 vmi3427693 sshd[616161]: PAM 5 more authentication failures; logname= uid=0 euid=0 tty=ssh ruser= rhost=223.134.89.104
2026-09-13T11:49:54.519357+02:00 vmi3427693 sshd[616161]: PAM service(sshd) ignoring max retries; 6 > 3
2026-09-13T11:49:57.786034+02:00 vmi3427693 sshd[616208]: Invalid user test from 223.134.89.104 port 56268
2026-09-13T11:49:57.790283+02:00 vmi3427693 sshd[616208]: pam_unix(sshd:auth): check pass; user unknown
2026-09-13T11:49:57.790639+02:00 vmi3427693 sshd[616208]: pam_unix(sshd:auth): authentication failure; logname= uid=0 euid=0 tty=ssh ruser= rhost=223.134.89.104
2026-09-13T11:49:59.752675+02:00 vmi3427693 sshd[616208]: Failed password for invalid user test from 223.134.89.104 port 56268 ssh2
2026-09-13T11:50:00.909306+02:00 vmi3427693 sshd[616218]: Invalid user jeanne from 2.57.121.112 port 34312
2026-09-13T11:50:00.944149+02:00 vmi3427693 sshd[616218]: pam_unix(sshd:auth): check pass; user unknown
2026-09-13T11:50:00.944356+02:00 vmi3427693 sshd[616218]: pam_unix(sshd:auth): authentication failure; logname= uid=0 euid=0 tty=ssh ruser= rhost=2.57.121.112
2026-09-13T11:50:01.576998+02:00 vmi3427693 sshd[616208]: pam_unix(sshd:auth): check pass; user unknown
2026-09-13T11:50:01.974652+02:00 vmi3427693 CRON[616224]: pam_unix(cron:session): session opened for user root(uid=0) by root(uid=0)
2026-09-13T11:50:01.985158+02:00 vmi3427693 CRON[616225]: pam_unix(cron:session): session opened for user root(uid=0) by root(uid=0)
2026-09-13T11:50:02.066797+02:00 vmi3427693 CRON[616225]: pam_unix(cron:session): session closed for user root
2026-09-13T11:50:02.650803+02:00 vmi3427693 sshd[616218]: Failed password for invalid user jeanne from 2.57.121.112 port 34312 ssh2
2026-09-13T11:50:03.097156+02:00 vmi3427693 sshd[616218]: pam_unix(sshd:auth): check pass; user unknown
2026-09-13T11:50:03.749126+02:00 vmi3427693 sshd[616208]: Failed password for invalid user test from 223.134.89.104 port 56268 ssh2
2026-09-13T11:50:04.472471+02:00 vmi3427693 sshd[616342]: Invalid user azure from 46.8.31.84 port 60606
2026-09-13T11:50:04.476242+02:00 vmi3427693 sshd[616342]: pam_unix(sshd:auth): check pass; user unknown
2026-09-13T11:50:04.476467+02:00 vmi3427693 sshd[616342]: pam_unix(sshd:auth): authentication failure; logname= uid=0 euid=0 tty=ssh ruser= rhost=46.8.31.84
2026-09-13T11:50:04.791709+02:00 vmi3427693 CRON[616224]: pam_unix(cron:session): session closed for user root
2026-09-13T11:50:05.244634+02:00 vmi3427693 sshd[616218]: Failed password for invalid user jeanne from 2.57.121.112 port 34312 ssh2
2026-09-13T11:50:05.378815+02:00 vmi3427693 sshd[616208]: pam_unix(sshd:auth): check pass; user unknown
2026-09-13T11:50:07.065416+02:00 vmi3427693 sshd[616342]: Failed password for invalid user azure from 46.8.31.84 port 60606 ssh2
2026-09-13T11:50:07.380718+02:00 vmi3427693 sshd[616218]: pam_unix(sshd:auth): check pass; user unknown
2026-09-13T11:50:07.434513+02:00 vmi3427693 sshd[616208]: Failed password for invalid user test from 223.134.89.104 port 56268 ssh2
2026-09-13T11:50:08.017811+02:00 vmi3427693 sshd[616355]: Invalid user admin from 103.157.149.14 port 48914
2026-09-13T11:50:08.018182+02:00 vmi3427693 sshd[616355]: pam_unix(sshd:auth): check pass; user unknown
2026-09-13T11:50:08.018295+02:00 vmi3427693 sshd[616355]: pam_unix(sshd:auth): authentication failure; logname= uid=0 euid=0 tty=ssh ruser= rhost=103.157.149.14
2026-09-13T11:50:08.018437+02:00 vmi3427693 sshd[616342]: Connection closed by invalid user azure 46.8.31.84 port 60606 [preauth]
2026-09-13T11:50:09.132081+02:00 vmi3427693 sshd[616208]: pam_unix(sshd:auth): check pass; user unknown
2026-09-13T11:50:09.740080+02:00 vmi3427693 sshd[616218]: Failed password for invalid user jeanne from 2.57.121.112 port 34312 ssh2
2026-09-13T11:50:09.820658+02:00 vmi3427693 sshd[616355]: Failed password for invalid user admin from 103.157.149.14 port 48914 ssh2
2026-09-13T11:50:09.885088+02:00 vmi3427693 sshd[616360]: Invalid user Test01 from 163.7.13.17 port 55120
2026-09-13T11:50:09.894658+02:00 vmi3427693 sshd[616360]: pam_unix(sshd:auth): check pass; user unknown
2026-09-13T11:50:09.894874+02:00 vmi3427693 sshd[616360]: pam_unix(sshd:auth): authentication failure; logname= uid=0 euid=0 tty=ssh ruser= rhost=163.7.13.17
2026-09-13T11:50:10.894434+02:00 vmi3427693 sshd[616355]: Received disconnect from 103.157.149.14 port 48914:11: Bye Bye [preauth]
2026-09-13T11:50:10.918454+02:00 vmi3427693 sshd[616355]: Disconnected from invalid user admin 103.157.149.14 port 48914 [preauth]
2026-09-13T11:50:11.071196+02:00 vmi3427693 sshd[616208]: Failed password for invalid user test from 223.134.89.104 port 56268 ssh2
2026-09-13T11:50:11.129101+02:00 vmi3427693 sshd[616365]: Invalid user jeanne from 2.57.121.112 port 60350
2026-09-13T11:50:11.163790+02:00 vmi3427693 sshd[616365]: pam_unix(sshd:auth): check pass; user unknown
2026-09-13T11:50:11.163963+02:00 vmi3427693 sshd[616365]: pam_unix(sshd:auth): authentication failure; logname= uid=0 euid=0 tty=ssh ruser= rhost=2.57.121.112
2026-09-13T11:50:11.635010+02:00 vmi3427693 sshd[616218]: Connection closed by invalid user jeanne 2.57.121.112 port 34312 [preauth]
2026-09-13T11:50:11.635252+02:00 vmi3427693 sshd[616218]: PAM 2 more authentication failures; logname= uid=0 euid=0 tty=ssh ruser= rhost=2.57.121.112
2026-09-13T11:50:11.838084+02:00 vmi3427693 sshd[616360]: Failed password for invalid user Test01 from 163.7.13.17 port 55120 ssh2
2026-09-13T11:50:12.714083+02:00 vmi3427693 sshd[616365]: Failed password for invalid user jeanne from 2.57.121.112 port 60350 ssh2
2026-09-13T11:50:12.789955+02:00 vmi3427693 sshd[616360]: Received disconnect from 163.7.13.17 port 55120:11: Bye Bye [preauth]
2026-09-13T11:50:12.790220+02:00 vmi3427693 sshd[616360]: Disconnected from invalid user Test01 163.7.13.17 port 55120 [preauth]
2026-09-13T11:50:12.933800+02:00 vmi3427693 sshd[616208]: pam_unix(sshd:auth): check pass; user unknown
2026-09-13T11:50:13.325688+02:00 vmi3427693 sshd[616365]: pam_unix(sshd:auth): check pass; user unknown
2026-09-13T11:50:14.618028+02:00 vmi3427693 sshd[616208]: Failed password for invalid user test from 223.134.89.104 port 56268 ssh2
2026-09-13T11:50:14.929258+02:00 vmi3427693 sshd[616208]: pam_unix(sshd:auth): check pass; user unknown
2026-09-13T11:50:15.484681+02:00 vmi3427693 sshd[616365]: Failed password for invalid user jeanne from 2.57.121.112 port 60350 ssh2
2026-09-13T11:50:16.892506+02:00 vmi3427693 sshd[616208]: Failed password for invalid user test from 223.134.89.104 port 56268 ssh2
2026-09-13T11:50:17.619418+02:00 vmi3427693 sshd[616365]: Connection closed by invalid user jeanne 2.57.121.112 port 60350 [preauth]
2026-09-13T11:50:17.621364+02:00 vmi3427693 sshd[616365]: PAM 1 more authentication failure; logname= uid=0 euid=0 tty=ssh ruser= rhost=2.57.121.112
2026-09-13T11:50:18.470750+02:00 vmi3427693 sshd[616208]: error: maximum authentication attempts exceeded for invalid user test from 223.134.89.104 port 56268 ssh2 [preauth]
2026-09-13T11:50:18.472111+02:00 vmi3427693 sshd[616208]: Disconnecting invalid user test 223.134.89.104 port 56268: Too many authentication failures [preauth]
2026-09-13T11:50:18.472272+02:00 vmi3427693 sshd[616208]: PAM 5 more authentication failures; logname= uid=0 euid=0 tty=ssh ruser= rhost=223.134.89.104
2026-09-13T11:50:18.472444+02:00 vmi3427693 sshd[616208]: PAM service(sshd) ignoring max retries; 6 > 3
2026-09-13T11:50:21.568774+02:00 vmi3427693 sshd[616381]: Invalid user test from 223.134.89.104 port 60364
2026-09-13T11:50:21.580504+02:00 vmi3427693 sshd[616381]: pam_unix(sshd:auth): check pass; user unknown
2026-09-13T11:50:21.580774+02:00 vmi3427693 sshd[616381]: pam_unix(sshd:auth): authentication failure; logname= uid=0 euid=0 tty=ssh ruser= rhost=223.134.89.104
2026-09-13T11:50:23.502294+02:00 vmi3427693 sshd[616381]: Failed password for invalid user test from 223.134.89.104 port 60364 ssh2
2026-09-13T11:50:25.383214+02:00 vmi3427693 sshd[616381]: pam_unix(sshd:auth): check pass; user unknown
2026-09-13T11:50:27.520484+02:00 vmi3427693 sshd[616381]: Failed password for invalid user test from 223.134.89.104 port 60364 ssh2
2026-09-13T11:50:29.188140+02:00 vmi3427693 sshd[616381]: Received disconnect from 223.134.89.104 port 60364:11: disconnected by user [preauth]
2026-09-13T11:50:29.188407+02:00 vmi3427693 sshd[616381]: Disconnected from invalid user test 223.134.89.104 port 60364 [preauth]
2026-09-13T11:50:29.188535+02:00 vmi3427693 sshd[616381]: PAM 1 more authentication failure; logname= uid=0 euid=0 tty=ssh ruser= rhost=223.134.89.104
2026-09-13T11:50:29.883308+02:00 vmi3427693 sshd[616401]: pam_unix(sshd:auth): authentication failure; logname= uid=0 euid=0 tty=ssh ruser= rhost=80.94.92.55 user=root
2026-09-13T11:50:32.069044+02:00 vmi3427693 sshd[616404]: Invalid user user from 223.134.89.104 port 33660
2026-09-13T11:50:32.075663+02:00 vmi3427693 sshd[616404]: pam_unix(sshd:auth): check pass; user unknown
2026-09-13T11:50:32.075854+02:00 vmi3427693 sshd[616404]: pam_unix(sshd:auth): authentication failure; logname= uid=0 euid=0 tty=ssh ruser= rhost=223.134.89.104
2026-09-13T11:50:32.236705+02:00 vmi3427693 sshd[616401]: Failed password for root from 80.94.92.55 port 44544 ssh2
2026-09-13T11:50:33.842062+02:00 vmi3427693 sshd[616404]: Failed password for invalid user user from 223.134.89.104 port 33660 ssh2
2026-09-13T11:50:34.425457+02:00 vmi3427693 sshd[616404]: pam_unix(sshd:auth): check pass; user unknown
2026-09-13T11:50:34.561729+02:00 vmi3427693 sshd[616401]: Connection closed by authenticating user root 80.94.92.55 port 44544 [preauth]
2026-09-13T11:50:36.131605+02:00 vmi3427693 sshd[616404]: Failed password for invalid user user from 223.134.89.104 port 33660 ssh2
2026-09-13T11:50:36.784911+02:00 vmi3427693 sshd[616404]: pam_unix(sshd:auth): check pass; user unknown
2026-09-13T11:50:38.767226+02:00 vmi3427693 sshd[616404]: Failed password for invalid user user from 223.134.89.104 port 33660 ssh2
2026-09-13T11:50:39.131095+02:00 vmi3427693 sshd[616404]: pam_unix(sshd:auth): check pass; user unknown
2026-09-13T11:50:41.525514+02:00 vmi3427693 sshd[616404]: Failed password for invalid user user from 223.134.89.104 port 33660 ssh2
2026-09-13T11:50:43.596073+02:00 vmi3427693 sshd[616404]: pam_unix(sshd:auth): check pass; user unknown
2026-09-13T11:50:45.874499+02:00 vmi3427693 sshd[616404]: Failed password for invalid user user from 223.134.89.104 port 33660 ssh2
2026-09-13T11:50:48.070691+02:00 vmi3427693 sshd[616404]: pam_unix(sshd:auth): check pass; user unknown
2026-09-13T11:50:50.031132+02:00 vmi3427693 sshd[616404]: Failed password for invalid user user from 223.134.89.104 port 33660 ssh2
2026-09-13T11:50:50.179975+02:00 vmi3427693 sshd[616404]: error: maximum authentication attempts exceeded for invalid user user from 223.134.89.104 port 33660 ssh2 [preauth]
2026-09-13T11:50:50.180266+02:00 vmi3427693 sshd[616404]: Disconnecting invalid user user 223.134.89.104 port 33660: Too many authentication failures [preauth]
2026-09-13T11:50:50.181911+02:00 vmi3427693 sshd[616404]: PAM 5 more authentication failures; logname= uid=0 euid=0 tty=ssh ruser= rhost=223.134.89.104
2026-09-13T11:50:50.182232+02:00 vmi3427693 sshd[616404]: PAM service(sshd) ignoring max retries; 6 > 3
2026-09-13T11:50:53.456958+02:00 vmi3427693 sshd[616447]: Invalid user user from 223.134.89.104 port 33428
2026-09-13T11:50:53.468321+02:00 vmi3427693 sshd[616447]: pam_unix(sshd:auth): check pass; user unknown
2026-09-13T11:50:53.468980+02:00 vmi3427693 sshd[616447]: pam_unix(sshd:auth): authentication failure; logname= uid=0 euid=0 tty=ssh ruser= rhost=223.134.89.104
2026-09-13T11:50:55.450419+02:00 vmi3427693 sshd[616447]: Failed password for invalid user user from 223.134.89.104 port 33428 ssh2
2026-09-13T11:50:55.807109+02:00 vmi3427693 sshd[616447]: pam_unix(sshd:auth): check pass; user unknown
2026-09-13T11:50:58.064827+02:00 vmi3427693 sshd[616447]: Failed password for invalid user user from 223.134.89.104 port 33428 ssh2
2026-09-13T11:51:00.278953+02:00 vmi3427693 sshd[616447]: pam_unix(sshd:auth): check pass; user unknown
2026-09-13T11:51:01.802472+02:00 vmi3427693 CRON[616470]: pam_unix(cron:session): session opened for user root(uid=0) by root(uid=0)
2026-09-13T11:51:01.881351+02:00 vmi3427693 CRON[616470]: pam_unix(cron:session): session closed for user root
2026-09-13T11:51:02.230986+02:00 vmi3427693 sshd[616447]: Failed password for invalid user user from 223.134.89.104 port 33428 ssh2
2026-09-13T11:51:02.649486+02:00 vmi3427693 sshd[616447]: pam_unix(sshd:auth): check pass; user unknown
2026-09-13T11:51:04.873041+02:00 vmi3427693 sshd[616447]: Failed password for invalid user user from 223.134.89.104 port 33428 ssh2
2026-09-13T11:51:07.123854+02:00 vmi3427693 sshd[616447]: pam_unix(sshd:auth): check pass; user unknown
2026-09-13T11:51:09.361063+02:00 vmi3427693 sshd[616447]: Failed password for invalid user user from 223.134.89.104 port 33428 ssh2
2026-09-13T11:51:11.590489+02:00 vmi3427693 sshd[616447]: pam_unix(sshd:auth): check pass; user unknown
2026-09-13T11:51:13.377205+02:00 vmi3427693 sshd[616447]: Failed password for invalid user user from 223.134.89.104 port 33428 ssh2
2026-09-13T11:51:13.707755+02:00 vmi3427693 sshd[616447]: error: maximum authentication attempts exceeded for invalid user user from 223.134.89.104 port 33428 ssh2 [preauth]
2026-09-13T11:51:13.708197+02:00 vmi3427693 sshd[616447]: Disconnecting invalid user user 223.134.89.104 port 33428: Too many authentication failures [preauth]
2026-09-13T11:51:13.709671+02:00 vmi3427693 sshd[616447]: PAM 5 more authentication failures; logname= uid=0 euid=0 tty=ssh ruser= rhost=223.134.89.104
2026-09-13T11:51:13.709902+02:00 vmi3427693 sshd[616447]: PAM service(sshd) ignoring max retries; 6 > 3
2026-09-13T11:51:16.687940+02:00 vmi3427693 sshd[616499]: Invalid user frappe from 103.157.149.14 port 49178
2026-09-13T11:51:16.692232+02:00 vmi3427693 sshd[616499]: pam_unix(sshd:auth): check pass; user unknown
2026-09-13T11:51:16.692444+02:00 vmi3427693 sshd[616499]: pam_unix(sshd:auth): authentication failure; logname= uid=0 euid=0 tty=ssh ruser= rhost=103.157.149.14
2026-09-13T11:51:17.434589+02:00 vmi3427693 sshd[616496]: Invalid user user from 223.134.89.104 port 53072
2026-09-13T11:51:17.439243+02:00 vmi3427693 sshd[616496]: pam_unix(sshd:auth): check pass; user unknown
2026-09-13T11:51:17.439480+02:00 vmi3427693 sshd[616496]: pam_unix(sshd:auth): authentication failure; logname= uid=0 euid=0 tty=ssh ruser= rhost=223.134.89.104
2026-09-13T11:51:18.469619+02:00 vmi3427693 sshd[616503]: Invalid user appuser from 119.167.206.194 port 54126
2026-09-13T11:51:18.474868+02:00 vmi3427693 sshd[616503]: pam_unix(sshd:auth): check pass; user unknown
2026-09-13T11:51:18.475107+02:00 vmi3427693 sshd[616503]: pam_unix(sshd:auth): authentication failure; logname= uid=0 euid=0 tty=ssh ruser= rhost=119.167.206.194
2026-09-13T11:51:18.498426+02:00 vmi3427693 sshd[616499]: Failed password for invalid user frappe from 103.157.149.14 port 49178 ssh2
2026-09-13T11:51:19.050046+02:00 vmi3427693 sshd[616496]: Failed password for invalid user user from 223.134.89.104 port 53072 ssh2
2026-09-13T11:51:19.873293+02:00 vmi3427693 sshd[616496]: pam_unix(sshd:auth): check pass; user unknown
2026-09-13T11:51:20.063324+02:00 vmi3427693 sshd[616499]: Received disconnect from 103.157.149.14 port 49178:11: Bye Bye [preauth]
2026-09-13T11:51:20.064406+02:00 vmi3427693 sshd[616499]: Disconnected from invalid user frappe 103.157.149.14 port 49178 [preauth]
2026-09-13T11:51:20.221244+02:00 vmi3427693 sshd[616503]: Failed password for invalid user appuser from 119.167.206.194 port 54126 ssh2
2026-09-13T11:51:20.990047+02:00 vmi3427693 sshd[616503]: Received disconnect from 119.167.206.194 port 54126:11: Bye Bye [preauth]
2026-09-13T11:51:20.990357+02:00 vmi3427693 sshd[616503]: Disconnected from invalid user appuser 119.167.206.194 port 54126 [preauth]
2026-09-13T11:51:22.091743+02:00 vmi3427693 sshd[616496]: Failed password for invalid user user from 223.134.89.104 port 53072 ssh2
2026-09-13T11:51:23.381612+02:00 vmi3427693 sshd[616510]: pam_unix(sshd:auth): authentication failure; logname= uid=0 euid=0 tty=ssh ruser= rhost=163.7.13.17 user=root
2026-09-13T11:51:24.366947+02:00 vmi3427693 sshd[616496]: pam_unix(sshd:auth): check pass; user unknown
2026-09-13T11:51:25.146322+02:00 vmi3427693 sshd[616510]: Failed password for root from 163.7.13.17 port 60668 ssh2
2026-09-13T11:51:25.738094+02:00 vmi3427693 sshd[616510]: Received disconnect from 163.7.13.17 port 60668:11: Bye Bye [preauth]
2026-09-13T11:51:25.738823+02:00 vmi3427693 sshd[616510]: Disconnected from authenticating user root 163.7.13.17 port 60668 [preauth]
2026-09-13T11:51:26.604987+02:00 vmi3427693 sshd[616496]: Failed password for invalid user user from 223.134.89.104 port 53072 ssh2
2026-09-13T11:51:28.141960+02:00 vmi3427693 sshd[616516]: Connection closed by 178.128.238.243 port 46096
2026-09-13T11:51:28.854316+02:00 vmi3427693 sshd[616496]: pam_unix(sshd:auth): check pass; user unknown
2026-09-13T11:51:28.942274+02:00 vmi3427693 sshd[616517]: pam_unix(sshd:auth): authentication failure; logname= uid=0 euid=0 tty=ssh ruser= rhost=178.128.238.243 user=root
2026-09-13T11:51:30.640709+02:00 vmi3427693 sshd[616496]: Failed password for invalid user user from 223.134.89.104 port 53072 ssh2
2026-09-13T11:51:30.728087+02:00 vmi3427693 sshd[616517]: Failed password for root from 178.128.238.243 port 46102 ssh2
2026-09-13T11:51:31.224670+02:00 vmi3427693 sshd[616496]: Received disconnect from 223.134.89.104 port 53072:11: disconnected by user [preauth]
2026-09-13T11:51:31.224924+02:00 vmi3427693 sshd[616496]: Disconnected from invalid user user 223.134.89.104 port 53072 [preauth]
2026-09-13T11:51:31.227666+02:00 vmi3427693 sshd[616496]: PAM 3 more authentication failures; logname= uid=0 euid=0 tty=ssh ruser= rhost=223.134.89.104
2026-09-13T11:51:31.231804+02:00 vmi3427693 sshd[616496]: PAM service(sshd) ignoring max retries; 4 > 3
2026-09-13T11:51:31.252105+02:00 vmi3427693 sshd[616517]: Connection closed by authenticating user root 178.128.238.243 port 46102 [preauth]
2026-09-13T11:51:34.283205+02:00 vmi3427693 sshd[616523]: Invalid user ftpuser from 223.134.89.104 port 37262
2026-09-13T11:51:34.289685+02:00 vmi3427693 sshd[616523]: pam_unix(sshd:auth): check pass; user unknown
2026-09-13T11:51:34.289969+02:00 vmi3427693 sshd[616523]: pam_unix(sshd:auth): authentication failure; logname= uid=0 euid=0 tty=ssh ruser= rhost=223.134.89.104
