2026-09-13T12:55:10.980176+02:00 vmi3427693 sshd[627308]: Connection closed by invalid user data 109.160.32.46 port 39384 [preauth]
2026-09-13T12:55:13.034861+02:00 vmi3427693 sshd[627319]: Invalid user pratik from 109.160.32.46 port 39448
2026-09-13T12:55:13.093988+02:00 vmi3427693 sshd[627319]: pam_unix(sshd:auth): check pass; user unknown
2026-09-13T12:55:13.095047+02:00 vmi3427693 sshd[627319]: pam_unix(sshd:auth): authentication failure; logname= uid=0 euid=0 tty=ssh ruser= rhost=109.160.32.46
2026-09-13T12:55:14.983739+02:00 vmi3427693 sshd[627319]: Failed password for invalid user pratik from 109.160.32.46 port 39448 ssh2
2026-09-13T12:55:16.700497+02:00 vmi3427693 sshd[627319]: Connection closed by invalid user pratik 109.160.32.46 port 39448 [preauth]
2026-09-13T12:55:17.853661+02:00 vmi3427693 sshd[627332]: Invalid user kingbase from 109.160.32.46 port 55402
2026-09-13T12:55:17.872947+02:00 vmi3427693 sshd[627332]: pam_unix(sshd:auth): check pass; user unknown
2026-09-13T12:55:17.873136+02:00 vmi3427693 sshd[627332]: pam_unix(sshd:auth): authentication failure; logname= uid=0 euid=0 tty=ssh ruser= rhost=109.160.32.46
2026-09-13T12:55:19.313373+02:00 vmi3427693 sshd[627332]: Failed password for invalid user kingbase from 109.160.32.46 port 55402 ssh2
2026-09-13T12:55:19.520738+02:00 vmi3427693 sshd[627335]: pam_unix(sshd:auth): authentication failure; logname= uid=0 euid=0 tty=ssh ruser= rhost=202.152.148.30 user=root
2026-09-13T12:55:19.699959+02:00 vmi3427693 sshd[627332]: Connection closed by invalid user kingbase 109.160.32.46 port 55402 [preauth]
2026-09-13T12:55:21.567689+02:00 vmi3427693 sshd[627335]: Failed password for root from 202.152.148.30 port 43634 ssh2
2026-09-13T12:55:21.905581+02:00 vmi3427693 sshd[627335]: Received disconnect from 202.152.148.30 port 43634:11: Bye Bye [preauth]
2026-09-13T12:55:21.905813+02:00 vmi3427693 sshd[627335]: Disconnected from authenticating user root 202.152.148.30 port 43634 [preauth]
2026-09-13T12:55:22.911771+02:00 vmi3427693 sshd[627346]: Invalid user ubuntu from 109.160.32.46 port 55506
2026-09-13T12:55:22.935043+02:00 vmi3427693 sshd[627346]: pam_unix(sshd:auth): check pass; user unknown
2026-09-13T12:55:22.935264+02:00 vmi3427693 sshd[627346]: pam_unix(sshd:auth): authentication failure; logname= uid=0 euid=0 tty=ssh ruser= rhost=109.160.32.46
2026-09-13T12:55:24.395909+02:00 vmi3427693 sshd[627346]: Failed password for invalid user ubuntu from 109.160.32.46 port 55506 ssh2
2026-09-13T12:55:24.891678+02:00 vmi3427693 sshd[627346]: Connection closed by invalid user ubuntu 109.160.32.46 port 55506 [preauth]
2026-09-13T12:55:25.458558+02:00 vmi3427693 sshd[627353]: Invalid user admin from 139.19.117.130 port 42270
2026-09-13T12:55:25.461846+02:00 vmi3427693 sshd[627353]: userauth_pubkey: signature algorithm ssh-rsa not in PubkeyAcceptedAlgorithms [preauth]
2026-09-13T12:55:27.112111+02:00 vmi3427693 sshd[627357]: pam_unix(sshd:auth): authentication failure; logname= uid=0 euid=0 tty=ssh ruser= rhost=46.8.31.84 user=root
2026-09-13T12:55:27.782920+02:00 vmi3427693 sshd[627362]: Invalid user elrond from 109.160.32.46 port 41594
2026-09-13T12:55:27.797661+02:00 vmi3427693 sshd[627362]: pam_unix(sshd:auth): check pass; user unknown
2026-09-13T12:55:27.797917+02:00 vmi3427693 sshd[627362]: pam_unix(sshd:auth): authentication failure; logname= uid=0 euid=0 tty=ssh ruser= rhost=109.160.32.46
2026-09-13T12:55:29.258250+02:00 vmi3427693 sshd[627357]: Failed password for root from 46.8.31.84 port 37194 ssh2
2026-09-13T12:55:29.459780+02:00 vmi3427693 sshd[627357]: Connection closed by authenticating user root 46.8.31.84 port 37194 [preauth]
2026-09-13T12:55:29.944653+02:00 vmi3427693 sshd[627362]: Failed password for invalid user elrond from 109.160.32.46 port 41594 ssh2
2026-09-13T12:55:31.062055+02:00 vmi3427693 sshd[627362]: Connection closed by invalid user elrond 109.160.32.46 port 41594 [preauth]
2026-09-13T12:55:32.719991+02:00 vmi3427693 sshd[627374]: Invalid user user from 109.160.32.46 port 41682
2026-09-13T12:55:32.735799+02:00 vmi3427693 sshd[627374]: pam_unix(sshd:auth): check pass; user unknown
2026-09-13T12:55:32.736014+02:00 vmi3427693 sshd[627374]: pam_unix(sshd:auth): authentication failure; logname= uid=0 euid=0 tty=ssh ruser= rhost=109.160.32.46
2026-09-13T12:55:34.901269+02:00 vmi3427693 sshd[627374]: Failed password for invalid user user from 109.160.32.46 port 41682 ssh2
2026-09-13T12:55:35.333002+02:00 vmi3427693 sshd[627353]: Connection closed by invalid user admin 139.19.117.130 port 42270 [preauth]
2026-09-13T12:55:36.991397+02:00 vmi3427693 sshd[627374]: Connection closed by invalid user user 109.160.32.46 port 41682 [preauth]
2026-09-13T12:55:37.801912+02:00 vmi3427693 sshd[627395]: Invalid user user from 109.160.32.46 port 39232
2026-09-13T12:55:37.816818+02:00 vmi3427693 sshd[627395]: pam_unix(sshd:auth): check pass; user unknown
2026-09-13T12:55:37.817002+02:00 vmi3427693 sshd[627395]: pam_unix(sshd:auth): authentication failure; logname= uid=0 euid=0 tty=ssh ruser= rhost=109.160.32.46
2026-09-13T12:55:40.005406+02:00 vmi3427693 sshd[627395]: Failed password for invalid user user from 109.160.32.46 port 39232 ssh2
2026-09-13T12:55:42.081309+02:00 vmi3427693 sshd[627395]: Connection closed by invalid user user 109.160.32.46 port 39232 [preauth]
2026-09-13T12:55:42.679493+02:00 vmi3427693 sshd[627412]: Invalid user runner from 109.160.32.46 port 39292
2026-09-13T12:55:42.710659+02:00 vmi3427693 sshd[627412]: pam_unix(sshd:auth): check pass; user unknown
2026-09-13T12:55:42.710896+02:00 vmi3427693 sshd[627412]: pam_unix(sshd:auth): authentication failure; logname= uid=0 euid=0 tty=ssh ruser= rhost=109.160.32.46
2026-09-13T12:55:44.581544+02:00 vmi3427693 sshd[627412]: Failed password for invalid user runner from 109.160.32.46 port 39292 ssh2
2026-09-13T12:55:46.305959+02:00 vmi3427693 sshd[627412]: Connection closed by invalid user runner 109.160.32.46 port 39292 [preauth]
2026-09-13T12:55:46.604354+02:00 vmi3427693 sshd[627525]: pam_unix(sshd:auth): authentication failure; logname= uid=0 euid=0 tty=ssh ruser= rhost=45.148.10.151 user=root
2026-09-13T12:55:47.872719+02:00 vmi3427693 sshd[627532]: Invalid user runner from 109.160.32.46 port 58570
2026-09-13T12:55:47.888370+02:00 vmi3427693 sshd[627532]: pam_unix(sshd:auth): check pass; user unknown
2026-09-13T12:55:47.888665+02:00 vmi3427693 sshd[627532]: pam_unix(sshd:auth): authentication failure; logname= uid=0 euid=0 tty=ssh ruser= rhost=109.160.32.46
2026-09-13T12:55:48.360569+02:00 vmi3427693 sshd[627525]: Failed password for root from 45.148.10.151 port 18630 ssh2
2026-09-13T12:55:49.448223+02:00 vmi3427693 sshd[627532]: Failed password for invalid user runner from 109.160.32.46 port 58570 ssh2
2026-09-13T12:55:49.770369+02:00 vmi3427693 sshd[627532]: Connection closed by invalid user runner 109.160.32.46 port 58570 [preauth]
2026-09-13T12:55:50.587191+02:00 vmi3427693 sshd[627525]: Failed password for root from 45.148.10.151 port 18630 ssh2
2026-09-13T12:55:53.230260+02:00 vmi3427693 sshd[627549]: pam_unix(sshd:auth): authentication failure; logname= uid=0 euid=0 tty=ssh ruser= rhost=109.160.32.46 user=root
2026-09-13T12:55:53.287286+02:00 vmi3427693 sshd[627525]: Failed password for root from 45.148.10.151 port 18630 ssh2
2026-09-13T12:55:54.946807+02:00 vmi3427693 sshd[627549]: Failed password for root from 109.160.32.46 port 58624 ssh2
2026-09-13T12:55:55.189178+02:00 vmi3427693 sshd[627525]: Failed password for root from 45.148.10.151 port 18630 ssh2
2026-09-13T12:55:55.463474+02:00 vmi3427693 sshd[627549]: Connection closed by authenticating user root 109.160.32.46 port 58624 [preauth]
2026-09-13T12:55:57.762605+02:00 vmi3427693 sshd[627525]: Failed password for root from 45.148.10.151 port 18630 ssh2
2026-09-13T12:55:58.005350+02:00 vmi3427693 sshd[627525]: Connection reset by authenticating user root 45.148.10.151 port 18630 [preauth]
2026-09-13T12:55:58.007905+02:00 vmi3427693 sshd[627525]: PAM 4 more authentication failures; logname= uid=0 euid=0 tty=ssh ruser= rhost=45.148.10.151 user=root
2026-09-13T12:55:58.008178+02:00 vmi3427693 sshd[627525]: PAM service(sshd) ignoring max retries; 5 > 3
2026-09-13T12:55:58.150178+02:00 vmi3427693 sshd[627561]: pam_unix(sshd:auth): authentication failure; logname= uid=0 euid=0 tty=ssh ruser= rhost=109.160.32.46 user=root
2026-09-13T12:55:59.885275+02:00 vmi3427693 sshd[627561]: Failed password for root from 109.160.32.46 port 33022 ssh2
2026-09-13T12:56:00.380738+02:00 vmi3427693 sshd[627561]: Connection closed by authenticating user root 109.160.32.46 port 33022 [preauth]
2026-09-13T12:56:01.612626+02:00 vmi3427693 CRON[627570]: pam_unix(cron:session): session opened for user root(uid=0) by root(uid=0)
2026-09-13T12:56:01.680665+02:00 vmi3427693 CRON[627570]: pam_unix(cron:session): session closed for user root
2026-09-13T12:56:03.074938+02:00 vmi3427693 sshd[627576]: Invalid user devops from 109.160.32.46 port 33086
2026-09-13T12:56:03.101613+02:00 vmi3427693 sshd[627576]: pam_unix(sshd:auth): check pass; user unknown
2026-09-13T12:56:03.101878+02:00 vmi3427693 sshd[627576]: pam_unix(sshd:auth): authentication failure; logname= uid=0 euid=0 tty=ssh ruser= rhost=109.160.32.46
2026-09-13T12:56:05.524735+02:00 vmi3427693 sshd[627576]: Failed password for invalid user devops from 109.160.32.46 port 33086 ssh2
2026-09-13T12:56:07.765995+02:00 vmi3427693 sshd[627576]: Connection closed by invalid user devops 109.160.32.46 port 33086 [preauth]
2026-09-13T12:56:08.139842+02:00 vmi3427693 sshd[627588]: pam_unix(sshd:auth): authentication failure; logname= uid=0 euid=0 tty=ssh ruser= rhost=109.160.32.46 user=root
2026-09-13T12:56:09.376225+02:00 vmi3427693 sshd[627591]: Invalid user g from 58.152.42.212 port 42476
2026-09-13T12:56:09.386485+02:00 vmi3427693 sshd[627591]: pam_unix(sshd:auth): check pass; user unknown
2026-09-13T12:56:09.387546+02:00 vmi3427693 sshd[627591]: pam_unix(sshd:auth): authentication failure; logname= uid=0 euid=0 tty=ssh ruser= rhost=58.152.42.212
2026-09-13T12:56:10.583627+02:00 vmi3427693 sshd[627588]: Failed password for root from 109.160.32.46 port 52216 ssh2
2026-09-13T12:56:11.634586+02:00 vmi3427693 sshd[627591]: Failed password for invalid user g from 58.152.42.212 port 42476 ssh2
2026-09-13T12:56:12.677127+02:00 vmi3427693 sshd[627588]: Connection closed by authenticating user root 109.160.32.46 port 52216 [preauth]
2026-09-13T12:56:13.154169+02:00 vmi3427693 sshd[627604]: pam_unix(sshd:auth): authentication failure; logname= uid=0 euid=0 tty=ssh ruser= rhost=109.160.32.46 user=root
2026-09-13T12:56:13.680456+02:00 vmi3427693 sshd[627591]: Received disconnect from 58.152.42.212 port 42476:11: Bye Bye [preauth]
2026-09-13T12:56:13.680725+02:00 vmi3427693 sshd[627591]: Disconnected from invalid user g 58.152.42.212 port 42476 [preauth]
2026-09-13T12:56:13.935281+02:00 vmi3427693 sshd[627607]: Invalid user admin from 80.94.92.55 port 54538
2026-09-13T12:56:14.009192+02:00 vmi3427693 sshd[627607]: pam_unix(sshd:auth): check pass; user unknown
2026-09-13T12:56:14.009447+02:00 vmi3427693 sshd[627607]: pam_unix(sshd:auth): authentication failure; logname= uid=0 euid=0 tty=ssh ruser= rhost=80.94.92.55
2026-09-13T12:56:15.280999+02:00 vmi3427693 sshd[627604]: Failed password for root from 109.160.32.46 port 52286 ssh2
2026-09-13T12:56:15.463456+02:00 vmi3427693 sshd[627604]: Connection closed by authenticating user root 109.160.32.46 port 52286 [preauth]
2026-09-13T12:56:15.940838+02:00 vmi3427693 sshd[627607]: Failed password for invalid user admin from 80.94.92.55 port 54538 ssh2
2026-09-13T12:56:16.733271+02:00 vmi3427693 sshd[627607]: Connection closed by invalid user admin 80.94.92.55 port 54538 [preauth]
2026-09-13T12:56:17.753916+02:00 vmi3427693 sshd[627617]: Invalid user deploy from 109.160.32.46 port 57112
2026-09-13T12:56:17.783620+02:00 vmi3427693 sshd[627617]: pam_unix(sshd:auth): check pass; user unknown
2026-09-13T12:56:17.783837+02:00 vmi3427693 sshd[627617]: pam_unix(sshd:auth): authentication failure; logname= uid=0 euid=0 tty=ssh ruser= rhost=109.160.32.46
2026-09-13T12:56:19.796549+02:00 vmi3427693 sshd[627617]: Failed password for invalid user deploy from 109.160.32.46 port 57112 ssh2
2026-09-13T12:56:20.618924+02:00 vmi3427693 sshd[627617]: Connection closed by invalid user deploy 109.160.32.46 port 57112 [preauth]
2026-09-13T12:56:22.898479+02:00 vmi3427693 sshd[627629]: Invalid user deploy from 109.160.32.46 port 57226
2026-09-13T12:56:22.912826+02:00 vmi3427693 sshd[627629]: pam_unix(sshd:auth): check pass; user unknown
2026-09-13T12:56:22.913018+02:00 vmi3427693 sshd[627629]: pam_unix(sshd:auth): authentication failure; logname= uid=0 euid=0 tty=ssh ruser= rhost=109.160.32.46
2026-09-13T12:56:24.277600+02:00 vmi3427693 sshd[627629]: Failed password for invalid user deploy from 109.160.32.46 port 57226 ssh2
2026-09-13T12:56:24.459022+02:00 vmi3427693 sshd[627629]: Connection closed by invalid user deploy 109.160.32.46 port 57226 [preauth]
2026-09-13T12:56:28.273272+02:00 vmi3427693 sshd[627642]: Invalid user arthur from 109.160.32.46 port 56224
2026-09-13T12:56:28.293793+02:00 vmi3427693 sshd[627642]: pam_unix(sshd:auth): check pass; user unknown
2026-09-13T12:56:28.294454+02:00 vmi3427693 sshd[627642]: pam_unix(sshd:auth): authentication failure; logname= uid=0 euid=0 tty=ssh ruser= rhost=109.160.32.46
2026-09-13T12:56:30.148979+02:00 vmi3427693 sshd[627642]: Failed password for invalid user arthur from 109.160.32.46 port 56224 ssh2
2026-09-13T12:56:30.395257+02:00 vmi3427693 sshd[627642]: Connection closed by invalid user arthur 109.160.32.46 port 56224 [preauth]
2026-09-13T12:56:33.522121+02:00 vmi3427693 sshd[627659]: Invalid user ubuntu from 109.160.32.46 port 56282
2026-09-13T12:56:33.538218+02:00 vmi3427693 sshd[627659]: pam_unix(sshd:auth): check pass; user unknown
2026-09-13T12:56:33.538654+02:00 vmi3427693 sshd[627659]: pam_unix(sshd:auth): authentication failure; logname= uid=0 euid=0 tty=ssh ruser= rhost=109.160.32.46
2026-09-13T12:56:34.175691+02:00 vmi3427693 sshd[627654]: Invalid user jacob from 45.182.206.203 port 36138
2026-09-13T12:56:34.185449+02:00 vmi3427693 sshd[627654]: pam_unix(sshd:auth): check pass; user unknown
2026-09-13T12:56:34.185758+02:00 vmi3427693 sshd[627654]: pam_unix(sshd:auth): authentication failure; logname= uid=0 euid=0 tty=ssh ruser= rhost=45.182.206.203
2026-09-13T12:56:34.225133+02:00 vmi3427693 sshd[627656]: pam_unix(sshd:auth): authentication failure; logname= uid=0 euid=0 tty=ssh ruser= rhost=202.152.148.30 user=root
2026-09-13T12:56:35.745747+02:00 vmi3427693 sshd[627659]: Failed password for invalid user ubuntu from 109.160.32.46 port 56282 ssh2
2026-09-13T12:56:36.194696+02:00 vmi3427693 sshd[627654]: Failed password for invalid user jacob from 45.182.206.203 port 36138 ssh2
2026-09-13T12:56:36.236391+02:00 vmi3427693 sshd[627656]: Failed password for root from 202.152.148.30 port 56468 ssh2
2026-09-13T12:56:36.606348+02:00 vmi3427693 sshd[627656]: Received disconnect from 202.152.148.30 port 56468:11: Bye Bye [preauth]
2026-09-13T12:56:36.606887+02:00 vmi3427693 sshd[627656]: Disconnected from authenticating user root 202.152.148.30 port 56468 [preauth]
2026-09-13T12:56:37.430181+02:00 vmi3427693 sshd[627659]: Connection closed by invalid user ubuntu 109.160.32.46 port 56282 [preauth]
2026-09-13T12:56:37.525368+02:00 vmi3427693 sshd[627654]: Received disconnect from 45.182.206.203 port 36138:11: Bye Bye [preauth]
2026-09-13T12:56:37.525913+02:00 vmi3427693 sshd[627654]: Disconnected from invalid user jacob 45.182.206.203 port 36138 [preauth]
2026-09-13T12:56:38.689748+02:00 vmi3427693 sshd[627671]: pam_unix(sshd:auth): authentication failure; logname= uid=0 euid=0 tty=ssh ruser= rhost=109.160.32.46 user=root
2026-09-13T12:56:40.916332+02:00 vmi3427693 sshd[627671]: Failed password for root from 109.160.32.46 port 42630 ssh2
2026-09-13T12:56:43.190886+02:00 vmi3427693 sshd[627671]: Connection closed by authenticating user root 109.160.32.46 port 42630 [preauth]
2026-09-13T12:56:43.857732+02:00 vmi3427693 sshd[627684]: Invalid user nginx from 109.160.32.46 port 42662
2026-09-13T12:56:43.877230+02:00 vmi3427693 sshd[627684]: pam_unix(sshd:auth): check pass; user unknown
2026-09-13T12:56:43.877415+02:00 vmi3427693 sshd[627684]: pam_unix(sshd:auth): authentication failure; logname= uid=0 euid=0 tty=ssh ruser= rhost=109.160.32.46
2026-09-13T12:56:46.124634+02:00 vmi3427693 sshd[627684]: Failed password for invalid user nginx from 109.160.32.46 port 42662 ssh2
2026-09-13T12:56:46.258026+02:00 vmi3427693 sshd[627684]: Connection closed by invalid user nginx 109.160.32.46 port 42662 [preauth]
2026-09-13T12:56:48.889979+02:00 vmi3427693 sshd[627696]: Invalid user nginx from 109.160.32.46 port 46014
2026-09-13T12:56:48.911181+02:00 vmi3427693 sshd[627696]: pam_unix(sshd:auth): check pass; user unknown
2026-09-13T12:56:48.911378+02:00 vmi3427693 sshd[627696]: pam_unix(sshd:auth): authentication failure; logname= uid=0 euid=0 tty=ssh ruser= rhost=109.160.32.46
2026-09-13T12:56:50.843100+02:00 vmi3427693 sshd[627696]: Failed password for invalid user nginx from 109.160.32.46 port 46014 ssh2
2026-09-13T12:56:51.316580+02:00 vmi3427693 sshd[627696]: Connection closed by invalid user nginx 109.160.32.46 port 46014 [preauth]
2026-09-13T12:56:54.245845+02:00 vmi3427693 sshd[627710]: Invalid user v1 from 109.160.32.46 port 46084
2026-09-13T12:56:54.260288+02:00 vmi3427693 sshd[627710]: pam_unix(sshd:auth): check pass; user unknown
2026-09-13T12:56:54.260588+02:00 vmi3427693 sshd[627710]: pam_unix(sshd:auth): authentication failure; logname= uid=0 euid=0 tty=ssh ruser= rhost=109.160.32.46
2026-09-13T12:56:56.017030+02:00 vmi3427693 sshd[627710]: Failed password for invalid user v1 from 109.160.32.46 port 46084 ssh2
2026-09-13T12:56:57.396134+02:00 vmi3427693 sshd[627710]: Connection closed by invalid user v1 109.160.32.46 port 46084 [preauth]
2026-09-13T12:56:59.500183+02:00 vmi3427693 sshd[627722]: Invalid user administrator from 109.160.32.46 port 59422
2026-09-13T12:56:59.543662+02:00 vmi3427693 sshd[627722]: pam_unix(sshd:auth): check pass; user unknown
2026-09-13T12:56:59.543860+02:00 vmi3427693 sshd[627722]: pam_unix(sshd:auth): authentication failure; logname= uid=0 euid=0 tty=ssh ruser= rhost=109.160.32.46
2026-09-13T12:57:01.334070+02:00 vmi3427693 sshd[627722]: Failed password for invalid user administrator from 109.160.32.46 port 59422 ssh2
2026-09-13T12:57:01.721777+02:00 vmi3427693 CRON[627729]: pam_unix(cron:session): session opened for user root(uid=0) by root(uid=0)
2026-09-13T12:57:01.795752+02:00 vmi3427693 CRON[627729]: pam_unix(cron:session): session closed for user root
2026-09-13T12:57:03.013273+02:00 vmi3427693 sshd[627722]: Connection closed by invalid user administrator 109.160.32.46 port 59422 [preauth]
2026-09-13T12:57:03.955550+02:00 vmi3427693 sshd[627736]: Connection closed by 178.128.238.243 port 34894
2026-09-13T12:57:04.243806+02:00 vmi3427693 sshd[627739]: pam_unix(sshd:auth): authentication failure; logname= uid=0 euid=0 tty=ssh ruser= rhost=109.160.32.46 user=root
2026-09-13T12:57:04.526857+02:00 vmi3427693 sshd[627738]: Invalid user wf from 178.128.238.243 port 34900
2026-09-13T12:57:04.640111+02:00 vmi3427693 sshd[627738]: pam_unix(sshd:auth): check pass; user unknown
2026-09-13T12:57:04.641504+02:00 vmi3427693 sshd[627738]: pam_unix(sshd:auth): authentication failure; logname= uid=0 euid=0 tty=ssh ruser= rhost=178.128.238.243
2026-09-13T12:57:06.043285+02:00 vmi3427693 sshd[627739]: Failed password for root from 109.160.32.46 port 59466 ssh2
2026-09-13T12:57:06.437009+02:00 vmi3427693 sshd[627738]: Failed password for invalid user wf from 178.128.238.243 port 34900 ssh2
2026-09-13T12:57:06.456168+02:00 vmi3427693 sshd[627739]: Connection closed by authenticating user root 109.160.32.46 port 59466 [preauth]
2026-09-13T12:57:07.044023+02:00 vmi3427693 sshd[627738]: Connection closed by invalid user wf 178.128.238.243 port 34900 [preauth]
2026-09-13T12:57:09.308328+02:00 vmi3427693 sshd[627751]: pam_unix(sshd:auth): authentication failure; logname= uid=0 euid=0 tty=ssh ruser= rhost=109.160.32.46 user=root
2026-09-13T12:57:10.099282+02:00 vmi3427693 sshd[627753]: pam_unix(sshd:auth): authentication failure; logname= uid=0 euid=0 tty=ssh ruser= rhost=46.8.31.84 user=root
2026-09-13T12:57:11.791800+02:00 vmi3427693 sshd[627751]: Failed password for root from 109.160.32.46 port 52420 ssh2
2026-09-13T12:57:12.050787+02:00 vmi3427693 sshd[627753]: Failed password for root from 46.8.31.84 port 39978 ssh2
2026-09-13T12:57:12.463153+02:00 vmi3427693 sshd[627753]: Connection closed by authenticating user root 46.8.31.84 port 39978 [preauth]
2026-09-13T12:57:13.809629+02:00 vmi3427693 sshd[627751]: Connection closed by authenticating user root 109.160.32.46 port 52420 [preauth]
2026-09-13T12:57:14.526118+02:00 vmi3427693 sshd[627765]: pam_unix(sshd:auth): authentication failure; logname= uid=0 euid=0 tty=ssh ruser= rhost=109.160.32.46 user=root
2026-09-13T12:57:17.029388+02:00 vmi3427693 sshd[627765]: Failed password for root from 109.160.32.46 port 52486 ssh2
2026-09-13T12:57:19.040901+02:00 vmi3427693 sshd[627765]: Connection closed by authenticating user root 109.160.32.46 port 52486 [preauth]
2026-09-13T12:57:19.074796+02:00 vmi3427693 sshd[627777]: pam_unix(sshd:auth): authentication failure; logname= uid=0 euid=0 tty=ssh ruser= rhost=109.160.32.46 user=root
2026-09-13T12:57:21.126574+02:00 vmi3427693 sshd[627777]: Failed password for root from 109.160.32.46 port 57650 ssh2
2026-09-13T12:57:21.298651+02:00 vmi3427693 sshd[627777]: Connection closed by authenticating user root 109.160.32.46 port 57650 [preauth]
2026-09-13T12:57:24.030367+02:00 vmi3427693 sshd[627790]: Invalid user hamed from 109.160.32.46 port 57724
2026-09-13T12:57:24.059308+02:00 vmi3427693 sshd[627790]: pam_unix(sshd:auth): check pass; user unknown
2026-09-13T12:57:24.059648+02:00 vmi3427693 sshd[627790]: pam_unix(sshd:auth): authentication failure; logname= uid=0 euid=0 tty=ssh ruser= rhost=109.160.32.46
2026-09-13T12:57:25.935229+02:00 vmi3427693 sshd[627790]: Failed password for invalid user hamed from 109.160.32.46 port 57724 ssh2
2026-09-13T12:57:26.810047+02:00 vmi3427693 sshd[627794]: Invalid user dd from 58.152.42.212 port 40104
2026-09-13T12:57:26.816194+02:00 vmi3427693 sshd[627794]: pam_unix(sshd:auth): check pass; user unknown
2026-09-13T12:57:26.816342+02:00 vmi3427693 sshd[627794]: pam_unix(sshd:auth): authentication failure; logname= uid=0 euid=0 tty=ssh ruser= rhost=58.152.42.212
2026-09-13T12:57:27.733473+02:00 vmi3427693 sshd[627790]: Connection closed by invalid user hamed 109.160.32.46 port 57724 [preauth]
2026-09-13T12:57:29.038343+02:00 vmi3427693 sshd[627806]: pam_unix(sshd:auth): authentication failure; logname= uid=0 euid=0 tty=ssh ruser= rhost=109.160.32.46 user=root
2026-09-13T12:57:29.300647+02:00 vmi3427693 sshd[627794]: Failed password for invalid user dd from 58.152.42.212 port 40104 ssh2
2026-09-13T12:57:29.672249+02:00 vmi3427693 sshd[627794]: Received disconnect from 58.152.42.212 port 40104:11: Bye Bye [preauth]
2026-09-13T12:57:29.672814+02:00 vmi3427693 sshd[627794]: Disconnected from invalid user dd 58.152.42.212 port 40104 [preauth]
2026-09-13T12:57:31.129840+02:00 vmi3427693 sshd[627806]: Failed password for root from 109.160.32.46 port 45506 ssh2
2026-09-13T12:57:31.271728+02:00 vmi3427693 sshd[627806]: Connection closed by authenticating user root 109.160.32.46 port 45506 [preauth]
2026-09-13T12:57:33.847917+02:00 vmi3427693 sshd[627817]: pam_unix(sshd:auth): authentication failure; logname= uid=0 euid=0 tty=ssh ruser= rhost=109.160.32.46 user=root
2026-09-13T12:57:36.290862+02:00 vmi3427693 sshd[627817]: Failed password for root from 109.160.32.46 port 45546 ssh2
2026-09-13T12:57:38.308482+02:00 vmi3427693 sshd[627817]: Connection closed by authenticating user root 109.160.32.46 port 45546 [preauth]
2026-09-13T12:57:38.756926+02:00 vmi3427693 sshd[627830]: pam_unix(sshd:auth): authentication failure; logname= uid=0 euid=0 tty=ssh ruser= rhost=109.160.32.46 user=root
2026-09-13T12:57:40.888598+02:00 vmi3427693 sshd[627830]: Failed password for root from 109.160.32.46 port 50278 ssh2
2026-09-13T12:57:41.103472+02:00 vmi3427693 sshd[627830]: Connection closed by authenticating user root 109.160.32.46 port 50278 [preauth]
2026-09-13T12:57:43.533214+02:00 vmi3427693 sshd[627842]: pam_unix(sshd:auth): authentication failure; logname= uid=0 euid=0 tty=ssh ruser= rhost=109.160.32.46 user=root
2026-09-13T12:57:45.348289+02:00 vmi3427693 sshd[627842]: Failed password for root from 109.160.32.46 port 50364 ssh2
2026-09-13T12:57:45.782068+02:00 vmi3427693 sshd[627842]: Connection closed by authenticating user root 109.160.32.46 port 50364 [preauth]
2026-09-13T12:57:48.736157+02:00 vmi3427693 sshd[627854]: pam_unix(sshd:auth): authentication failure; logname= uid=0 euid=0 tty=ssh ruser= rhost=109.160.32.46 user=root
2026-09-13T12:57:50.137906+02:00 vmi3427693 sshd[627857]: Invalid user yash from 202.152.148.30 port 35216
2026-09-13T12:57:50.141914+02:00 vmi3427693 sshd[627857]: pam_unix(sshd:auth): check pass; user unknown
2026-09-13T12:57:50.142184+02:00 vmi3427693 sshd[627857]: pam_unix(sshd:auth): authentication failure; logname= uid=0 euid=0 tty=ssh ruser= rhost=202.152.148.30
2026-09-13T12:57:50.574991+02:00 vmi3427693 sshd[627854]: Failed password for root from 109.160.32.46 port 42502 ssh2
2026-09-13T12:57:50.956840+02:00 vmi3427693 sshd[627854]: Connection closed by authenticating user root 109.160.32.46 port 42502 [preauth]
2026-09-13T12:57:52.255317+02:00 vmi3427693 sshd[627857]: Failed password for invalid user yash from 202.152.148.30 port 35216 ssh2
2026-09-13T12:57:52.521177+02:00 vmi3427693 sshd[627857]: Received disconnect from 202.152.148.30 port 35216:11: Bye Bye [preauth]
2026-09-13T12:57:52.521464+02:00 vmi3427693 sshd[627857]: Disconnected from invalid user yash 202.152.148.30 port 35216 [preauth]
2026-09-13T12:57:53.473034+02:00 vmi3427693 sshd[627869]: Invalid user deploy from 109.160.32.46 port 42574
2026-09-13T12:57:53.488242+02:00 vmi3427693 sshd[627869]: pam_unix(sshd:auth): check pass; user unknown
2026-09-13T12:57:53.488631+02:00 vmi3427693 sshd[627869]: pam_unix(sshd:auth): authentication failure; logname= uid=0 euid=0 tty=ssh ruser= rhost=109.160.32.46
2026-09-13T12:57:55.344833+02:00 vmi3427693 sshd[627869]: Failed password for invalid user deploy from 109.160.32.46 port 42574 ssh2
2026-09-13T12:57:56.331859+02:00 vmi3427693 sshd[627869]: Connection closed by invalid user deploy 109.160.32.46 port 42574 [preauth]
2026-09-13T12:57:58.416274+02:00 vmi3427693 sshd[627881]: Invalid user ubuntu from 109.160.32.46 port 40452
2026-09-13T12:57:58.447735+02:00 vmi3427693 sshd[627881]: pam_unix(sshd:auth): check pass; user unknown
2026-09-13T12:57:58.447936+02:00 vmi3427693 sshd[627881]: pam_unix(sshd:auth): authentication failure; logname= uid=0 euid=0 tty=ssh ruser= rhost=109.160.32.46
2026-09-13T12:58:00.324681+02:00 vmi3427693 sshd[627881]: Failed password for invalid user ubuntu from 109.160.32.46 port 40452 ssh2
2026-09-13T12:58:00.427823+02:00 vmi3427693 sshd[627881]: Connection closed by invalid user ubuntu 109.160.32.46 port 40452 [preauth]
2026-09-13T12:58:01.811317+02:00 vmi3427693 CRON[627890]: pam_unix(cron:session): session opened for user root(uid=0) by root(uid=0)
2026-09-13T12:58:01.916140+02:00 vmi3427693 CRON[627890]: pam_unix(cron:session): session closed for user root
2026-09-13T12:58:03.272427+02:00 vmi3427693 sshd[627894]: Invalid user ubuntu from 117.236.124.166 port 35352
2026-09-13T12:58:03.278878+02:00 vmi3427693 sshd[627894]: pam_unix(sshd:auth): check pass; user unknown
2026-09-13T12:58:03.280000+02:00 vmi3427693 sshd[627894]: pam_unix(sshd:auth): authentication failure; logname= uid=0 euid=0 tty=ssh ruser= rhost=117.236.124.166
2026-09-13T12:58:03.444431+02:00 vmi3427693 sshd[627898]: Invalid user ubuntu from 109.160.32.46 port 40502
2026-09-13T12:58:03.461442+02:00 vmi3427693 sshd[627898]: pam_unix(sshd:auth): check pass; user unknown
2026-09-13T12:58:03.461693+02:00 vmi3427693 sshd[627898]: pam_unix(sshd:auth): authentication failure; logname= uid=0 euid=0 tty=ssh ruser= rhost=109.160.32.46
2026-09-13T12:58:05.842728+02:00 vmi3427693 sshd[627894]: Failed password for invalid user ubuntu from 117.236.124.166 port 35352 ssh2
2026-09-13T12:58:06.025350+02:00 vmi3427693 sshd[627898]: Failed password for invalid user ubuntu from 109.160.32.46 port 40502 ssh2
2026-09-13T12:58:07.293499+02:00 vmi3427693 sshd[627894]: Received disconnect from 117.236.124.166 port 35352:11: [preauth]
2026-09-13T12:58:07.293847+02:00 vmi3427693 sshd[627894]: Disconnected from invalid user ubuntu 117.236.124.166 port 35352 [preauth]
2026-09-13T12:58:07.351284+02:00 vmi3427693 sshd[627898]: Connection closed by invalid user ubuntu 109.160.32.46 port 40502 [preauth]
2026-09-13T12:58:08.468510+02:00 vmi3427693 sshd[627910]: Invalid user ubuntu from 109.160.32.46 port 60222
2026-09-13T12:58:08.508195+02:00 vmi3427693 sshd[627910]: pam_unix(sshd:auth): check pass; user unknown
2026-09-13T12:58:08.508751+02:00 vmi3427693 sshd[627910]: pam_unix(sshd:auth): authentication failure; logname= uid=0 euid=0 tty=ssh ruser= rhost=109.160.32.46
2026-09-13T12:58:09.188179+02:00 vmi3427693 sshd[627913]: Connection closed by 14.225.23.94 port 45113
2026-09-13T12:58:10.693745+02:00 vmi3427693 sshd[627915]: Invalid user odoo from 14.225.23.94 port 45929
2026-09-13T12:58:10.999652+02:00 vmi3427693 sshd[627915]: pam_unix(sshd:auth): check pass; user unknown
2026-09-13T12:58:10.999817+02:00 vmi3427693 sshd[627915]: pam_unix(sshd:auth): authentication failure; logname= uid=0 euid=0 tty=ssh ruser= rhost=14.225.23.94
2026-09-13T12:58:11.091756+02:00 vmi3427693 sshd[627910]: Failed password for invalid user ubuntu from 109.160.32.46 port 60222 ssh2
2026-09-13T12:58:12.417832+02:00 vmi3427693 sshd[627910]: Connection closed by invalid user ubuntu 109.160.32.46 port 60222 [preauth]
2026-09-13T12:58:13.192108+02:00 vmi3427693 sshd[627915]: Failed password for invalid user odoo from 14.225.23.94 port 45929 ssh2
2026-09-13T12:58:13.272034+02:00 vmi3427693 sshd[627925]: Invalid user njupt078 from 109.160.32.46 port 60234
2026-09-13T12:58:13.294577+02:00 vmi3427693 sshd[627925]: pam_unix(sshd:auth): check pass; user unknown
2026-09-13T12:58:13.295752+02:00 vmi3427693 sshd[627925]: pam_unix(sshd:auth): authentication failure; logname= uid=0 euid=0 tty=ssh ruser= rhost=109.160.32.46
2026-09-13T12:58:13.916627+02:00 vmi3427693 sshd[627915]: Connection closed by invalid user odoo 14.225.23.94 port 45929 [preauth]
2026-09-13T12:58:15.231194+02:00 vmi3427693 sshd[627925]: Failed password for invalid user njupt078 from 109.160.32.46 port 60234 ssh2
2026-09-13T12:58:16.154602+02:00 vmi3427693 sshd[627925]: Connection closed by invalid user njupt078 109.160.32.46 port 60234 [preauth]
2026-09-13T12:58:18.184942+02:00 vmi3427693 sshd[627946]: Invalid user mdm from 109.160.32.46 port 38786
2026-09-13T12:58:18.225424+02:00 vmi3427693 sshd[627946]: pam_unix(sshd:auth): check pass; user unknown
2026-09-13T12:58:18.225926+02:00 vmi3427693 sshd[627946]: pam_unix(sshd:auth): authentication failure; logname= uid=0 euid=0 tty=ssh ruser= rhost=109.160.32.46
2026-09-13T12:58:20.184019+02:00 vmi3427693 sshd[627946]: Failed password for invalid user mdm from 109.160.32.46 port 38786 ssh2
2026-09-13T12:58:22.007254+02:00 vmi3427693 sshd[627946]: Connection closed by invalid user mdm 109.160.32.46 port 38786 [preauth]
2026-09-13T12:58:23.148147+02:00 vmi3427693 sshd[627962]: Invalid user ec2-user from 109.160.32.46 port 38834
2026-09-13T12:58:23.351337+02:00 vmi3427693 sshd[627962]: pam_unix(sshd:auth): check pass; user unknown
2026-09-13T12:58:23.352103+02:00 vmi3427693 sshd[627962]: pam_unix(sshd:auth): authentication failure; logname= uid=0 euid=0 tty=ssh ruser= rhost=109.160.32.46
2026-09-13T12:58:25.659463+02:00 vmi3427693 sshd[627962]: Failed password for invalid user ec2-user from 109.160.32.46 port 38834 ssh2
2026-09-13T12:58:27.432058+02:00 vmi3427693 sshd[627962]: Connection closed by invalid user ec2-user 109.160.32.46 port 38834 [preauth]
2026-09-13T12:58:28.279765+02:00 vmi3427693 sshd[627975]: Invalid user ec2-user from 109.160.32.46 port 49152
2026-09-13T12:58:28.301128+02:00 vmi3427693 sshd[627975]: pam_unix(sshd:auth): check pass; user unknown
2026-09-13T12:58:28.301413+02:00 vmi3427693 sshd[627975]: pam_unix(sshd:auth): authentication failure; logname= uid=0 euid=0 tty=ssh ruser= rhost=109.160.32.46
2026-09-13T12:58:29.962814+02:00 vmi3427693 sshd[627975]: Failed password for invalid user ec2-user from 109.160.32.46 port 49152 ssh2
2026-09-13T12:58:30.004301+02:00 vmi3427693 sshd[627978]: pam_unix(sshd:auth): authentication failure; logname= uid=0 euid=0 tty=ssh ruser= rhost=45.182.206.203 user=root
2026-09-13T12:58:30.347223+02:00 vmi3427693 sshd[627975]: Connection closed by invalid user ec2-user 109.160.32.46 port 49152 [preauth]
2026-09-13T12:58:32.472821+02:00 vmi3427693 sshd[627978]: Failed password for root from 45.182.206.203 port 37566 ssh2
2026-09-13T12:58:33.295430+02:00 vmi3427693 sshd[627988]: Invalid user iksulata from 109.160.32.46 port 49224
2026-09-13T12:58:33.337825+02:00 vmi3427693 sshd[627988]: pam_unix(sshd:auth): check pass; user unknown
2026-09-13T12:58:33.338085+02:00 vmi3427693 sshd[627988]: pam_unix(sshd:auth): authentication failure; logname= uid=0 euid=0 tty=ssh ruser= rhost=109.160.32.46
2026-09-13T12:58:34.697918+02:00 vmi3427693 sshd[627978]: Received disconnect from 45.182.206.203 port 37566:11: Bye Bye [preauth]
2026-09-13T12:58:34.698194+02:00 vmi3427693 sshd[627978]: Disconnected from authenticating user root 45.182.206.203 port 37566 [preauth]
2026-09-13T12:58:35.685824+02:00 vmi3427693 sshd[627988]: Failed password for invalid user iksulata from 109.160.32.46 port 49224 ssh2
2026-09-13T12:58:37.736637+02:00 vmi3427693 sshd[627988]: Connection closed by invalid user iksulata 109.160.32.46 port 49224 [preauth]
2026-09-13T12:58:37.831154+02:00 vmi3427693 sshd[627997]: Invalid user deployer from 58.152.42.212 port 46770
2026-09-13T12:58:37.837427+02:00 vmi3427693 sshd[627997]: pam_unix(sshd:auth): check pass; user unknown
2026-09-13T12:58:37.837624+02:00 vmi3427693 sshd[627997]: pam_unix(sshd:auth): authentication failure; logname= uid=0 euid=0 tty=ssh ruser= rhost=58.152.42.212
2026-09-13T12:58:38.313917+02:00 vmi3427693 sshd[628002]: Invalid user trade from 109.160.32.46 port 58038
2026-09-13T12:58:38.348574+02:00 vmi3427693 sshd[628002]: pam_unix(sshd:auth): check pass; user unknown
2026-09-13T12:58:38.348934+02:00 vmi3427693 sshd[628002]: pam_unix(sshd:auth): authentication failure; logname= uid=0 euid=0 tty=ssh ruser= rhost=109.160.32.46
2026-09-13T12:58:39.733816+02:00 vmi3427693 sshd[627997]: Failed password for invalid user deployer from 58.152.42.212 port 46770 ssh2
2026-09-13T12:58:40.716301+02:00 vmi3427693 sshd[628002]: Failed password for invalid user trade from 109.160.32.46 port 58038 ssh2
2026-09-13T12:58:40.870626+02:00 vmi3427693 sshd[628011]: Invalid user admin from 80.94.92.55 port 57678
2026-09-13T12:58:40.895471+02:00 vmi3427693 sshd[628011]: pam_unix(sshd:auth): check pass; user unknown
2026-09-13T12:58:40.895736+02:00 vmi3427693 sshd[628011]: pam_unix(sshd:auth): authentication failure; logname= uid=0 euid=0 tty=ssh ruser= rhost=80.94.92.55
2026-09-13T12:58:41.558954+02:00 vmi3427693 sshd[627997]: Received disconnect from 58.152.42.212 port 46770:11: Bye Bye [preauth]
2026-09-13T12:58:41.559282+02:00 vmi3427693 sshd[627997]: Disconnected from invalid user deployer 58.152.42.212 port 46770 [preauth]
2026-09-13T12:58:42.204487+02:00 vmi3427693 sshd[628011]: Failed password for invalid user admin from 80.94.92.55 port 57678 ssh2
2026-09-13T12:58:42.262441+02:00 vmi3427693 sshd[628011]: Connection closed by invalid user admin 80.94.92.55 port 57678 [preauth]
2026-09-13T12:58:42.481172+02:00 vmi3427693 sshd[628002]: Connection closed by invalid user trade 109.160.32.46 port 58038 [preauth]
2026-09-13T12:58:43.355555+02:00 vmi3427693 sshd[628018]: Invalid user claude from 109.160.32.46 port 58088
2026-09-13T12:58:43.370995+02:00 vmi3427693 sshd[628018]: pam_unix(sshd:auth): check pass; user unknown
2026-09-13T12:58:43.371339+02:00 vmi3427693 sshd[628018]: pam_unix(sshd:auth): authentication failure; logname= uid=0 euid=0 tty=ssh ruser= rhost=109.160.32.46
2026-09-13T12:58:45.760218+02:00 vmi3427693 sshd[628018]: Failed password for invalid user claude from 109.160.32.46 port 58088 ssh2
2026-09-13T12:58:47.554052+02:00 vmi3427693 sshd[628018]: Connection closed by invalid user claude 109.160.32.46 port 58088 [preauth]
2026-09-13T12:58:48.622301+02:00 vmi3427693 sshd[628030]: Invalid user claude from 109.160.32.46 port 58792
2026-09-13T12:58:48.703418+02:00 vmi3427693 sshd[628030]: pam_unix(sshd:auth): check pass; user unknown
2026-09-13T12:58:48.703717+02:00 vmi3427693 sshd[628030]: pam_unix(sshd:auth): authentication failure; logname= uid=0 euid=0 tty=ssh ruser= rhost=109.160.32.46
2026-09-13T12:58:50.444219+02:00 vmi3427693 sshd[628030]: Failed password for invalid user claude from 109.160.32.46 port 58792 ssh2
2026-09-13T12:58:50.800238+02:00 vmi3427693 sshd[628030]: Connection closed by invalid user claude 109.160.32.46 port 58792 [preauth]
2026-09-13T12:58:53.471135+02:00 vmi3427693 sshd[628043]: Invalid user frappe from 109.160.32.46 port 58894
2026-09-13T12:58:53.493118+02:00 vmi3427693 sshd[628043]: pam_unix(sshd:auth): check pass; user unknown
2026-09-13T12:58:53.493447+02:00 vmi3427693 sshd[628043]: pam_unix(sshd:auth): authentication failure; logname= uid=0 euid=0 tty=ssh ruser= rhost=109.160.32.46
2026-09-13T12:58:55.146717+02:00 vmi3427693 sshd[628047]: pam_unix(sshd:auth): authentication failure; logname= uid=0 euid=0 tty=ssh ruser= rhost=46.8.31.84 user=root
2026-09-13T12:58:55.921113+02:00 vmi3427693 sshd[628043]: Failed password for invalid user frappe from 109.160.32.46 port 58894 ssh2
2026-09-13T12:58:56.747909+02:00 vmi3427693 sshd[628043]: Connection closed by invalid user frappe 109.160.32.46 port 58894 [preauth]
2026-09-13T12:58:57.514913+02:00 vmi3427693 sshd[628047]: Failed password for root from 46.8.31.84 port 57194 ssh2
2026-09-13T12:58:58.689153+02:00 vmi3427693 sshd[628057]: Invalid user frappe from 109.160.32.46 port 41746
2026-09-13T12:58:58.707028+02:00 vmi3427693 sshd[628057]: pam_unix(sshd:auth): check pass; user unknown
2026-09-13T12:58:58.707324+02:00 vmi3427693 sshd[628057]: pam_unix(sshd:auth): authentication failure; logname= uid=0 euid=0 tty=ssh ruser= rhost=109.160.32.46
2026-09-13T12:58:59.779807+02:00 vmi3427693 sshd[628047]: Connection closed by authenticating user root 46.8.31.84 port 57194 [preauth]
2026-09-13T12:59:00.819710+02:00 vmi3427693 sshd[628057]: Failed password for invalid user frappe from 109.160.32.46 port 41746 ssh2
2026-09-13T12:59:01.928137+02:00 vmi3427693 CRON[628066]: pam_unix(cron:session): session opened for user root(uid=0) by root(uid=0)
2026-09-13T12:59:01.951037+02:00 vmi3427693 sshd[628057]: Connection closed by invalid user frappe 109.160.32.46 port 41746 [preauth]
2026-09-13T12:59:01.994715+02:00 vmi3427693 CRON[628066]: pam_unix(cron:session): session closed for user root
2026-09-13T12:59:03.879224+02:00 vmi3427693 sshd[628072]: pam_unix(sshd:auth): authentication failure; logname= uid=0 euid=0 tty=ssh ruser= rhost=109.160.32.46 user=root
2026-09-13T12:59:05.680735+02:00 vmi3427693 sshd[628072]: Failed password for root from 109.160.32.46 port 41810 ssh2
2026-09-13T12:59:05.999375+02:00 vmi3427693 sshd[628077]: pam_unix(sshd:auth): authentication failure; logname= uid=0 euid=0 tty=ssh ruser= rhost=202.152.148.30 user=root
2026-09-13T12:59:06.074663+02:00 vmi3427693 sshd[628072]: Connection closed by authenticating user root 109.160.32.46 port 41810 [preauth]
2026-09-13T12:59:08.407076+02:00 vmi3427693 sshd[628077]: Failed password for root from 202.152.148.30 port 55914 ssh2
2026-09-13T12:59:08.505854+02:00 vmi3427693 sshd[628085]: Invalid user ai from 109.160.32.46 port 41438
2026-09-13T12:59:08.536265+02:00 vmi3427693 sshd[628085]: pam_unix(sshd:auth): check pass; user unknown
2026-09-13T12:59:08.536638+02:00 vmi3427693 sshd[628085]: pam_unix(sshd:auth): authentication failure; logname= uid=0 euid=0 tty=ssh ruser= rhost=109.160.32.46
2026-09-13T12:59:10.650185+02:00 vmi3427693 sshd[628077]: Received disconnect from 202.152.148.30 port 55914:11: Bye Bye [preauth]
2026-09-13T12:59:10.650562+02:00 vmi3427693 sshd[628077]: Disconnected from authenticating user root 202.152.148.30 port 55914 [preauth]
2026-09-13T12:59:10.688348+02:00 vmi3427693 sshd[628085]: Failed password for invalid user ai from 109.160.32.46 port 41438 ssh2
2026-09-13T12:59:10.883136+02:00 vmi3427693 sshd[628085]: Connection closed by invalid user ai 109.160.32.46 port 41438 [preauth]
2026-09-13T12:59:13.558540+02:00 vmi3427693 sshd[628097]: Invalid user ai from 109.160.32.46 port 41524
2026-09-13T12:59:13.581125+02:00 vmi3427693 sshd[628097]: pam_unix(sshd:auth): check pass; user unknown
2026-09-13T12:59:13.581353+02:00 vmi3427693 sshd[628097]: pam_unix(sshd:auth): authentication failure; logname= uid=0 euid=0 tty=ssh ruser= rhost=109.160.32.46
2026-09-13T12:59:15.424133+02:00 vmi3427693 sshd[628097]: Failed password for invalid user ai from 109.160.32.46 port 41524 ssh2
2026-09-13T12:59:15.959221+02:00 vmi3427693 sshd[628097]: Connection closed by invalid user ai 109.160.32.46 port 41524 [preauth]
2026-09-13T12:59:18.348200+02:00 vmi3427693 sshd[628107]: pam_unix(sshd:auth): authentication failure; logname= uid=0 euid=0 tty=ssh ruser= rhost=109.160.32.46 user=root
2026-09-13T12:59:20.539849+02:00 vmi3427693 sshd[628107]: Failed password for root from 109.160.32.46 port 44758 ssh2
2026-09-13T12:59:20.581745+02:00 vmi3427693 sshd[628107]: Connection closed by authenticating user root 109.160.32.46 port 44758 [preauth]
2026-09-13T12:59:23.492123+02:00 vmi3427693 sshd[628119]: Invalid user florida1 from 109.160.32.46 port 44872
2026-09-13T12:59:23.511868+02:00 vmi3427693 sshd[628119]: pam_unix(sshd:auth): check pass; user unknown
2026-09-13T12:59:23.512255+02:00 vmi3427693 sshd[628119]: pam_unix(sshd:auth): authentication failure; logname= uid=0 euid=0 tty=ssh ruser= rhost=109.160.32.46
2026-09-13T12:59:25.388240+02:00 vmi3427693 sshd[628119]: Failed password for invalid user florida1 from 109.160.32.46 port 44872 ssh2
2026-09-13T12:59:26.650803+02:00 vmi3427693 sshd[628119]: Connection closed by invalid user florida1 109.160.32.46 port 44872 [preauth]
2026-09-13T12:59:28.864802+02:00 vmi3427693 sshd[628131]: pam_unix(sshd:auth): authentication failure; logname= uid=0 euid=0 tty=ssh ruser= rhost=109.160.32.46 user=root
2026-09-13T12:59:31.098926+02:00 vmi3427693 sshd[628131]: Failed password for root from 109.160.32.46 port 46334 ssh2
2026-09-13T12:59:33.347329+02:00 vmi3427693 sshd[628131]: Connection closed by authenticating user root 109.160.32.46 port 46334 [preauth]
2026-09-13T12:59:33.569443+02:00 vmi3427693 sshd[628143]: pam_unix(sshd:auth): authentication failure; logname= uid=0 euid=0 tty=ssh ruser= rhost=109.160.32.46 user=root
2026-09-13T12:59:36.152964+02:00 vmi3427693 sshd[628143]: Failed password for root from 109.160.32.46 port 46364 ssh2
2026-09-13T12:59:38.066150+02:00 vmi3427693 sshd[628143]: Connection closed by authenticating user root 109.160.32.46 port 46364 [preauth]
2026-09-13T12:59:39.087727+02:00 vmi3427693 sshd[628157]: pam_unix(sshd:auth): authentication failure; logname= uid=0 euid=0 tty=ssh ruser= rhost=109.160.32.46 user=root
2026-09-13T12:59:40.693080+02:00 vmi3427693 sshd[628157]: Failed password for root from 109.160.32.46 port 58960 ssh2
2026-09-13T12:59:41.300757+02:00 vmi3427693 sshd[628157]: Connection closed by authenticating user root 109.160.32.46 port 58960 [preauth]
2026-09-13T12:59:44.497038+02:00 vmi3427693 sshd[628170]: pam_unix(sshd:auth): authentication failure; logname= uid=0 euid=0 tty=ssh ruser= rhost=109.160.32.46 user=root
2026-09-13T12:59:46.924847+02:00 vmi3427693 sshd[628170]: Failed password for root from 109.160.32.46 port 58982 ssh2
2026-09-13T12:59:47.492691+02:00 vmi3427693 sshd[628178]: Invalid user ps from 130.49.213.228 port 60514
2026-09-13T12:59:47.584437+02:00 vmi3427693 sshd[628178]: pam_unix(sshd:auth): check pass; user unknown
2026-09-13T12:59:47.584698+02:00 vmi3427693 sshd[628178]: pam_unix(sshd:auth): authentication failure; logname= uid=0 euid=0 tty=ssh ruser= rhost=130.49.213.228
2026-09-13T12:59:49.100729+02:00 vmi3427693 sshd[628170]: Connection closed by authenticating user root 109.160.32.46 port 58982 [preauth]
2026-09-13T12:59:49.425452+02:00 vmi3427693 sshd[628178]: Failed password for invalid user ps from 130.49.213.228 port 60514 ssh2
2026-09-13T12:59:49.574753+02:00 vmi3427693 sshd[628186]: Invalid user user2 from 109.160.32.46 port 60062
2026-09-13T12:59:49.632005+02:00 vmi3427693 sshd[628186]: pam_unix(sshd:auth): check pass; user unknown
2026-09-13T12:59:49.632493+02:00 vmi3427693 sshd[628186]: pam_unix(sshd:auth): authentication failure; logname= uid=0 euid=0 tty=ssh ruser= rhost=109.160.32.46
2026-09-13T12:59:49.699641+02:00 vmi3427693 sshd[628178]: Connection closed by invalid user ps 130.49.213.228 port 60514 [preauth]
2026-09-13T12:59:49.771695+02:00 vmi3427693 sshd[628181]: pam_unix(sshd:auth): authentication failure; logname= uid=0 euid=0 tty=ssh ruser= rhost=58.152.42.212 user=root
2026-09-13T12:59:51.412493+02:00 vmi3427693 sshd[628186]: Failed password for invalid user user2 from 109.160.32.46 port 60062 ssh2
2026-09-13T12:59:51.552208+02:00 vmi3427693 sshd[628181]: Failed password for root from 58.152.42.212 port 59666 ssh2
2026-09-13T12:59:52.424641+02:00 vmi3427693 sshd[628181]: Received disconnect from 58.152.42.212 port 59666:11: Bye Bye [preauth]
2026-09-13T12:59:52.425055+02:00 vmi3427693 sshd[628181]: Disconnected from authenticating user root 58.152.42.212 port 59666 [preauth]
2026-09-13T12:59:52.921308+02:00 vmi3427693 sshd[628186]: Connection closed by invalid user user2 109.160.32.46 port 60062 [preauth]
2026-09-13T12:59:54.884341+02:00 vmi3427693 sshd[628199]: pam_unix(sshd:auth): authentication failure; logname= uid=0 euid=0 tty=ssh ruser= rhost=109.160.32.46 user=root
2026-09-13T12:59:57.351438+02:00 vmi3427693 sshd[628199]: Failed password for root from 109.160.32.46 port 60116 ssh2
2026-09-13T12:59:59.392428+02:00 vmi3427693 sshd[628199]: Connection closed by authenticating user root 109.160.32.46 port 60116 [preauth]
2026-09-13T12:59:59.821998+02:00 vmi3427693 sshd[628211]: pam_unix(sshd:auth): authentication failure; logname= uid=0 euid=0 tty=ssh ruser= rhost=109.160.32.46 user=root
2026-09-13T13:00:01.642354+02:00 vmi3427693 sshd[628211]: Failed password for root from 109.160.32.46 port 51240 ssh2
2026-09-13T13:00:02.050130+02:00 vmi3427693 CRON[628220]: pam_unix(cron:session): session opened for user root(uid=0) by root(uid=0)
2026-09-13T13:00:02.061472+02:00 vmi3427693 CRON[628219]: pam_unix(cron:session): session opened for user root(uid=0) by root(uid=0)
2026-09-13T13:00:02.062197+02:00 vmi3427693 CRON[628218]: pam_unix(cron:session): session opened for user root(uid=0) by root(uid=0)
2026-09-13T13:00:02.075652+02:00 vmi3427693 sshd[628211]: Connection closed by authenticating user root 109.160.32.46 port 51240 [preauth]
2026-09-13T13:00:02.158205+02:00 vmi3427693 CRON[628218]: pam_unix(cron:session): session closed for user root
2026-09-13T13:00:02.180963+02:00 vmi3427693 CRON[628220]: pam_unix(cron:session): session closed for user root
2026-09-13T13:00:05.700674+02:00 vmi3427693 sshd[628307]: Invalid user user1 from 109.160.32.46 port 51288
2026-09-13T13:00:05.762209+02:00 vmi3427693 sshd[628307]: pam_unix(sshd:auth): check pass; user unknown
2026-09-13T13:00:05.764463+02:00 vmi3427693 sshd[628307]: pam_unix(sshd:auth): authentication failure; logname= uid=0 euid=0 tty=ssh ruser= rhost=109.160.32.46
2026-09-13T13:00:07.751945+02:00 vmi3427693 sshd[628307]: Failed password for invalid user user1 from 109.160.32.46 port 51288 ssh2
2026-09-13T13:00:08.534295+02:00 vmi3427693 CRON[628219]: pam_unix(cron:session): session closed for user root
2026-09-13T13:00:09.774088+02:00 vmi3427693 sshd[628307]: Connection closed by invalid user user1 109.160.32.46 port 51288 [preauth]
2026-09-13T13:00:10.301453+02:00 vmi3427693 sshd[628370]: Invalid user user1 from 109.160.32.46 port 47652
2026-09-13T13:00:10.370300+02:00 vmi3427693 sshd[628370]: pam_unix(sshd:auth): check pass; user unknown
2026-09-13T13:00:10.370577+02:00 vmi3427693 sshd[628370]: pam_unix(sshd:auth): authentication failure; logname= uid=0 euid=0 tty=ssh ruser= rhost=109.160.32.46
2026-09-13T13:00:12.038050+02:00 vmi3427693 sshd[628370]: Failed password for invalid user user1 from 109.160.32.46 port 47652 ssh2
2026-09-13T13:00:12.276440+02:00 vmi3427693 sshd[628370]: Connection closed by invalid user user1 109.160.32.46 port 47652 [preauth]
2026-09-13T13:00:15.045325+02:00 vmi3427693 sshd[628381]: Invalid user myuser from 109.160.32.46 port 47702
2026-09-13T13:00:15.077225+02:00 vmi3427693 sshd[628381]: pam_unix(sshd:auth): check pass; user unknown
2026-09-13T13:00:15.077428+02:00 vmi3427693 sshd[628381]: pam_unix(sshd:auth): authentication failure; logname= uid=0 euid=0 tty=ssh ruser= rhost=109.160.32.46
2026-09-13T13:00:17.232555+02:00 vmi3427693 sshd[628385]: Invalid user developers from 202.152.148.30 port 36326
2026-09-13T13:00:17.236198+02:00 vmi3427693 sshd[628385]: pam_unix(sshd:auth): check pass; user unknown
2026-09-13T13:00:17.236378+02:00 vmi3427693 sshd[628385]: pam_unix(sshd:auth): authentication failure; logname= uid=0 euid=0 tty=ssh ruser= rhost=202.152.148.30
2026-09-13T13:00:17.761821+02:00 vmi3427693 sshd[628381]: Failed password for invalid user myuser from 109.160.32.46 port 47702 ssh2
