2026-09-13T13:15:02.580184+02:00 vmi3427693 sshd[631078]: Connection closed by authenticating user root 159.223.173.125 port 50474 [preauth]
2026-09-13T13:15:03.167917+02:00 vmi3427693 sshd[631100]: Invalid user student from 46.8.31.84 port 40896
2026-09-13T13:15:03.176345+02:00 vmi3427693 sshd[631100]: pam_unix(sshd:auth): check pass; user unknown
2026-09-13T13:15:03.176565+02:00 vmi3427693 sshd[631100]: pam_unix(sshd:auth): authentication failure; logname= uid=0 euid=0 tty=ssh ruser= rhost=46.8.31.84
2026-09-13T13:15:04.083214+02:00 vmi3427693 sshd[631103]: pam_unix(sshd:auth): authentication failure; logname= uid=0 euid=0 tty=ssh ruser= rhost=159.223.173.125 user=root
2026-09-13T13:15:04.108077+02:00 vmi3427693 sshd[631085]: Failed password for root from 109.160.32.46 port 54530 ssh2
2026-09-13T13:15:05.108253+02:00 vmi3427693 sshd[631100]: Failed password for invalid user student from 46.8.31.84 port 40896 ssh2
2026-09-13T13:15:05.964843+02:00 vmi3427693 sshd[631085]: Connection closed by authenticating user root 109.160.32.46 port 54530 [preauth]
2026-09-13T13:15:06.011321+02:00 vmi3427693 sshd[631103]: Failed password for root from 159.223.173.125 port 50476 ssh2
2026-09-13T13:15:06.340927+02:00 vmi3427693 sshd[631103]: Connection closed by authenticating user root 159.223.173.125 port 50476 [preauth]
2026-09-13T13:15:06.601190+02:00 vmi3427693 sshd[631113]: pam_unix(sshd:auth): authentication failure; logname= uid=0 euid=0 tty=ssh ruser= rhost=109.160.32.46 user=root
2026-09-13T13:15:06.942734+02:00 vmi3427693 sshd[631100]: Connection closed by invalid user student 46.8.31.84 port 40896 [preauth]
2026-09-13T13:15:07.319048+02:00 vmi3427693 sshd[631115]: pam_unix(sshd:auth): authentication failure; logname= uid=0 euid=0 tty=ssh ruser= rhost=159.223.173.125 user=root
2026-09-13T13:15:08.939652+02:00 vmi3427693 sshd[631113]: Failed password for root from 109.160.32.46 port 49672 ssh2
2026-09-13T13:15:09.486937+02:00 vmi3427693 sshd[631115]: Failed password for root from 159.223.173.125 port 49558 ssh2
2026-09-13T13:15:09.641139+02:00 vmi3427693 sshd[631115]: Connection closed by authenticating user root 159.223.173.125 port 49558 [preauth]
2026-09-13T13:15:10.482285+02:00 vmi3427693 sshd[631123]: pam_unix(sshd:auth): authentication failure; logname= uid=0 euid=0 tty=ssh ruser= rhost=159.223.173.125 user=root
2026-09-13T13:15:11.022389+02:00 vmi3427693 sshd[631113]: Connection closed by authenticating user root 109.160.32.46 port 49672 [preauth]
2026-09-13T13:15:11.624218+02:00 vmi3427693 sshd[631130]: Invalid user wjw from 109.160.32.46 port 49734
2026-09-13T13:15:11.653502+02:00 vmi3427693 sshd[631130]: pam_unix(sshd:auth): check pass; user unknown
2026-09-13T13:15:11.653741+02:00 vmi3427693 sshd[631130]: pam_unix(sshd:auth): authentication failure; logname= uid=0 euid=0 tty=ssh ruser= rhost=109.160.32.46
2026-09-13T13:15:12.370427+02:00 vmi3427693 sshd[631123]: Failed password for root from 159.223.173.125 port 49564 ssh2
2026-09-13T13:15:12.804730+02:00 vmi3427693 sshd[631123]: Connection closed by authenticating user root 159.223.173.125 port 49564 [preauth]
2026-09-13T13:15:13.343453+02:00 vmi3427693 sshd[631130]: Failed password for invalid user wjw from 109.160.32.46 port 49734 ssh2
2026-09-13T13:15:13.495511+02:00 vmi3427693 sshd[631135]: pam_unix(sshd:auth): authentication failure; logname= uid=0 euid=0 tty=ssh ruser= rhost=159.223.173.125 user=root
2026-09-13T13:15:14.293705+02:00 vmi3427693 sshd[631130]: Connection closed by invalid user wjw 109.160.32.46 port 49734 [preauth]
2026-09-13T13:15:16.128503+02:00 vmi3427693 sshd[631135]: Failed password for root from 159.223.173.125 port 43410 ssh2
2026-09-13T13:15:17.302961+02:00 vmi3427693 sshd[631144]: pam_unix(sshd:auth): authentication failure; logname= uid=0 euid=0 tty=ssh ruser= rhost=109.160.32.46 user=root
2026-09-13T13:15:18.117098+02:00 vmi3427693 sshd[631135]: Connection closed by authenticating user root 159.223.173.125 port 43410 [preauth]
2026-09-13T13:15:19.112057+02:00 vmi3427693 sshd[631149]: pam_unix(sshd:auth): authentication failure; logname= uid=0 euid=0 tty=ssh ruser= rhost=159.223.173.125 user=root
2026-09-13T13:15:19.484105+02:00 vmi3427693 sshd[631144]: Failed password for root from 109.160.32.46 port 44258 ssh2
2026-09-13T13:15:19.764143+02:00 vmi3427693 sshd[631144]: Connection closed by authenticating user root 109.160.32.46 port 44258 [preauth]
2026-09-13T13:15:21.233834+02:00 vmi3427693 sshd[631149]: Failed password for root from 159.223.173.125 port 43420 ssh2
2026-09-13T13:15:21.404702+02:00 vmi3427693 sshd[631149]: Connection closed by authenticating user root 159.223.173.125 port 43420 [preauth]
2026-09-13T13:15:21.745889+02:00 vmi3427693 sshd[631160]: Invalid user test3 from 109.160.32.46 port 44274
2026-09-13T13:15:21.766464+02:00 vmi3427693 sshd[631160]: pam_unix(sshd:auth): check pass; user unknown
2026-09-13T13:15:21.766833+02:00 vmi3427693 sshd[631160]: pam_unix(sshd:auth): authentication failure; logname= uid=0 euid=0 tty=ssh ruser= rhost=109.160.32.46
2026-09-13T13:15:22.308705+02:00 vmi3427693 sshd[631158]: pam_unix(sshd:auth): authentication failure; logname= uid=0 euid=0 tty=ssh ruser= rhost=159.223.173.125 user=root
2026-09-13T13:15:23.165017+02:00 vmi3427693 sshd[631160]: Failed password for invalid user test3 from 109.160.32.46 port 44274 ssh2
2026-09-13T13:15:23.488044+02:00 vmi3427693 sshd[631160]: Connection closed by invalid user test3 109.160.32.46 port 44274 [preauth]
2026-09-13T13:15:24.174445+02:00 vmi3427693 sshd[631158]: Failed password for root from 159.223.173.125 port 43428 ssh2
2026-09-13T13:15:24.657049+02:00 vmi3427693 sshd[631158]: Connection closed by authenticating user root 159.223.173.125 port 43428 [preauth]
2026-09-13T13:15:25.456616+02:00 vmi3427693 sshd[631169]: pam_unix(sshd:auth): authentication failure; logname= uid=0 euid=0 tty=ssh ruser= rhost=159.223.173.125 user=root
2026-09-13T13:15:27.002579+02:00 vmi3427693 sshd[631177]: Invalid user user from 109.160.32.46 port 33274
2026-09-13T13:15:27.027132+02:00 vmi3427693 sshd[631177]: pam_unix(sshd:auth): check pass; user unknown
2026-09-13T13:15:27.027404+02:00 vmi3427693 sshd[631177]: pam_unix(sshd:auth): authentication failure; logname= uid=0 euid=0 tty=ssh ruser= rhost=109.160.32.46
2026-09-13T13:15:27.137150+02:00 vmi3427693 sshd[631174]: pam_unix(sshd:auth): authentication failure; logname= uid=0 euid=0 tty=ssh ruser= rhost=20.127.185.37 user=root
2026-09-13T13:15:28.072040+02:00 vmi3427693 sshd[631169]: Failed password for root from 159.223.173.125 port 56188 ssh2
2026-09-13T13:15:28.192329+02:00 vmi3427693 sshd[631180]: pam_unix(sshd:auth): authentication failure; logname= uid=0 euid=0 tty=ssh ruser= rhost=80.94.92.55 user=backup
2026-09-13T13:15:28.582006+02:00 vmi3427693 sshd[631177]: Failed password for invalid user user from 109.160.32.46 port 33274 ssh2
2026-09-13T13:15:28.691692+02:00 vmi3427693 sshd[631174]: Failed password for root from 20.127.185.37 port 54318 ssh2
2026-09-13T13:15:29.158711+02:00 vmi3427693 sshd[631177]: Connection closed by invalid user user 109.160.32.46 port 33274 [preauth]
2026-09-13T13:15:29.392202+02:00 vmi3427693 sshd[631174]: Received disconnect from 20.127.185.37 port 54318:11: Bye Bye [preauth]
2026-09-13T13:15:29.392573+02:00 vmi3427693 sshd[631174]: Disconnected from authenticating user root 20.127.185.37 port 54318 [preauth]
2026-09-13T13:15:29.884123+02:00 vmi3427693 sshd[631180]: Failed password for backup from 80.94.92.55 port 54400 ssh2
2026-09-13T13:15:30.190259+02:00 vmi3427693 sshd[631169]: Connection closed by authenticating user root 159.223.173.125 port 56188 [preauth]
2026-09-13T13:15:30.317417+02:00 vmi3427693 sshd[631180]: Connection closed by authenticating user backup 80.94.92.55 port 54400 [preauth]
2026-09-13T13:15:31.489698+02:00 vmi3427693 sshd[631189]: pam_unix(sshd:auth): authentication failure; logname= uid=0 euid=0 tty=ssh ruser= rhost=159.223.173.125 user=root
2026-09-13T13:15:31.740492+02:00 vmi3427693 sshd[631193]: Invalid user user from 109.160.32.46 port 33322
2026-09-13T13:15:31.757766+02:00 vmi3427693 sshd[631193]: pam_unix(sshd:auth): check pass; user unknown
2026-09-13T13:15:31.758074+02:00 vmi3427693 sshd[631193]: pam_unix(sshd:auth): authentication failure; logname= uid=0 euid=0 tty=ssh ruser= rhost=109.160.32.46
2026-09-13T13:15:33.420509+02:00 vmi3427693 sshd[631200]: pam_unix(sshd:auth): authentication failure; logname= uid=0 euid=0 tty=ssh ruser= rhost=45.148.10.157 user=root
2026-09-13T13:15:33.591581+02:00 vmi3427693 sshd[631189]: Failed password for root from 159.223.173.125 port 56196 ssh2
2026-09-13T13:15:33.801265+02:00 vmi3427693 sshd[631189]: Connection closed by authenticating user root 159.223.173.125 port 56196 [preauth]
2026-09-13T13:15:33.862557+02:00 vmi3427693 sshd[631193]: Failed password for invalid user user from 109.160.32.46 port 33322 ssh2
2026-09-13T13:15:33.890585+02:00 vmi3427693 sshd[631193]: Connection closed by invalid user user 109.160.32.46 port 33322 [preauth]
2026-09-13T13:15:34.356611+02:00 vmi3427693 sshd[631198]: pam_unix(sshd:auth): authentication failure; logname= uid=0 euid=0 tty=ssh ruser= rhost=45.182.206.203 user=root
2026-09-13T13:15:34.653439+02:00 vmi3427693 sshd[631204]: pam_unix(sshd:auth): authentication failure; logname= uid=0 euid=0 tty=ssh ruser= rhost=159.223.173.125 user=root
2026-09-13T13:15:35.127488+02:00 vmi3427693 sshd[631200]: Failed password for root from 45.148.10.157 port 52014 ssh2
2026-09-13T13:15:36.538707+02:00 vmi3427693 sshd[631198]: Failed password for root from 45.182.206.203 port 39986 ssh2
2026-09-13T13:15:36.761042+02:00 vmi3427693 sshd[631198]: Received disconnect from 45.182.206.203 port 39986:11: Bye Bye [preauth]
2026-09-13T13:15:36.761317+02:00 vmi3427693 sshd[631198]: Disconnected from authenticating user root 45.182.206.203 port 39986 [preauth]
2026-09-13T13:15:36.835112+02:00 vmi3427693 sshd[631204]: Failed password for root from 159.223.173.125 port 54978 ssh2
2026-09-13T13:15:36.900916+02:00 vmi3427693 sshd[631212]: Invalid user angel from 109.160.32.46 port 42428
2026-09-13T13:15:36.919480+02:00 vmi3427693 sshd[631212]: pam_unix(sshd:auth): check pass; user unknown
2026-09-13T13:15:36.919765+02:00 vmi3427693 sshd[631212]: pam_unix(sshd:auth): authentication failure; logname= uid=0 euid=0 tty=ssh ruser= rhost=109.160.32.46
2026-09-13T13:15:36.928714+02:00 vmi3427693 sshd[631204]: Connection closed by authenticating user root 159.223.173.125 port 54978 [preauth]
2026-09-13T13:15:37.592349+02:00 vmi3427693 sshd[631214]: pam_unix(sshd:auth): authentication failure; logname= uid=0 euid=0 tty=ssh ruser= rhost=159.223.173.125 user=root
2026-09-13T13:15:37.673952+02:00 vmi3427693 sshd[631200]: Failed password for root from 45.148.10.157 port 52014 ssh2
2026-09-13T13:15:39.376355+02:00 vmi3427693 sshd[631212]: Failed password for invalid user angel from 109.160.32.46 port 42428 ssh2
2026-09-13T13:15:40.184464+02:00 vmi3427693 sshd[631214]: Failed password for root from 159.223.173.125 port 54990 ssh2
2026-09-13T13:15:40.545316+02:00 vmi3427693 sshd[631200]: Failed password for root from 45.148.10.157 port 52014 ssh2
2026-09-13T13:15:41.631216+02:00 vmi3427693 sshd[631227]: Invalid user gix from 109.160.32.46 port 42488
2026-09-13T13:15:41.658929+02:00 vmi3427693 sshd[631227]: pam_unix(sshd:auth): check pass; user unknown
2026-09-13T13:15:41.660482+02:00 vmi3427693 sshd[631227]: pam_unix(sshd:auth): authentication failure; logname= uid=0 euid=0 tty=ssh ruser= rhost=109.160.32.46
2026-09-13T13:15:41.668669+02:00 vmi3427693 sshd[631212]: Connection closed by invalid user angel 109.160.32.46 port 42428 [preauth]
2026-09-13T13:15:42.249550+02:00 vmi3427693 sshd[631214]: Connection closed by authenticating user root 159.223.173.125 port 54990 [preauth]
2026-09-13T13:15:43.476015+02:00 vmi3427693 sshd[631231]: pam_unix(sshd:auth): authentication failure; logname= uid=0 euid=0 tty=ssh ruser= rhost=159.223.173.125 user=root
2026-09-13T13:15:43.809861+02:00 vmi3427693 sshd[631227]: Failed password for invalid user gix from 109.160.32.46 port 42488 ssh2
2026-09-13T13:15:44.173565+02:00 vmi3427693 sshd[631236]: Invalid user kaelynn from 2.57.121.112 port 54358
2026-09-13T13:15:44.201954+02:00 vmi3427693 sshd[631236]: pam_unix(sshd:auth): check pass; user unknown
2026-09-13T13:15:44.202154+02:00 vmi3427693 sshd[631236]: pam_unix(sshd:auth): authentication failure; logname= uid=0 euid=0 tty=ssh ruser= rhost=2.57.121.112
2026-09-13T13:15:44.485707+02:00 vmi3427693 sshd[631200]: Failed password for root from 45.148.10.157 port 52014 ssh2
2026-09-13T13:15:45.422674+02:00 vmi3427693 sshd[631236]: Failed password for invalid user kaelynn from 2.57.121.112 port 54358 ssh2
2026-09-13T13:15:45.777976+02:00 vmi3427693 sshd[631227]: Connection closed by invalid user gix 109.160.32.46 port 42488 [preauth]
2026-09-13T13:15:45.903317+02:00 vmi3427693 sshd[631231]: Failed password for root from 159.223.173.125 port 55004 ssh2
2026-09-13T13:15:46.040355+02:00 vmi3427693 sshd[631200]: Failed password for root from 45.148.10.157 port 52014 ssh2
2026-09-13T13:15:46.508649+02:00 vmi3427693 sshd[631236]: pam_unix(sshd:auth): check pass; user unknown
2026-09-13T13:15:46.522048+02:00 vmi3427693 sshd[631244]: Invalid user guest from 109.160.32.46 port 59358
2026-09-13T13:15:46.555118+02:00 vmi3427693 sshd[631244]: pam_unix(sshd:auth): check pass; user unknown
2026-09-13T13:15:46.555329+02:00 vmi3427693 sshd[631244]: pam_unix(sshd:auth): authentication failure; logname= uid=0 euid=0 tty=ssh ruser= rhost=109.160.32.46
2026-09-13T13:15:47.041408+02:00 vmi3427693 sshd[631200]: Connection reset by authenticating user root 45.148.10.157 port 52014 [preauth]
2026-09-13T13:15:47.048046+02:00 vmi3427693 sshd[631200]: PAM 4 more authentication failures; logname= uid=0 euid=0 tty=ssh ruser= rhost=45.148.10.157 user=root
2026-09-13T13:15:47.048329+02:00 vmi3427693 sshd[631200]: PAM service(sshd) ignoring max retries; 5 > 3
2026-09-13T13:15:48.110377+02:00 vmi3427693 sshd[631231]: Connection closed by authenticating user root 159.223.173.125 port 55004 [preauth]
2026-09-13T13:15:48.337215+02:00 vmi3427693 sshd[631236]: Failed password for invalid user kaelynn from 2.57.121.112 port 54358 ssh2
2026-09-13T13:15:48.385753+02:00 vmi3427693 sshd[631244]: Failed password for invalid user guest from 109.160.32.46 port 59358 ssh2
2026-09-13T13:15:48.586494+02:00 vmi3427693 sshd[631244]: Connection closed by invalid user guest 109.160.32.46 port 59358 [preauth]
2026-09-13T13:15:48.809815+02:00 vmi3427693 sshd[631236]: pam_unix(sshd:auth): check pass; user unknown
2026-09-13T13:15:48.890335+02:00 vmi3427693 sshd[631249]: pam_unix(sshd:auth): authentication failure; logname= uid=0 euid=0 tty=ssh ruser= rhost=159.223.173.125 user=root
2026-09-13T13:15:50.205406+02:00 vmi3427693 sshd[631252]: Invalid user musa from 58.152.42.212 port 34244
2026-09-13T13:15:50.210549+02:00 vmi3427693 sshd[631252]: pam_unix(sshd:auth): check pass; user unknown
2026-09-13T13:15:50.210762+02:00 vmi3427693 sshd[631252]: pam_unix(sshd:auth): authentication failure; logname= uid=0 euid=0 tty=ssh ruser= rhost=58.152.42.212
2026-09-13T13:15:51.247478+02:00 vmi3427693 sshd[631236]: Failed password for invalid user kaelynn from 2.57.121.112 port 54358 ssh2
2026-09-13T13:15:51.328154+02:00 vmi3427693 sshd[631249]: Failed password for root from 159.223.173.125 port 55062 ssh2
2026-09-13T13:15:51.599935+02:00 vmi3427693 sshd[631261]: Invalid user user from 109.160.32.46 port 59408
2026-09-13T13:15:51.624890+02:00 vmi3427693 sshd[631261]: pam_unix(sshd:auth): check pass; user unknown
2026-09-13T13:15:51.625100+02:00 vmi3427693 sshd[631261]: pam_unix(sshd:auth): authentication failure; logname= uid=0 euid=0 tty=ssh ruser= rhost=109.160.32.46
2026-09-13T13:15:51.920556+02:00 vmi3427693 sshd[631252]: Failed password for invalid user musa from 58.152.42.212 port 34244 ssh2
2026-09-13T13:15:52.839976+02:00 vmi3427693 sshd[631264]: Invalid user cloud from 202.152.148.30 port 49716
2026-09-13T13:15:52.846735+02:00 vmi3427693 sshd[631264]: pam_unix(sshd:auth): check pass; user unknown
2026-09-13T13:15:52.846997+02:00 vmi3427693 sshd[631264]: pam_unix(sshd:auth): authentication failure; logname= uid=0 euid=0 tty=ssh ruser= rhost=202.152.148.30
2026-09-13T13:15:53.041379+02:00 vmi3427693 sshd[631252]: Received disconnect from 58.152.42.212 port 34244:11: Bye Bye [preauth]
2026-09-13T13:15:53.045788+02:00 vmi3427693 sshd[631252]: Disconnected from invalid user musa 58.152.42.212 port 34244 [preauth]
2026-09-13T13:15:53.139226+02:00 vmi3427693 sshd[631261]: Failed password for invalid user user from 109.160.32.46 port 59408 ssh2
2026-09-13T13:15:53.390084+02:00 vmi3427693 sshd[631236]: pam_unix(sshd:auth): check pass; user unknown
2026-09-13T13:15:53.671607+02:00 vmi3427693 sshd[631249]: Connection closed by authenticating user root 159.223.173.125 port 55062 [preauth]
2026-09-13T13:15:53.756996+02:00 vmi3427693 sshd[631261]: Connection closed by invalid user user 109.160.32.46 port 59408 [preauth]
2026-09-13T13:15:54.203387+02:00 vmi3427693 sshd[631272]: Invalid user kaelynn from 2.57.121.112 port 36016
2026-09-13T13:15:54.233191+02:00 vmi3427693 sshd[631272]: pam_unix(sshd:auth): check pass; user unknown
2026-09-13T13:15:54.233404+02:00 vmi3427693 sshd[631272]: pam_unix(sshd:auth): authentication failure; logname= uid=0 euid=0 tty=ssh ruser= rhost=2.57.121.112
2026-09-13T13:15:54.818589+02:00 vmi3427693 sshd[631270]: pam_unix(sshd:auth): authentication failure; logname= uid=0 euid=0 tty=ssh ruser= rhost=159.223.173.125 user=root
2026-09-13T13:15:54.838573+02:00 vmi3427693 sshd[631264]: Failed password for invalid user cloud from 202.152.148.30 port 49716 ssh2
2026-09-13T13:15:55.319126+02:00 vmi3427693 sshd[631264]: Received disconnect from 202.152.148.30 port 49716:11: Bye Bye [preauth]
2026-09-13T13:15:55.320677+02:00 vmi3427693 sshd[631264]: Disconnected from invalid user cloud 202.152.148.30 port 49716 [preauth]
2026-09-13T13:15:55.511012+02:00 vmi3427693 sshd[631236]: Failed password for invalid user kaelynn from 2.57.121.112 port 54358 ssh2
2026-09-13T13:15:55.667407+02:00 vmi3427693 sshd[631236]: Connection closed by invalid user kaelynn 2.57.121.112 port 54358 [preauth]
2026-09-13T13:15:55.668904+02:00 vmi3427693 sshd[631236]: PAM 3 more authentication failures; logname= uid=0 euid=0 tty=ssh ruser= rhost=2.57.121.112
2026-09-13T13:15:55.669691+02:00 vmi3427693 sshd[631236]: PAM service(sshd) ignoring max retries; 4 > 3
2026-09-13T13:15:56.159982+02:00 vmi3427693 sshd[631272]: Failed password for invalid user kaelynn from 2.57.121.112 port 36016 ssh2
2026-09-13T13:15:56.532046+02:00 vmi3427693 sshd[631272]: Connection closed by invalid user kaelynn 2.57.121.112 port 36016 [preauth]
2026-09-13T13:15:56.663124+02:00 vmi3427693 sshd[631279]: Invalid user developer from 109.160.32.46 port 38338
2026-09-13T13:15:56.682994+02:00 vmi3427693 sshd[631279]: pam_unix(sshd:auth): check pass; user unknown
2026-09-13T13:15:56.683230+02:00 vmi3427693 sshd[631279]: pam_unix(sshd:auth): authentication failure; logname= uid=0 euid=0 tty=ssh ruser= rhost=109.160.32.46
2026-09-13T13:15:56.744451+02:00 vmi3427693 sshd[631270]: Failed password for root from 159.223.173.125 port 32998 ssh2
2026-09-13T13:15:57.156199+02:00 vmi3427693 sshd[631270]: Connection closed by authenticating user root 159.223.173.125 port 32998 [preauth]
2026-09-13T13:15:58.149838+02:00 vmi3427693 sshd[631282]: pam_unix(sshd:auth): authentication failure; logname= uid=0 euid=0 tty=ssh ruser= rhost=159.223.173.125 user=root
2026-09-13T13:15:58.220619+02:00 vmi3427693 sshd[631279]: Failed password for invalid user developer from 109.160.32.46 port 38338 ssh2
2026-09-13T13:15:58.836081+02:00 vmi3427693 sshd[631279]: Connection closed by invalid user developer 109.160.32.46 port 38338 [preauth]
2026-09-13T13:15:59.959794+02:00 vmi3427693 sshd[631282]: Failed password for root from 159.223.173.125 port 33012 ssh2
2026-09-13T13:16:00.468641+02:00 vmi3427693 sshd[631282]: Connection closed by authenticating user root 159.223.173.125 port 33012 [preauth]
2026-09-13T13:16:01.218192+02:00 vmi3427693 sshd[631291]: pam_unix(sshd:auth): authentication failure; logname= uid=0 euid=0 tty=ssh ruser= rhost=159.223.173.125 user=root
2026-09-13T13:16:01.461283+02:00 vmi3427693 CRON[631295]: pam_unix(cron:session): session opened for user root(uid=0) by root(uid=0)
2026-09-13T13:16:01.623368+02:00 vmi3427693 sshd[631297]: Invalid user cheryl from 109.160.32.46 port 38372
2026-09-13T13:16:01.652942+02:00 vmi3427693 sshd[631297]: pam_unix(sshd:auth): check pass; user unknown
2026-09-13T13:16:01.653163+02:00 vmi3427693 sshd[631297]: pam_unix(sshd:auth): authentication failure; logname= uid=0 euid=0 tty=ssh ruser= rhost=109.160.32.46
2026-09-13T13:16:01.828684+02:00 vmi3427693 CRON[631295]: pam_unix(cron:session): session closed for user root
2026-09-13T13:16:03.437790+02:00 vmi3427693 sshd[631291]: Failed password for root from 159.223.173.125 port 33020 ssh2
2026-09-13T13:16:03.878009+02:00 vmi3427693 sshd[631297]: Failed password for invalid user cheryl from 109.160.32.46 port 38372 ssh2
2026-09-13T13:16:05.702873+02:00 vmi3427693 sshd[631297]: Connection closed by invalid user cheryl 109.160.32.46 port 38372 [preauth]
2026-09-13T13:16:05.822162+02:00 vmi3427693 sshd[631291]: Connection closed by authenticating user root 159.223.173.125 port 33020 [preauth]
2026-09-13T13:16:06.499503+02:00 vmi3427693 sshd[631312]: Invalid user joel from 109.160.32.46 port 57666
2026-09-13T13:16:06.529665+02:00 vmi3427693 sshd[631312]: pam_unix(sshd:auth): check pass; user unknown
2026-09-13T13:16:06.529921+02:00 vmi3427693 sshd[631312]: pam_unix(sshd:auth): authentication failure; logname= uid=0 euid=0 tty=ssh ruser= rhost=109.160.32.46
2026-09-13T13:16:06.596785+02:00 vmi3427693 sshd[631309]: pam_unix(sshd:auth): authentication failure; logname= uid=0 euid=0 tty=ssh ruser= rhost=159.223.173.125 user=root
2026-09-13T13:16:08.435670+02:00 vmi3427693 sshd[631312]: Failed password for invalid user joel from 109.160.32.46 port 57666 ssh2
2026-09-13T13:16:08.501243+02:00 vmi3427693 sshd[631309]: Failed password for root from 159.223.173.125 port 33742 ssh2
2026-09-13T13:16:09.011563+02:00 vmi3427693 sshd[631309]: Connection closed by authenticating user root 159.223.173.125 port 33742 [preauth]
2026-09-13T13:16:09.539325+02:00 vmi3427693 sshd[631312]: Connection closed by invalid user joel 109.160.32.46 port 57666 [preauth]
2026-09-13T13:16:09.969233+02:00 vmi3427693 sshd[631339]: pam_unix(sshd:auth): authentication failure; logname= uid=0 euid=0 tty=ssh ruser= rhost=159.223.173.125 user=root
2026-09-13T13:16:11.265461+02:00 vmi3427693 sshd[631346]: Invalid user joel from 109.160.32.46 port 57728
2026-09-13T13:16:11.285640+02:00 vmi3427693 sshd[631346]: pam_unix(sshd:auth): check pass; user unknown
2026-09-13T13:16:11.285880+02:00 vmi3427693 sshd[631346]: pam_unix(sshd:auth): authentication failure; logname= uid=0 euid=0 tty=ssh ruser= rhost=109.160.32.46
2026-09-13T13:16:11.956200+02:00 vmi3427693 sshd[631339]: Failed password for root from 159.223.173.125 port 33752 ssh2
2026-09-13T13:16:12.263469+02:00 vmi3427693 sshd[631339]: Connection closed by authenticating user root 159.223.173.125 port 33752 [preauth]
2026-09-13T13:16:13.101361+02:00 vmi3427693 sshd[631350]: pam_unix(sshd:auth): authentication failure; logname= uid=0 euid=0 tty=ssh ruser= rhost=159.223.173.125 user=root
2026-09-13T13:16:13.547686+02:00 vmi3427693 sshd[631346]: Failed password for invalid user joel from 109.160.32.46 port 57728 ssh2
2026-09-13T13:16:14.294120+02:00 vmi3427693 sshd[631346]: Connection closed by invalid user joel 109.160.32.46 port 57728 [preauth]
2026-09-13T13:16:15.303464+02:00 vmi3427693 sshd[631350]: Failed password for root from 159.223.173.125 port 48432 ssh2
2026-09-13T13:16:16.594419+02:00 vmi3427693 sshd[631360]: Invalid user clawdbot from 109.160.32.46 port 38998
2026-09-13T13:16:16.609582+02:00 vmi3427693 sshd[631360]: pam_unix(sshd:auth): check pass; user unknown
2026-09-13T13:16:16.609862+02:00 vmi3427693 sshd[631360]: pam_unix(sshd:auth): authentication failure; logname= uid=0 euid=0 tty=ssh ruser= rhost=109.160.32.46
2026-09-13T13:16:17.728639+02:00 vmi3427693 sshd[631350]: Connection closed by authenticating user root 159.223.173.125 port 48432 [preauth]
2026-09-13T13:16:18.556001+02:00 vmi3427693 sshd[631360]: Failed password for invalid user clawdbot from 109.160.32.46 port 38998 ssh2
2026-09-13T13:16:18.927647+02:00 vmi3427693 sshd[631364]: pam_unix(sshd:auth): authentication failure; logname= uid=0 euid=0 tty=ssh ruser= rhost=159.223.173.125 user=root
2026-09-13T13:16:20.373811+02:00 vmi3427693 sshd[631360]: Connection closed by invalid user clawdbot 109.160.32.46 port 38998 [preauth]
2026-09-13T13:16:21.149018+02:00 vmi3427693 sshd[631364]: Failed password for root from 159.223.173.125 port 48444 ssh2
2026-09-13T13:16:21.544712+02:00 vmi3427693 sshd[631374]: pam_unix(sshd:auth): authentication failure; logname= uid=0 euid=0 tty=ssh ruser= rhost=109.160.32.46 user=root
2026-09-13T13:16:23.178830+02:00 vmi3427693 sshd[631374]: Failed password for root from 109.160.32.46 port 39088 ssh2
2026-09-13T13:16:23.629598+02:00 vmi3427693 sshd[631364]: Connection closed by authenticating user root 159.223.173.125 port 48444 [preauth]
2026-09-13T13:16:23.766003+02:00 vmi3427693 sshd[631374]: Connection closed by authenticating user root 109.160.32.46 port 39088 [preauth]
2026-09-13T13:16:24.856344+02:00 vmi3427693 sshd[631381]: pam_unix(sshd:auth): authentication failure; logname= uid=0 euid=0 tty=ssh ruser= rhost=159.223.173.125 user=root
2026-09-13T13:16:26.755121+02:00 vmi3427693 sshd[631389]: pam_unix(sshd:auth): authentication failure; logname= uid=0 euid=0 tty=ssh ruser= rhost=109.160.32.46 user=root
2026-09-13T13:16:26.902379+02:00 vmi3427693 sshd[631381]: Failed password for root from 159.223.173.125 port 39270 ssh2
2026-09-13T13:16:27.156969+02:00 vmi3427693 sshd[631381]: Connection closed by authenticating user root 159.223.173.125 port 39270 [preauth]
2026-09-13T13:16:27.876969+02:00 vmi3427693 sshd[631392]: pam_unix(sshd:auth): authentication failure; logname= uid=0 euid=0 tty=ssh ruser= rhost=159.223.173.125 user=root
2026-09-13T13:16:28.740705+02:00 vmi3427693 sshd[631389]: Failed password for root from 109.160.32.46 port 36824 ssh2
2026-09-13T13:16:28.957422+02:00 vmi3427693 sshd[631389]: Connection closed by authenticating user root 109.160.32.46 port 36824 [preauth]
2026-09-13T13:16:29.665176+02:00 vmi3427693 sshd[631392]: Failed password for root from 159.223.173.125 port 39272 ssh2
2026-09-13T13:16:30.381252+02:00 vmi3427693 sshd[631392]: Connection closed by authenticating user root 159.223.173.125 port 39272 [preauth]
2026-09-13T13:16:31.399286+02:00 vmi3427693 sshd[631401]: pam_unix(sshd:auth): authentication failure; logname= uid=0 euid=0 tty=ssh ruser= rhost=159.223.173.125 user=root
2026-09-13T13:16:31.595385+02:00 vmi3427693 sshd[631405]: pam_unix(sshd:auth): authentication failure; logname= uid=0 euid=0 tty=ssh ruser= rhost=109.160.32.46 user=root
2026-09-13T13:16:34.072263+02:00 vmi3427693 sshd[631401]: Failed password for root from 159.223.173.125 port 39282 ssh2
2026-09-13T13:16:34.271158+02:00 vmi3427693 sshd[631405]: Failed password for root from 109.160.32.46 port 36868 ssh2
2026-09-13T13:16:36.021554+02:00 vmi3427693 sshd[631401]: Connection closed by authenticating user root 159.223.173.125 port 39282 [preauth]
2026-09-13T13:16:36.128110+02:00 vmi3427693 sshd[631405]: Connection closed by authenticating user root 109.160.32.46 port 36868 [preauth]
2026-09-13T13:16:36.522642+02:00 vmi3427693 sshd[631418]: pam_unix(sshd:auth): authentication failure; logname= uid=0 euid=0 tty=ssh ruser= rhost=109.160.32.46 user=root
2026-09-13T13:16:36.845818+02:00 vmi3427693 sshd[631416]: pam_unix(sshd:auth): authentication failure; logname= uid=0 euid=0 tty=ssh ruser= rhost=159.223.173.125 user=root
2026-09-13T13:16:37.136475+02:00 vmi3427693 sshd[631421]: Invalid user systems from 20.127.185.37 port 32988
2026-09-13T13:16:37.141561+02:00 vmi3427693 sshd[631421]: pam_unix(sshd:auth): check pass; user unknown
2026-09-13T13:16:37.142997+02:00 vmi3427693 sshd[631421]: pam_unix(sshd:auth): authentication failure; logname= uid=0 euid=0 tty=ssh ruser= rhost=20.127.185.37
2026-09-13T13:16:38.550046+02:00 vmi3427693 sshd[631418]: Failed password for root from 109.160.32.46 port 34454 ssh2
2026-09-13T13:16:38.822076+02:00 vmi3427693 sshd[631418]: Connection closed by authenticating user root 109.160.32.46 port 34454 [preauth]
2026-09-13T13:16:38.871938+02:00 vmi3427693 sshd[631416]: Failed password for root from 159.223.173.125 port 60060 ssh2
2026-09-13T13:16:39.146615+02:00 vmi3427693 sshd[631416]: Connection closed by authenticating user root 159.223.173.125 port 60060 [preauth]
2026-09-13T13:16:39.303948+02:00 vmi3427693 sshd[631421]: Failed password for invalid user systems from 20.127.185.37 port 32988 ssh2
2026-09-13T13:16:39.830595+02:00 vmi3427693 sshd[631429]: pam_unix(sshd:auth): authentication failure; logname= uid=0 euid=0 tty=ssh ruser= rhost=159.223.173.125 user=root
2026-09-13T13:16:40.983581+02:00 vmi3427693 sshd[631421]: Received disconnect from 20.127.185.37 port 32988:11: Bye Bye [preauth]
2026-09-13T13:16:40.983873+02:00 vmi3427693 sshd[631421]: Disconnected from invalid user systems 20.127.185.37 port 32988 [preauth]
2026-09-13T13:16:41.377885+02:00 vmi3427693 sshd[631435]: pam_unix(sshd:auth): authentication failure; logname= uid=0 euid=0 tty=ssh ruser= rhost=109.160.32.46 user=root
2026-09-13T13:16:41.599844+02:00 vmi3427693 sshd[631429]: Failed password for root from 159.223.173.125 port 60074 ssh2
2026-09-13T13:16:42.207062+02:00 vmi3427693 sshd[631429]: Connection closed by authenticating user root 159.223.173.125 port 60074 [preauth]
2026-09-13T13:16:43.108430+02:00 vmi3427693 sshd[631439]: pam_unix(sshd:auth): authentication failure; logname= uid=0 euid=0 tty=ssh ruser= rhost=159.223.173.125 user=root
2026-09-13T13:16:43.422336+02:00 vmi3427693 sshd[631435]: Failed password for root from 109.160.32.46 port 34528 ssh2
2026-09-13T13:16:43.616012+02:00 vmi3427693 sshd[631435]: Connection closed by authenticating user root 109.160.32.46 port 34528 [preauth]
2026-09-13T13:16:45.430441+02:00 vmi3427693 sshd[631439]: Failed password for root from 159.223.173.125 port 60080 ssh2
2026-09-13T13:16:46.507224+02:00 vmi3427693 sshd[631449]: pam_unix(sshd:auth): authentication failure; logname= uid=0 euid=0 tty=ssh ruser= rhost=109.160.32.46 user=root
2026-09-13T13:16:47.805609+02:00 vmi3427693 sshd[631439]: Connection closed by authenticating user root 159.223.173.125 port 60080 [preauth]
2026-09-13T13:16:48.572948+02:00 vmi3427693 sshd[631449]: Failed password for root from 109.160.32.46 port 55498 ssh2
2026-09-13T13:16:48.825909+02:00 vmi3427693 sshd[631449]: Connection closed by authenticating user root 109.160.32.46 port 55498 [preauth]
2026-09-13T13:16:48.886549+02:00 vmi3427693 sshd[631454]: pam_unix(sshd:auth): authentication failure; logname= uid=0 euid=0 tty=ssh ruser= rhost=159.223.173.125 user=root
2026-09-13T13:16:48.982478+02:00 vmi3427693 sshd[631457]: Invalid user test from 46.8.31.84 port 44186
2026-09-13T13:16:48.986664+02:00 vmi3427693 sshd[631457]: pam_unix(sshd:auth): check pass; user unknown
2026-09-13T13:16:48.986887+02:00 vmi3427693 sshd[631457]: pam_unix(sshd:auth): authentication failure; logname= uid=0 euid=0 tty=ssh ruser= rhost=46.8.31.84
2026-09-13T13:16:50.892812+02:00 vmi3427693 sshd[631454]: Failed password for root from 159.223.173.125 port 57210 ssh2
2026-09-13T13:16:50.993413+02:00 vmi3427693 sshd[631457]: Failed password for invalid user test from 46.8.31.84 port 44186 ssh2
2026-09-13T13:16:51.223863+02:00 vmi3427693 sshd[631454]: Connection closed by authenticating user root 159.223.173.125 port 57210 [preauth]
2026-09-13T13:16:51.235297+02:00 vmi3427693 sshd[631466]: Invalid user devuser from 109.160.32.46 port 55554
2026-09-13T13:16:51.267095+02:00 vmi3427693 sshd[631466]: pam_unix(sshd:auth): check pass; user unknown
2026-09-13T13:16:51.267350+02:00 vmi3427693 sshd[631466]: pam_unix(sshd:auth): authentication failure; logname= uid=0 euid=0 tty=ssh ruser= rhost=109.160.32.46
2026-09-13T13:16:52.106032+02:00 vmi3427693 sshd[631468]: pam_unix(sshd:auth): authentication failure; logname= uid=0 euid=0 tty=ssh ruser= rhost=159.223.173.125 user=root
2026-09-13T13:16:52.643942+02:00 vmi3427693 sshd[631457]: Connection closed by invalid user test 46.8.31.84 port 44186 [preauth]
2026-09-13T13:16:53.351974+02:00 vmi3427693 sshd[631466]: Failed password for invalid user devuser from 109.160.32.46 port 55554 ssh2
2026-09-13T13:16:53.634298+02:00 vmi3427693 sshd[631466]: Connection closed by invalid user devuser 109.160.32.46 port 55554 [preauth]
2026-09-13T13:16:53.995980+02:00 vmi3427693 sshd[631468]: Failed password for root from 159.223.173.125 port 57226 ssh2
2026-09-13T13:16:54.408235+02:00 vmi3427693 sshd[631468]: Connection closed by authenticating user root 159.223.173.125 port 57226 [preauth]
2026-09-13T13:16:55.486012+02:00 vmi3427693 sshd[631476]: pam_unix(sshd:auth): authentication failure; logname= uid=0 euid=0 tty=ssh ruser= rhost=159.223.173.125 user=root
2026-09-13T13:16:56.231348+02:00 vmi3427693 sshd[631482]: pam_unix(sshd:auth): authentication failure; logname= uid=0 euid=0 tty=ssh ruser= rhost=109.160.32.46 user=root
2026-09-13T13:16:57.793347+02:00 vmi3427693 sshd[631476]: Failed password for root from 159.223.173.125 port 43520 ssh2
2026-09-13T13:16:58.001642+02:00 vmi3427693 sshd[631482]: Failed password for root from 109.160.32.46 port 49742 ssh2
2026-09-13T13:16:58.549628+02:00 vmi3427693 sshd[631482]: Connection closed by authenticating user root 109.160.32.46 port 49742 [preauth]
2026-09-13T13:17:00.268047+02:00 vmi3427693 sshd[631476]: Connection closed by authenticating user root 159.223.173.125 port 43520 [preauth]
2026-09-13T13:17:01.562269+02:00 vmi3427693 sshd[631485]: pam_unix(sshd:auth): authentication failure; logname= uid=0 euid=0 tty=ssh ruser= rhost=159.223.173.125 user=root
2026-09-13T13:17:01.680364+02:00 vmi3427693 sshd[631487]: pam_unix(sshd:auth): authentication failure; logname= uid=0 euid=0 tty=ssh ruser= rhost=109.160.32.46 user=root
2026-09-13T13:17:01.949793+02:00 vmi3427693 CRON[631489]: pam_unix(cron:session): session opened for user root(uid=0) by root(uid=0)
2026-09-13T13:17:01.950683+02:00 vmi3427693 CRON[631490]: pam_unix(cron:session): session opened for user root(uid=0) by root(uid=0)
2026-09-13T13:17:02.012008+02:00 vmi3427693 CRON[631490]: pam_unix(cron:session): session closed for user root
2026-09-13T13:17:03.638887+02:00 vmi3427693 sshd[631496]: Invalid user leandro from 202.152.148.30 port 50072
2026-09-13T13:17:03.922269+02:00 vmi3427693 sshd[631496]: pam_unix(sshd:auth): check pass; user unknown
2026-09-13T13:17:03.922632+02:00 vmi3427693 sshd[631496]: pam_unix(sshd:auth): authentication failure; logname= uid=0 euid=0 tty=ssh ruser= rhost=202.152.148.30
2026-09-13T13:17:04.073689+02:00 vmi3427693 sshd[631485]: Failed password for root from 159.223.173.125 port 43534 ssh2
2026-09-13T13:17:04.144592+02:00 vmi3427693 sshd[631487]: Failed password for root from 109.160.32.46 port 49860 ssh2
2026-09-13T13:17:06.010299+02:00 vmi3427693 sshd[631496]: Failed password for invalid user leandro from 202.152.148.30 port 50072 ssh2
2026-09-13T13:17:06.106022+02:00 vmi3427693 sshd[631487]: Connection closed by authenticating user root 109.160.32.46 port 49860 [preauth]
2026-09-13T13:17:06.189097+02:00 vmi3427693 sshd[631485]: Connection closed by authenticating user root 159.223.173.125 port 43534 [preauth]
2026-09-13T13:17:06.745671+02:00 vmi3427693 sshd[631501]: pam_unix(sshd:auth): authentication failure; logname= uid=0 euid=0 tty=ssh ruser= rhost=109.160.32.46 user=root
2026-09-13T13:17:06.809631+02:00 vmi3427693 sshd[631496]: Received disconnect from 202.152.148.30 port 50072:11: Bye Bye [preauth]
2026-09-13T13:17:06.809883+02:00 vmi3427693 sshd[631496]: Disconnected from invalid user leandro 202.152.148.30 port 50072 [preauth]
2026-09-13T13:17:07.536376+02:00 vmi3427693 sshd[631500]: pam_unix(sshd:auth): authentication failure; logname= uid=0 euid=0 tty=ssh ruser= rhost=159.223.173.125 user=root
2026-09-13T13:17:07.918342+02:00 vmi3427693 sshd[631504]: pam_unix(sshd:auth): authentication failure; logname= uid=0 euid=0 tty=ssh ruser= rhost=58.152.42.212 user=root
2026-09-13T13:17:09.224562+02:00 vmi3427693 sshd[631501]: Failed password for root from 109.160.32.46 port 57392 ssh2
2026-09-13T13:17:09.821241+02:00 vmi3427693 sshd[631500]: Failed password for root from 159.223.173.125 port 43554 ssh2
2026-09-13T13:17:10.199509+02:00 vmi3427693 sshd[631504]: Failed password for root from 58.152.42.212 port 33830 ssh2
2026-09-13T13:17:10.242269+02:00 vmi3427693 CRON[631489]: pam_unix(cron:session): session closed for user root
2026-09-13T13:17:11.232638+02:00 vmi3427693 sshd[631501]: Connection closed by authenticating user root 109.160.32.46 port 57392 [preauth]
2026-09-13T13:17:11.432496+02:00 vmi3427693 sshd[631507]: Invalid user edge from 109.160.32.46 port 57456
2026-09-13T13:17:11.455710+02:00 vmi3427693 sshd[631507]: pam_unix(sshd:auth): check pass; user unknown
2026-09-13T13:17:11.455869+02:00 vmi3427693 sshd[631507]: pam_unix(sshd:auth): authentication failure; logname= uid=0 euid=0 tty=ssh ruser= rhost=109.160.32.46
2026-09-13T13:17:12.140361+02:00 vmi3427693 sshd[631500]: Connection closed by authenticating user root 159.223.173.125 port 43554 [preauth]
2026-09-13T13:17:12.593659+02:00 vmi3427693 sshd[631504]: Received disconnect from 58.152.42.212 port 33830:11: Bye Bye [preauth]
2026-09-13T13:17:12.593917+02:00 vmi3427693 sshd[631504]: Disconnected from authenticating user root 58.152.42.212 port 33830 [preauth]
2026-09-13T13:17:13.252298+02:00 vmi3427693 sshd[631509]: pam_unix(sshd:auth): authentication failure; logname= uid=0 euid=0 tty=ssh ruser= rhost=159.223.173.125 user=root
2026-09-13T13:17:13.298117+02:00 vmi3427693 sshd[631507]: Failed password for invalid user edge from 109.160.32.46 port 57456 ssh2
2026-09-13T13:17:13.405978+02:00 vmi3427693 sshd[631507]: Connection closed by invalid user edge 109.160.32.46 port 57456 [preauth]
2026-09-13T13:17:16.026199+02:00 vmi3427693 sshd[631509]: Failed password for root from 159.223.173.125 port 43564 ssh2
2026-09-13T13:17:16.655491+02:00 vmi3427693 sshd[631511]: pam_unix(sshd:auth): authentication failure; logname= uid=0 euid=0 tty=ssh ruser= rhost=109.160.32.46 user=root
2026-09-13T13:17:17.778652+02:00 vmi3427693 sshd[631509]: Connection closed by authenticating user root 159.223.173.125 port 43564 [preauth]
2026-09-13T13:17:18.507248+02:00 vmi3427693 sshd[631511]: Failed password for root from 109.160.32.46 port 40226 ssh2
2026-09-13T13:17:18.821934+02:00 vmi3427693 sshd[631513]: pam_unix(sshd:auth): authentication failure; logname= uid=0 euid=0 tty=ssh ruser= rhost=159.223.173.125 user=root
2026-09-13T13:17:18.960545+02:00 vmi3427693 sshd[631511]: Connection closed by authenticating user root 109.160.32.46 port 40226 [preauth]
2026-09-13T13:17:20.953641+02:00 vmi3427693 sshd[631513]: Failed password for root from 159.223.173.125 port 59204 ssh2
2026-09-13T13:17:21.095142+02:00 vmi3427693 sshd[631513]: Connection closed by authenticating user root 159.223.173.125 port 59204 [preauth]
2026-09-13T13:17:21.505031+02:00 vmi3427693 sshd[631518]: Invalid user testuser from 109.160.32.46 port 40290
2026-09-13T13:17:21.532008+02:00 vmi3427693 sshd[631518]: pam_unix(sshd:auth): check pass; user unknown
2026-09-13T13:17:21.532273+02:00 vmi3427693 sshd[631518]: pam_unix(sshd:auth): authentication failure; logname= uid=0 euid=0 tty=ssh ruser= rhost=109.160.32.46
2026-09-13T13:17:21.852501+02:00 vmi3427693 sshd[631516]: pam_unix(sshd:auth): authentication failure; logname= uid=0 euid=0 tty=ssh ruser= rhost=159.223.173.125 user=root
2026-09-13T13:17:23.405902+02:00 vmi3427693 sshd[631518]: Failed password for invalid user testuser from 109.160.32.46 port 40290 ssh2
2026-09-13T13:17:23.502299+02:00 vmi3427693 sshd[631518]: Connection closed by invalid user testuser 109.160.32.46 port 40290 [preauth]
2026-09-13T13:17:23.723060+02:00 vmi3427693 sshd[631516]: Failed password for root from 159.223.173.125 port 59212 ssh2
2026-09-13T13:17:24.182151+02:00 vmi3427693 sshd[631516]: Connection closed by authenticating user root 159.223.173.125 port 59212 [preauth]
2026-09-13T13:17:24.907355+02:00 vmi3427693 sshd[631520]: pam_unix(sshd:auth): authentication failure; logname= uid=0 euid=0 tty=ssh ruser= rhost=159.223.173.125 user=root
2026-09-13T13:17:25.785390+02:00 vmi3427693 sshd[631522]: pam_unix(sshd:auth): authentication failure; logname= uid=0 euid=0 tty=ssh ruser= rhost=45.182.206.203 user=root
2026-09-13T13:17:26.871589+02:00 vmi3427693 sshd[631524]: pam_unix(sshd:auth): authentication failure; logname= uid=0 euid=0 tty=ssh ruser= rhost=109.160.32.46 user=root
2026-09-13T13:17:27.526116+02:00 vmi3427693 sshd[631520]: Failed password for root from 159.223.173.125 port 32806 ssh2
2026-09-13T13:17:28.538947+02:00 vmi3427693 sshd[631522]: Failed password for root from 45.182.206.203 port 43130 ssh2
2026-09-13T13:17:28.762450+02:00 vmi3427693 sshd[631524]: Failed password for root from 109.160.32.46 port 60240 ssh2
2026-09-13T13:17:29.129286+02:00 vmi3427693 sshd[631524]: Connection closed by authenticating user root 109.160.32.46 port 60240 [preauth]
2026-09-13T13:17:29.512293+02:00 vmi3427693 sshd[631520]: Connection closed by authenticating user root 159.223.173.125 port 32806 [preauth]
2026-09-13T13:17:30.242096+02:00 vmi3427693 sshd[631526]: pam_unix(sshd:auth): authentication failure; logname= uid=0 euid=0 tty=ssh ruser= rhost=159.223.173.125 user=root
2026-09-13T13:17:30.473354+02:00 vmi3427693 sshd[631522]: Received disconnect from 45.182.206.203 port 43130:11: Bye Bye [preauth]
2026-09-13T13:17:30.473665+02:00 vmi3427693 sshd[631522]: Disconnected from authenticating user root 45.182.206.203 port 43130 [preauth]
2026-09-13T13:17:31.767094+02:00 vmi3427693 sshd[631528]: pam_unix(sshd:auth): authentication failure; logname= uid=0 euid=0 tty=ssh ruser= rhost=109.160.32.46 user=root
2026-09-13T13:17:32.347817+02:00 vmi3427693 sshd[631526]: Failed password for root from 159.223.173.125 port 32816 ssh2
2026-09-13T13:17:32.550971+02:00 vmi3427693 sshd[631526]: Connection closed by authenticating user root 159.223.173.125 port 32816 [preauth]
2026-09-13T13:17:33.269901+02:00 vmi3427693 sshd[631530]: pam_unix(sshd:auth): authentication failure; logname= uid=0 euid=0 tty=ssh ruser= rhost=159.223.173.125 user=root
2026-09-13T13:17:33.832946+02:00 vmi3427693 sshd[631532]: pam_unix(sshd:auth): authentication failure; logname= uid=0 euid=0 tty=ssh ruser= rhost=80.94.92.55 user=backup
2026-09-13T13:17:34.008910+02:00 vmi3427693 sshd[631528]: Failed password for root from 109.160.32.46 port 60330 ssh2
2026-09-13T13:17:35.120348+02:00 vmi3427693 sshd[631530]: Failed password for root from 159.223.173.125 port 54158 ssh2
2026-09-13T13:17:35.572697+02:00 vmi3427693 sshd[631530]: Connection closed by authenticating user root 159.223.173.125 port 54158 [preauth]
2026-09-13T13:17:35.682231+02:00 vmi3427693 sshd[631532]: Failed password for backup from 80.94.92.55 port 57506 ssh2
2026-09-13T13:17:35.771838+02:00 vmi3427693 sshd[631532]: Connection closed by authenticating user backup 80.94.92.55 port 57506 [preauth]
2026-09-13T13:17:36.264422+02:00 vmi3427693 sshd[631528]: Connection closed by authenticating user root 109.160.32.46 port 60330 [preauth]
2026-09-13T13:17:36.329834+02:00 vmi3427693 sshd[631534]: pam_unix(sshd:auth): authentication failure; logname= uid=0 euid=0 tty=ssh ruser= rhost=159.223.173.125 user=root
2026-09-13T13:17:36.803861+02:00 vmi3427693 sshd[631536]: Invalid user es from 109.160.32.46 port 44616
2026-09-13T13:17:36.829665+02:00 vmi3427693 sshd[631536]: pam_unix(sshd:auth): check pass; user unknown
2026-09-13T13:17:36.829913+02:00 vmi3427693 sshd[631536]: pam_unix(sshd:auth): authentication failure; logname= uid=0 euid=0 tty=ssh ruser= rhost=109.160.32.46
2026-09-13T13:17:38.928019+02:00 vmi3427693 sshd[631534]: Failed password for root from 159.223.173.125 port 54168 ssh2
2026-09-13T13:17:39.428118+02:00 vmi3427693 sshd[631536]: Failed password for invalid user es from 109.160.32.46 port 44616 ssh2
2026-09-13T13:17:40.020699+02:00 vmi3427693 sshd[631536]: Connection closed by invalid user es 109.160.32.46 port 44616 [preauth]
2026-09-13T13:17:40.934947+02:00 vmi3427693 sshd[631534]: Connection closed by authenticating user root 159.223.173.125 port 54168 [preauth]
2026-09-13T13:17:41.794158+02:00 vmi3427693 sshd[631541]: pam_unix(sshd:auth): authentication failure; logname= uid=0 euid=0 tty=ssh ruser= rhost=109.160.32.46 user=root
2026-09-13T13:17:41.838277+02:00 vmi3427693 sshd[631539]: pam_unix(sshd:auth): authentication failure; logname= uid=0 euid=0 tty=ssh ruser= rhost=159.223.173.125 user=root
2026-09-13T13:17:44.075935+02:00 vmi3427693 sshd[631541]: Failed password for root from 109.160.32.46 port 44678 ssh2
2026-09-13T13:17:44.120282+02:00 vmi3427693 sshd[631539]: Failed password for root from 159.223.173.125 port 54174 ssh2
2026-09-13T13:17:46.318936+02:00 vmi3427693 sshd[631541]: Connection closed by authenticating user root 109.160.32.46 port 44678 [preauth]
2026-09-13T13:17:46.432704+02:00 vmi3427693 sshd[631539]: Connection closed by authenticating user root 159.223.173.125 port 54174 [preauth]
2026-09-13T13:17:46.721358+02:00 vmi3427693 sshd[631545]: Invalid user ubuntu from 109.160.32.46 port 34146
2026-09-13T13:17:46.743084+02:00 vmi3427693 sshd[631545]: pam_unix(sshd:auth): check pass; user unknown
2026-09-13T13:17:46.743303+02:00 vmi3427693 sshd[631545]: pam_unix(sshd:auth): authentication failure; logname= uid=0 euid=0 tty=ssh ruser= rhost=109.160.32.46
2026-09-13T13:17:47.314186+02:00 vmi3427693 sshd[631543]: pam_unix(sshd:auth): authentication failure; logname= uid=0 euid=0 tty=ssh ruser= rhost=159.223.173.125 user=root
2026-09-13T13:17:48.046949+02:00 vmi3427693 sshd[631545]: Failed password for invalid user ubuntu from 109.160.32.46 port 34146 ssh2
2026-09-13T13:17:48.715432+02:00 vmi3427693 sshd[631545]: Connection closed by invalid user ubuntu 109.160.32.46 port 34146 [preauth]
2026-09-13T13:17:49.280567+02:00 vmi3427693 sshd[631547]: pam_unix(sshd:auth): authentication failure; logname= uid=0 euid=0 tty=ssh ruser= rhost=20.127.185.37 user=root
2026-09-13T13:17:49.421063+02:00 vmi3427693 sshd[631543]: Failed password for root from 159.223.173.125 port 48850 ssh2
2026-09-13T13:17:49.627552+02:00 vmi3427693 sshd[631543]: Connection closed by authenticating user root 159.223.173.125 port 48850 [preauth]
2026-09-13T13:17:50.249394+02:00 vmi3427693 sshd[631549]: pam_unix(sshd:auth): authentication failure; logname= uid=0 euid=0 tty=ssh ruser= rhost=159.223.173.125 user=root
2026-09-13T13:17:51.592891+02:00 vmi3427693 sshd[631552]: Invalid user ubuntu from 109.160.32.46 port 34210
2026-09-13T13:17:51.639882+02:00 vmi3427693 sshd[631552]: pam_unix(sshd:auth): check pass; user unknown
2026-09-13T13:17:51.646495+02:00 vmi3427693 sshd[631552]: pam_unix(sshd:auth): authentication failure; logname= uid=0 euid=0 tty=ssh ruser= rhost=109.160.32.46
2026-09-13T13:17:51.664127+02:00 vmi3427693 sshd[631547]: Failed password for root from 20.127.185.37 port 45810 ssh2
2026-09-13T13:17:52.099129+02:00 vmi3427693 sshd[631549]: Failed password for root from 159.223.173.125 port 48858 ssh2
2026-09-13T13:17:52.584289+02:00 vmi3427693 sshd[631549]: Connection closed by authenticating user root 159.223.173.125 port 48858 [preauth]
2026-09-13T13:17:53.474086+02:00 vmi3427693 sshd[631554]: pam_unix(sshd:auth): authentication failure; logname= uid=0 euid=0 tty=ssh ruser= rhost=159.223.173.125 user=root
2026-09-13T13:17:53.860005+02:00 vmi3427693 sshd[631547]: Received disconnect from 20.127.185.37 port 45810:11: Bye Bye [preauth]
2026-09-13T13:17:53.860215+02:00 vmi3427693 sshd[631547]: Disconnected from authenticating user root 20.127.185.37 port 45810 [preauth]
2026-09-13T13:17:53.959619+02:00 vmi3427693 sshd[631552]: Failed password for invalid user ubuntu from 109.160.32.46 port 34210 ssh2
2026-09-13T13:17:55.404702+02:00 vmi3427693 sshd[631554]: Failed password for root from 159.223.173.125 port 55258 ssh2
2026-09-13T13:17:55.529101+02:00 vmi3427693 sshd[631552]: Connection closed by invalid user ubuntu 109.160.32.46 port 34210 [preauth]
2026-09-13T13:17:55.763006+02:00 vmi3427693 sshd[631554]: Connection closed by authenticating user root 159.223.173.125 port 55258 [preauth]
2026-09-13T13:17:56.495488+02:00 vmi3427693 sshd[631557]: pam_unix(sshd:auth): authentication failure; logname= uid=0 euid=0 tty=ssh ruser= rhost=159.223.173.125 user=root
2026-09-13T13:17:56.828299+02:00 vmi3427693 sshd[631559]: Invalid user ubuntu from 109.160.32.46 port 34116
2026-09-13T13:17:56.857976+02:00 vmi3427693 sshd[631559]: pam_unix(sshd:auth): check pass; user unknown
2026-09-13T13:17:56.858649+02:00 vmi3427693 sshd[631559]: pam_unix(sshd:auth): authentication failure; logname= uid=0 euid=0 tty=ssh ruser= rhost=109.160.32.46
2026-09-13T13:17:58.171544+02:00 vmi3427693 sshd[631557]: Failed password for root from 159.223.173.125 port 55270 ssh2
2026-09-13T13:17:58.534325+02:00 vmi3427693 sshd[631559]: Failed password for invalid user ubuntu from 109.160.32.46 port 34116 ssh2
2026-09-13T13:17:58.811393+02:00 vmi3427693 sshd[631559]: Connection closed by invalid user ubuntu 109.160.32.46 port 34116 [preauth]
2026-09-13T13:17:58.875562+02:00 vmi3427693 sshd[631557]: Connection closed by authenticating user root 159.223.173.125 port 55270 [preauth]
2026-09-13T13:17:59.737575+02:00 vmi3427693 sshd[631561]: pam_unix(sshd:auth): authentication failure; logname= uid=0 euid=0 tty=ssh ruser= rhost=159.223.173.125 user=root
