2026-09-13T11:51:36.231151+02:00 vmi3427693 sshd[616523]: Failed password for invalid user ftpuser from 223.134.89.104 port 37262 ssh2
2026-09-13T11:51:37.734915+02:00 vmi3427693 sshd[616523]: pam_unix(sshd:auth): check pass; user unknown
2026-09-13T11:51:39.756605+02:00 vmi3427693 sshd[616523]: Failed password for invalid user ftpuser from 223.134.89.104 port 37262 ssh2
2026-09-13T11:51:41.230486+02:00 vmi3427693 sshd[616523]: pam_unix(sshd:auth): check pass; user unknown
2026-09-13T11:51:43.469990+02:00 vmi3427693 sshd[616523]: Failed password for invalid user ftpuser from 223.134.89.104 port 37262 ssh2
2026-09-13T11:51:44.053857+02:00 vmi3427693 sshd[616553]: Invalid user dell from 46.8.31.84 port 51362
2026-09-13T11:51:44.060183+02:00 vmi3427693 sshd[616553]: pam_unix(sshd:auth): check pass; user unknown
2026-09-13T11:51:44.060403+02:00 vmi3427693 sshd[616553]: pam_unix(sshd:auth): authentication failure; logname= uid=0 euid=0 tty=ssh ruser= rhost=46.8.31.84
2026-09-13T11:51:44.666030+02:00 vmi3427693 sshd[616523]: pam_unix(sshd:auth): check pass; user unknown
2026-09-13T11:51:45.377089+02:00 vmi3427693 sshd[616553]: Failed password for invalid user dell from 46.8.31.84 port 51362 ssh2
2026-09-13T11:51:45.912117+02:00 vmi3427693 sshd[616553]: Connection closed by invalid user dell 46.8.31.84 port 51362 [preauth]
2026-09-13T11:51:45.980286+02:00 vmi3427693 sshd[616523]: Failed password for invalid user ftpuser from 223.134.89.104 port 37262 ssh2
2026-09-13T11:51:46.503838+02:00 vmi3427693 sshd[616523]: pam_unix(sshd:auth): check pass; user unknown
2026-09-13T11:51:48.095255+02:00 vmi3427693 sshd[616523]: Failed password for invalid user ftpuser from 223.134.89.104 port 37262 ssh2
2026-09-13T11:51:48.338070+02:00 vmi3427693 sshd[616523]: pam_unix(sshd:auth): check pass; user unknown
2026-09-13T11:51:50.204472+02:00 vmi3427693 sshd[616523]: Failed password for invalid user ftpuser from 223.134.89.104 port 37262 ssh2
2026-09-13T11:51:51.540475+02:00 vmi3427693 sshd[616523]: error: maximum authentication attempts exceeded for invalid user ftpuser from 223.134.89.104 port 37262 ssh2 [preauth]
2026-09-13T11:51:51.540965+02:00 vmi3427693 sshd[616523]: Disconnecting invalid user ftpuser 223.134.89.104 port 37262: Too many authentication failures [preauth]
2026-09-13T11:51:51.544798+02:00 vmi3427693 sshd[616523]: PAM 5 more authentication failures; logname= uid=0 euid=0 tty=ssh ruser= rhost=223.134.89.104
2026-09-13T11:51:51.545122+02:00 vmi3427693 sshd[616523]: PAM service(sshd) ignoring max retries; 6 > 3
2026-09-13T11:51:55.408068+02:00 vmi3427693 sshd[616576]: Invalid user ftpuser from 223.134.89.104 port 44138
2026-09-13T11:51:55.417444+02:00 vmi3427693 sshd[616576]: pam_unix(sshd:auth): check pass; user unknown
2026-09-13T11:51:55.418042+02:00 vmi3427693 sshd[616576]: pam_unix(sshd:auth): authentication failure; logname= uid=0 euid=0 tty=ssh ruser= rhost=223.134.89.104
2026-09-13T11:51:57.244044+02:00 vmi3427693 sshd[616576]: Failed password for invalid user ftpuser from 223.134.89.104 port 44138 ssh2
2026-09-13T11:51:58.865695+02:00 vmi3427693 sshd[616576]: pam_unix(sshd:auth): check pass; user unknown
2026-09-13T11:52:00.771862+02:00 vmi3427693 sshd[616576]: Failed password for invalid user ftpuser from 223.134.89.104 port 44138 ssh2
2026-09-13T11:52:02.078843+02:00 vmi3427693 CRON[616597]: pam_unix(cron:session): session opened for user root(uid=0) by root(uid=0)
2026-09-13T11:52:02.295943+02:00 vmi3427693 CRON[616597]: pam_unix(cron:session): session closed for user root
2026-09-13T11:52:02.311877+02:00 vmi3427693 sshd[616576]: pam_unix(sshd:auth): check pass; user unknown
2026-09-13T11:52:03.765599+02:00 vmi3427693 sshd[616576]: Failed password for invalid user ftpuser from 223.134.89.104 port 44138 ssh2
2026-09-13T11:52:04.149208+02:00 vmi3427693 sshd[616576]: pam_unix(sshd:auth): check pass; user unknown
2026-09-13T11:52:06.212358+02:00 vmi3427693 sshd[616576]: Failed password for invalid user ftpuser from 223.134.89.104 port 44138 ssh2
2026-09-13T11:52:07.581187+02:00 vmi3427693 sshd[616576]: pam_unix(sshd:auth): check pass; user unknown
2026-09-13T11:52:09.387085+02:00 vmi3427693 sshd[616576]: Failed password for invalid user ftpuser from 223.134.89.104 port 44138 ssh2
2026-09-13T11:52:11.033331+02:00 vmi3427693 sshd[616576]: pam_unix(sshd:auth): check pass; user unknown
2026-09-13T11:52:13.391281+02:00 vmi3427693 sshd[616576]: Failed password for invalid user ftpuser from 223.134.89.104 port 44138 ssh2
2026-09-13T11:52:14.233270+02:00 vmi3427693 sshd[616576]: error: maximum authentication attempts exceeded for invalid user ftpuser from 223.134.89.104 port 44138 ssh2 [preauth]
2026-09-13T11:52:14.233632+02:00 vmi3427693 sshd[616576]: Disconnecting invalid user ftpuser 223.134.89.104 port 44138: Too many authentication failures [preauth]
2026-09-13T11:52:14.243576+02:00 vmi3427693 sshd[616576]: PAM 5 more authentication failures; logname= uid=0 euid=0 tty=ssh ruser= rhost=223.134.89.104
2026-09-13T11:52:14.243847+02:00 vmi3427693 sshd[616576]: PAM service(sshd) ignoring max retries; 6 > 3
2026-09-13T11:52:17.545421+02:00 vmi3427693 sshd[616621]: Invalid user ftpuser from 223.134.89.104 port 58866
2026-09-13T11:52:17.550270+02:00 vmi3427693 sshd[616621]: pam_unix(sshd:auth): check pass; user unknown
2026-09-13T11:52:17.551133+02:00 vmi3427693 sshd[616621]: pam_unix(sshd:auth): authentication failure; logname= uid=0 euid=0 tty=ssh ruser= rhost=223.134.89.104
2026-09-13T11:52:19.395369+02:00 vmi3427693 sshd[616621]: Failed password for invalid user ftpuser from 223.134.89.104 port 58866 ssh2
2026-09-13T11:52:21.005837+02:00 vmi3427693 sshd[616621]: pam_unix(sshd:auth): check pass; user unknown
2026-09-13T11:52:22.931458+02:00 vmi3427693 sshd[616621]: Failed password for invalid user ftpuser from 223.134.89.104 port 58866 ssh2
2026-09-13T11:52:24.434717+02:00 vmi3427693 sshd[616621]: pam_unix(sshd:auth): check pass; user unknown
2026-09-13T11:52:26.576455+02:00 vmi3427693 sshd[616621]: Failed password for invalid user ftpuser from 223.134.89.104 port 58866 ssh2
2026-09-13T11:52:27.684187+02:00 vmi3427693 sshd[616645]: pam_unix(sshd:auth): authentication failure; logname= uid=0 euid=0 tty=ssh ruser= rhost=103.157.149.14 user=root
2026-09-13T11:52:27.870002+02:00 vmi3427693 sshd[616621]: pam_unix(sshd:auth): check pass; user unknown
2026-09-13T11:52:29.570509+02:00 vmi3427693 sshd[616645]: Failed password for root from 103.157.149.14 port 55668 ssh2
2026-09-13T11:52:29.756670+02:00 vmi3427693 sshd[616621]: Failed password for invalid user ftpuser from 223.134.89.104 port 58866 ssh2
2026-09-13T11:52:30.024092+02:00 vmi3427693 sshd[616645]: Received disconnect from 103.157.149.14 port 55668:11: Bye Bye [preauth]
2026-09-13T11:52:30.024382+02:00 vmi3427693 sshd[616645]: Disconnected from authenticating user root 103.157.149.14 port 55668 [preauth]
2026-09-13T11:52:31.313717+02:00 vmi3427693 sshd[616621]: Received disconnect from 223.134.89.104 port 58866:11: disconnected by user [preauth]
2026-09-13T11:52:31.314001+02:00 vmi3427693 sshd[616621]: Disconnected from invalid user ftpuser 223.134.89.104 port 58866 [preauth]
2026-09-13T11:52:31.315497+02:00 vmi3427693 sshd[616621]: PAM 3 more authentication failures; logname= uid=0 euid=0 tty=ssh ruser= rhost=223.134.89.104
2026-09-13T11:52:31.315738+02:00 vmi3427693 sshd[616621]: PAM service(sshd) ignoring max retries; 4 > 3
2026-09-13T11:52:34.623008+02:00 vmi3427693 sshd[616656]: Invalid user test1 from 223.134.89.104 port 34644
2026-09-13T11:52:34.632568+02:00 vmi3427693 sshd[616656]: pam_unix(sshd:auth): check pass; user unknown
2026-09-13T11:52:34.632827+02:00 vmi3427693 sshd[616656]: pam_unix(sshd:auth): authentication failure; logname= uid=0 euid=0 tty=ssh ruser= rhost=223.134.89.104
2026-09-13T11:52:36.815086+02:00 vmi3427693 sshd[616656]: Failed password for invalid user test1 from 223.134.89.104 port 34644 ssh2
2026-09-13T11:52:37.735231+02:00 vmi3427693 sshd[616668]: Invalid user webdev from 163.7.13.17 port 45970
2026-09-13T11:52:37.744532+02:00 vmi3427693 sshd[616668]: pam_unix(sshd:auth): check pass; user unknown
2026-09-13T11:52:37.745041+02:00 vmi3427693 sshd[616668]: pam_unix(sshd:auth): authentication failure; logname= uid=0 euid=0 tty=ssh ruser= rhost=163.7.13.17
2026-09-13T11:52:38.629611+02:00 vmi3427693 sshd[616656]: pam_unix(sshd:auth): check pass; user unknown
2026-09-13T11:52:39.671248+02:00 vmi3427693 sshd[616668]: Failed password for invalid user webdev from 163.7.13.17 port 45970 ssh2
2026-09-13T11:52:40.026139+02:00 vmi3427693 sshd[616656]: Failed password for invalid user test1 from 223.134.89.104 port 34644 ssh2
2026-09-13T11:52:40.749417+02:00 vmi3427693 sshd[616656]: pam_unix(sshd:auth): check pass; user unknown
2026-09-13T11:52:41.677256+02:00 vmi3427693 sshd[616668]: Received disconnect from 163.7.13.17 port 45970:11: Bye Bye [preauth]
2026-09-13T11:52:41.678195+02:00 vmi3427693 sshd[616668]: Disconnected from invalid user webdev 163.7.13.17 port 45970 [preauth]
2026-09-13T11:52:42.421379+02:00 vmi3427693 sshd[616656]: Failed password for invalid user test1 from 223.134.89.104 port 34644 ssh2
2026-09-13T11:52:42.895165+02:00 vmi3427693 sshd[616656]: pam_unix(sshd:auth): check pass; user unknown
2026-09-13T11:52:43.791854+02:00 vmi3427693 sshd[616680]: pam_unix(sshd:auth): authentication failure; logname= uid=0 euid=0 tty=ssh ruser= rhost=80.94.92.55 user=root
2026-09-13T11:52:45.509164+02:00 vmi3427693 sshd[616656]: Failed password for invalid user test1 from 223.134.89.104 port 34644 ssh2
2026-09-13T11:52:46.210480+02:00 vmi3427693 sshd[616680]: Failed password for root from 80.94.92.55 port 47696 ssh2
2026-09-13T11:52:46.889432+02:00 vmi3427693 sshd[616656]: pam_unix(sshd:auth): check pass; user unknown
2026-09-13T11:52:48.479372+02:00 vmi3427693 sshd[616680]: Connection closed by authenticating user root 80.94.92.55 port 47696 [preauth]
2026-09-13T11:52:49.052438+02:00 vmi3427693 sshd[616656]: Failed password for invalid user test1 from 223.134.89.104 port 34644 ssh2
2026-09-13T11:52:50.892676+02:00 vmi3427693 sshd[616656]: pam_unix(sshd:auth): check pass; user unknown
2026-09-13T11:52:52.266595+02:00 vmi3427693 sshd[616656]: Failed password for invalid user test1 from 223.134.89.104 port 34644 ssh2
2026-09-13T11:52:52.773100+02:00 vmi3427693 sshd[616656]: error: maximum authentication attempts exceeded for invalid user test1 from 223.134.89.104 port 34644 ssh2 [preauth]
2026-09-13T11:52:52.773541+02:00 vmi3427693 sshd[616656]: Disconnecting invalid user test1 223.134.89.104 port 34644: Too many authentication failures [preauth]
2026-09-13T11:52:52.773649+02:00 vmi3427693 sshd[616656]: PAM 5 more authentication failures; logname= uid=0 euid=0 tty=ssh ruser= rhost=223.134.89.104
2026-09-13T11:52:52.773762+02:00 vmi3427693 sshd[616656]: PAM service(sshd) ignoring max retries; 6 > 3
2026-09-13T11:52:56.521119+02:00 vmi3427693 sshd[616698]: Invalid user test1 from 223.134.89.104 port 44606
2026-09-13T11:52:56.525186+02:00 vmi3427693 sshd[616698]: pam_unix(sshd:auth): check pass; user unknown
2026-09-13T11:52:56.525430+02:00 vmi3427693 sshd[616698]: pam_unix(sshd:auth): authentication failure; logname= uid=0 euid=0 tty=ssh ruser= rhost=223.134.89.104
2026-09-13T11:52:58.063216+02:00 vmi3427693 sshd[616698]: Failed password for invalid user test1 from 223.134.89.104 port 44606 ssh2
2026-09-13T11:52:58.631303+02:00 vmi3427693 sshd[616698]: pam_unix(sshd:auth): check pass; user unknown
2026-09-13T11:53:00.773609+02:00 vmi3427693 sshd[616698]: Failed password for invalid user test1 from 223.134.89.104 port 44606 ssh2
2026-09-13T11:53:01.307494+02:00 vmi3427693 CRON[616711]: pam_unix(cron:session): session opened for user root(uid=0) by root(uid=0)
2026-09-13T11:53:01.362672+02:00 vmi3427693 CRON[616711]: pam_unix(cron:session): session closed for user root
2026-09-13T11:53:02.626290+02:00 vmi3427693 sshd[616698]: pam_unix(sshd:auth): check pass; user unknown
2026-09-13T11:53:04.316815+02:00 vmi3427693 sshd[616698]: Failed password for invalid user test1 from 223.134.89.104 port 44606 ssh2
2026-09-13T11:53:04.788629+02:00 vmi3427693 sshd[616698]: pam_unix(sshd:auth): check pass; user unknown
2026-09-13T11:53:06.756002+02:00 vmi3427693 sshd[616698]: Failed password for invalid user test1 from 223.134.89.104 port 44606 ssh2
2026-09-13T11:53:08.796195+02:00 vmi3427693 sshd[616698]: pam_unix(sshd:auth): check pass; user unknown
2026-09-13T11:53:10.310596+02:00 vmi3427693 sshd[616698]: Failed password for invalid user test1 from 223.134.89.104 port 44606 ssh2
2026-09-13T11:53:10.890382+02:00 vmi3427693 sshd[616698]: pam_unix(sshd:auth): check pass; user unknown
2026-09-13T11:53:13.012727+02:00 vmi3427693 sshd[616698]: Failed password for invalid user test1 from 223.134.89.104 port 44606 ssh2
2026-09-13T11:53:13.177231+02:00 vmi3427693 sshd[616730]: Connection closed by 14.225.23.94 port 31216
2026-09-13T11:53:14.654231+02:00 vmi3427693 sshd[616698]: error: maximum authentication attempts exceeded for invalid user test1 from 223.134.89.104 port 44606 ssh2 [preauth]
2026-09-13T11:53:14.655093+02:00 vmi3427693 sshd[616698]: Disconnecting invalid user test1 223.134.89.104 port 44606: Too many authentication failures [preauth]
2026-09-13T11:53:14.664405+02:00 vmi3427693 sshd[616698]: PAM 5 more authentication failures; logname= uid=0 euid=0 tty=ssh ruser= rhost=223.134.89.104
2026-09-13T11:53:14.664738+02:00 vmi3427693 sshd[616698]: PAM service(sshd) ignoring max retries; 6 > 3
2026-09-13T11:53:15.013678+02:00 vmi3427693 sshd[616732]: pam_unix(sshd:auth): authentication failure; logname= uid=0 euid=0 tty=ssh ruser= rhost=14.225.23.94 user=root
2026-09-13T11:53:16.683199+02:00 vmi3427693 sshd[616732]: Failed password for root from 14.225.23.94 port 31500 ssh2
2026-09-13T11:53:17.515966+02:00 vmi3427693 sshd[616732]: Connection closed by authenticating user root 14.225.23.94 port 31500 [preauth]
2026-09-13T11:53:18.673277+02:00 vmi3427693 sshd[616736]: Invalid user test1 from 223.134.89.104 port 44288
2026-09-13T11:53:18.684606+02:00 vmi3427693 sshd[616736]: pam_unix(sshd:auth): check pass; user unknown
2026-09-13T11:53:18.685247+02:00 vmi3427693 sshd[616736]: pam_unix(sshd:auth): authentication failure; logname= uid=0 euid=0 tty=ssh ruser= rhost=223.134.89.104
2026-09-13T11:53:19.756419+02:00 vmi3427693 sshd[616743]: Invalid user ftpuser from 46.8.31.84 port 57326
2026-09-13T11:53:19.760965+02:00 vmi3427693 sshd[616743]: pam_unix(sshd:auth): check pass; user unknown
2026-09-13T11:53:19.761156+02:00 vmi3427693 sshd[616743]: pam_unix(sshd:auth): authentication failure; logname= uid=0 euid=0 tty=ssh ruser= rhost=46.8.31.84
2026-09-13T11:53:20.909889+02:00 vmi3427693 sshd[616736]: Failed password for invalid user test1 from 223.134.89.104 port 44288 ssh2
2026-09-13T11:53:22.118892+02:00 vmi3427693 sshd[616743]: Failed password for invalid user ftpuser from 46.8.31.84 port 57326 ssh2
2026-09-13T11:53:22.659565+02:00 vmi3427693 sshd[616736]: pam_unix(sshd:auth): check pass; user unknown
2026-09-13T11:53:23.095966+02:00 vmi3427693 sshd[616743]: Connection closed by invalid user ftpuser 46.8.31.84 port 57326 [preauth]
2026-09-13T11:53:24.762243+02:00 vmi3427693 sshd[616736]: Failed password for invalid user test1 from 223.134.89.104 port 44288 ssh2
2026-09-13T11:53:26.680804+02:00 vmi3427693 sshd[616736]: Received disconnect from 223.134.89.104 port 44288:11: disconnected by user [preauth]
2026-09-13T11:53:26.681482+02:00 vmi3427693 sshd[616736]: Disconnected from invalid user test1 223.134.89.104 port 44288 [preauth]
2026-09-13T11:53:26.681682+02:00 vmi3427693 sshd[616736]: PAM 1 more authentication failure; logname= uid=0 euid=0 tty=ssh ruser= rhost=223.134.89.104
2026-09-13T11:53:30.217458+02:00 vmi3427693 sshd[616754]: Invalid user test2 from 223.134.89.104 port 53796
2026-09-13T11:53:30.223655+02:00 vmi3427693 sshd[616754]: pam_unix(sshd:auth): check pass; user unknown
2026-09-13T11:53:30.223890+02:00 vmi3427693 sshd[616754]: pam_unix(sshd:auth): authentication failure; logname= uid=0 euid=0 tty=ssh ruser= rhost=223.134.89.104
2026-09-13T11:53:32.426300+02:00 vmi3427693 sshd[616754]: Failed password for invalid user test2 from 223.134.89.104 port 53796 ssh2
2026-09-13T11:53:32.672744+02:00 vmi3427693 sshd[616754]: pam_unix(sshd:auth): check pass; user unknown
2026-09-13T11:53:34.151963+02:00 vmi3427693 sshd[616754]: Failed password for invalid user test2 from 223.134.89.104 port 53796 ssh2
2026-09-13T11:53:35.134092+02:00 vmi3427693 sshd[616754]: pam_unix(sshd:auth): check pass; user unknown
2026-09-13T11:53:37.020321+02:00 vmi3427693 sshd[616754]: Failed password for invalid user test2 from 223.134.89.104 port 53796 ssh2
2026-09-13T11:53:37.594973+02:00 vmi3427693 sshd[616754]: pam_unix(sshd:auth): check pass; user unknown
2026-09-13T11:53:40.093592+02:00 vmi3427693 sshd[616754]: Failed password for invalid user test2 from 223.134.89.104 port 53796 ssh2
2026-09-13T11:53:40.309943+02:00 vmi3427693 sshd[616772]: Invalid user chat from 103.157.149.14 port 46560
2026-09-13T11:53:40.316058+02:00 vmi3427693 sshd[616772]: pam_unix(sshd:auth): check pass; user unknown
2026-09-13T11:53:40.316240+02:00 vmi3427693 sshd[616772]: pam_unix(sshd:auth): authentication failure; logname= uid=0 euid=0 tty=ssh ruser= rhost=103.157.149.14
2026-09-13T11:53:42.286027+02:00 vmi3427693 sshd[616754]: pam_unix(sshd:auth): check pass; user unknown
2026-09-13T11:53:42.559687+02:00 vmi3427693 sshd[616772]: Failed password for invalid user chat from 103.157.149.14 port 46560 ssh2
2026-09-13T11:53:43.972416+02:00 vmi3427693 sshd[616772]: Received disconnect from 103.157.149.14 port 46560:11: Bye Bye [preauth]
2026-09-13T11:53:43.972782+02:00 vmi3427693 sshd[616772]: Disconnected from invalid user chat 103.157.149.14 port 46560 [preauth]
2026-09-13T11:53:44.467734+02:00 vmi3427693 sshd[616754]: Failed password for invalid user test2 from 223.134.89.104 port 53796 ssh2
2026-09-13T11:53:44.743788+02:00 vmi3427693 sshd[616754]: pam_unix(sshd:auth): check pass; user unknown
2026-09-13T11:53:46.199489+02:00 vmi3427693 sshd[616754]: Failed password for invalid user test2 from 223.134.89.104 port 53796 ssh2
2026-09-13T11:53:46.972830+02:00 vmi3427693 sshd[616754]: error: maximum authentication attempts exceeded for invalid user test2 from 223.134.89.104 port 53796 ssh2 [preauth]
2026-09-13T11:53:46.973556+02:00 vmi3427693 sshd[616754]: Disconnecting invalid user test2 223.134.89.104 port 53796: Too many authentication failures [preauth]
2026-09-13T11:53:46.973706+02:00 vmi3427693 sshd[616754]: PAM 5 more authentication failures; logname= uid=0 euid=0 tty=ssh ruser= rhost=223.134.89.104
2026-09-13T11:53:46.973825+02:00 vmi3427693 sshd[616754]: PAM service(sshd) ignoring max retries; 6 > 3
2026-09-13T11:53:50.876357+02:00 vmi3427693 sshd[616784]: Invalid user test2 from 223.134.89.104 port 38866
2026-09-13T11:53:50.881986+02:00 vmi3427693 sshd[616784]: pam_unix(sshd:auth): check pass; user unknown
2026-09-13T11:53:50.882241+02:00 vmi3427693 sshd[616784]: pam_unix(sshd:auth): authentication failure; logname= uid=0 euid=0 tty=ssh ruser= rhost=223.134.89.104
2026-09-13T11:53:52.497678+02:00 vmi3427693 sshd[616784]: Failed password for invalid user test2 from 223.134.89.104 port 38866 ssh2
2026-09-13T11:53:53.334902+02:00 vmi3427693 sshd[616784]: pam_unix(sshd:auth): check pass; user unknown
2026-09-13T11:53:55.362270+02:00 vmi3427693 sshd[616784]: Failed password for invalid user test2 from 223.134.89.104 port 38866 ssh2
2026-09-13T11:53:55.796073+02:00 vmi3427693 sshd[616784]: pam_unix(sshd:auth): check pass; user unknown
2026-09-13T11:53:58.430323+02:00 vmi3427693 sshd[616784]: Failed password for invalid user test2 from 223.134.89.104 port 38866 ssh2
2026-09-13T11:54:00.047653+02:00 vmi3427693 sshd[616801]: pam_unix(sshd:auth): authentication failure; logname= uid=0 euid=0 tty=ssh ruser= rhost=163.7.13.17 user=root
2026-09-13T11:54:00.489768+02:00 vmi3427693 sshd[616784]: pam_unix(sshd:auth): check pass; user unknown
2026-09-13T11:54:01.388469+02:00 vmi3427693 CRON[616806]: pam_unix(cron:session): session opened for user root(uid=0) by root(uid=0)
2026-09-13T11:54:01.456040+02:00 vmi3427693 CRON[616806]: pam_unix(cron:session): session closed for user root
2026-09-13T11:54:02.565296+02:00 vmi3427693 sshd[616801]: Failed password for root from 163.7.13.17 port 39980 ssh2
2026-09-13T11:54:03.148058+02:00 vmi3427693 sshd[616784]: Failed password for invalid user test2 from 223.134.89.104 port 38866 ssh2
2026-09-13T11:54:04.714336+02:00 vmi3427693 sshd[616801]: Received disconnect from 163.7.13.17 port 39980:11: Bye Bye [preauth]
2026-09-13T11:54:04.717348+02:00 vmi3427693 sshd[616801]: Disconnected from authenticating user root 163.7.13.17 port 39980 [preauth]
2026-09-13T11:54:05.184485+02:00 vmi3427693 sshd[616784]: pam_unix(sshd:auth): check pass; user unknown
2026-09-13T11:54:07.191964+02:00 vmi3427693 sshd[616784]: Failed password for invalid user test2 from 223.134.89.104 port 38866 ssh2
2026-09-13T11:54:07.644503+02:00 vmi3427693 sshd[616784]: pam_unix(sshd:auth): check pass; user unknown
2026-09-13T11:54:10.259159+02:00 vmi3427693 sshd[616784]: Failed password for invalid user test2 from 223.134.89.104 port 38866 ssh2
2026-09-13T11:54:12.094060+02:00 vmi3427693 sshd[616784]: error: maximum authentication attempts exceeded for invalid user test2 from 223.134.89.104 port 38866 ssh2 [preauth]
2026-09-13T11:54:12.095048+02:00 vmi3427693 sshd[616784]: Disconnecting invalid user test2 223.134.89.104 port 38866: Too many authentication failures [preauth]
2026-09-13T11:54:12.095185+02:00 vmi3427693 sshd[616784]: PAM 5 more authentication failures; logname= uid=0 euid=0 tty=ssh ruser= rhost=223.134.89.104
2026-09-13T11:54:12.095257+02:00 vmi3427693 sshd[616784]: PAM service(sshd) ignoring max retries; 6 > 3
2026-09-13T11:54:12.681982+02:00 vmi3427693 sshd[616827]: Invalid user gpadmin from 130.49.213.228 port 60710
2026-09-13T11:54:12.785953+02:00 vmi3427693 sshd[616827]: pam_unix(sshd:auth): check pass; user unknown
2026-09-13T11:54:12.786177+02:00 vmi3427693 sshd[616827]: pam_unix(sshd:auth): authentication failure; logname= uid=0 euid=0 tty=ssh ruser= rhost=130.49.213.228
2026-09-13T11:54:15.088937+02:00 vmi3427693 sshd[616827]: Failed password for invalid user gpadmin from 130.49.213.228 port 60710 ssh2
2026-09-13T11:54:15.448875+02:00 vmi3427693 sshd[616830]: Invalid user test2 from 223.134.89.104 port 33146
2026-09-13T11:54:15.453947+02:00 vmi3427693 sshd[616830]: pam_unix(sshd:auth): check pass; user unknown
2026-09-13T11:54:15.454182+02:00 vmi3427693 sshd[616830]: pam_unix(sshd:auth): authentication failure; logname= uid=0 euid=0 tty=ssh ruser= rhost=223.134.89.104
2026-09-13T11:54:16.437997+02:00 vmi3427693 sshd[616827]: Connection closed by invalid user gpadmin 130.49.213.228 port 60710 [preauth]
2026-09-13T11:54:17.501290+02:00 vmi3427693 sshd[616830]: Failed password for invalid user test2 from 223.134.89.104 port 33146 ssh2
2026-09-13T11:54:17.932486+02:00 vmi3427693 sshd[616830]: pam_unix(sshd:auth): check pass; user unknown
2026-09-13T11:54:19.919404+02:00 vmi3427693 sshd[616830]: Failed password for invalid user test2 from 223.134.89.104 port 33146 ssh2
2026-09-13T11:54:20.426102+02:00 vmi3427693 sshd[616830]: Received disconnect from 223.134.89.104 port 33146:11: disconnected by user [preauth]
2026-09-13T11:54:20.426847+02:00 vmi3427693 sshd[616830]: Disconnected from invalid user test2 223.134.89.104 port 33146 [preauth]
2026-09-13T11:54:20.427283+02:00 vmi3427693 sshd[616830]: PAM 1 more authentication failure; logname= uid=0 euid=0 tty=ssh ruser= rhost=223.134.89.104
2026-09-13T11:54:23.807490+02:00 vmi3427693 sshd[616844]: Invalid user ubuntu from 223.134.89.104 port 40798
2026-09-13T11:54:23.815139+02:00 vmi3427693 sshd[616844]: pam_unix(sshd:auth): check pass; user unknown
2026-09-13T11:54:23.815399+02:00 vmi3427693 sshd[616844]: pam_unix(sshd:auth): authentication failure; logname= uid=0 euid=0 tty=ssh ruser= rhost=223.134.89.104
2026-09-13T11:54:26.296119+02:00 vmi3427693 sshd[616844]: Failed password for invalid user ubuntu from 223.134.89.104 port 40798 ssh2
2026-09-13T11:54:27.922552+02:00 vmi3427693 sshd[616844]: pam_unix(sshd:auth): check pass; user unknown
2026-09-13T11:54:29.949302+02:00 vmi3427693 sshd[616844]: Failed password for invalid user ubuntu from 223.134.89.104 port 40798 ssh2
2026-09-13T11:54:32.033990+02:00 vmi3427693 sshd[616844]: pam_unix(sshd:auth): check pass; user unknown
2026-09-13T11:54:34.080223+02:00 vmi3427693 sshd[616844]: Failed password for invalid user ubuntu from 223.134.89.104 port 40798 ssh2
2026-09-13T11:54:36.142465+02:00 vmi3427693 sshd[616844]: pam_unix(sshd:auth): check pass; user unknown
2026-09-13T11:54:38.405478+02:00 vmi3427693 sshd[616844]: Failed password for invalid user ubuntu from 223.134.89.104 port 40798 ssh2
2026-09-13T11:54:40.249955+02:00 vmi3427693 sshd[616844]: pam_unix(sshd:auth): check pass; user unknown
2026-09-13T11:54:42.061753+02:00 vmi3427693 sshd[616844]: Failed password for invalid user ubuntu from 223.134.89.104 port 40798 ssh2
2026-09-13T11:54:42.427124+02:00 vmi3427693 sshd[616844]: pam_unix(sshd:auth): check pass; user unknown
2026-09-13T11:54:44.844626+02:00 vmi3427693 sshd[616844]: Failed password for invalid user ubuntu from 223.134.89.104 port 40798 ssh2
2026-09-13T11:54:46.301622+02:00 vmi3427693 sshd[616844]: error: maximum authentication attempts exceeded for invalid user ubuntu from 223.134.89.104 port 40798 ssh2 [preauth]
2026-09-13T11:54:46.301955+02:00 vmi3427693 sshd[616844]: Disconnecting invalid user ubuntu 223.134.89.104 port 40798: Too many authentication failures [preauth]
2026-09-13T11:54:46.302314+02:00 vmi3427693 sshd[616844]: PAM 5 more authentication failures; logname= uid=0 euid=0 tty=ssh ruser= rhost=223.134.89.104
2026-09-13T11:54:46.302453+02:00 vmi3427693 sshd[616844]: PAM service(sshd) ignoring max retries; 6 > 3
2026-09-13T11:54:49.943302+02:00 vmi3427693 sshd[616980]: Invalid user ubuntu from 223.134.89.104 port 59112
2026-09-13T11:54:49.946936+02:00 vmi3427693 sshd[616980]: pam_unix(sshd:auth): check pass; user unknown
2026-09-13T11:54:49.947255+02:00 vmi3427693 sshd[616980]: pam_unix(sshd:auth): authentication failure; logname= uid=0 euid=0 tty=ssh ruser= rhost=223.134.89.104
2026-09-13T11:54:52.142695+02:00 vmi3427693 sshd[616991]: Invalid user admin from 103.157.149.14 port 45968
2026-09-13T11:54:52.147254+02:00 vmi3427693 sshd[616991]: pam_unix(sshd:auth): check pass; user unknown
2026-09-13T11:54:52.147608+02:00 vmi3427693 sshd[616991]: pam_unix(sshd:auth): authentication failure; logname= uid=0 euid=0 tty=ssh ruser= rhost=103.157.149.14
2026-09-13T11:54:52.661819+02:00 vmi3427693 sshd[616980]: Failed password for invalid user ubuntu from 223.134.89.104 port 59112 ssh2
2026-09-13T11:54:53.937915+02:00 vmi3427693 sshd[616991]: Failed password for invalid user admin from 103.157.149.14 port 45968 ssh2
2026-09-13T11:54:54.046417+02:00 vmi3427693 sshd[616980]: pam_unix(sshd:auth): check pass; user unknown
2026-09-13T11:54:54.997793+02:00 vmi3427693 sshd[616991]: Received disconnect from 103.157.149.14 port 45968:11: Bye Bye [preauth]
2026-09-13T11:54:54.998058+02:00 vmi3427693 sshd[616991]: Disconnected from invalid user admin 103.157.149.14 port 45968 [preauth]
2026-09-13T11:54:56.113464+02:00 vmi3427693 sshd[616980]: Failed password for invalid user ubuntu from 223.134.89.104 port 59112 ssh2
2026-09-13T11:54:57.800785+02:00 vmi3427693 sshd[617004]: pam_unix(sshd:auth): authentication failure; logname= uid=0 euid=0 tty=ssh ruser= rhost=80.94.92.55 user=root
2026-09-13T11:54:58.162155+02:00 vmi3427693 sshd[616980]: pam_unix(sshd:auth): check pass; user unknown
2026-09-13T11:54:58.508156+02:00 vmi3427693 sshd[617006]: Invalid user git from 46.8.31.84 port 55058
2026-09-13T11:54:58.515639+02:00 vmi3427693 sshd[617006]: pam_unix(sshd:auth): check pass; user unknown
2026-09-13T11:54:58.515875+02:00 vmi3427693 sshd[617006]: pam_unix(sshd:auth): authentication failure; logname= uid=0 euid=0 tty=ssh ruser= rhost=46.8.31.84
2026-09-13T11:54:59.612103+02:00 vmi3427693 sshd[617004]: Failed password for root from 80.94.92.55 port 50890 ssh2
2026-09-13T11:55:00.160194+02:00 vmi3427693 sshd[617004]: Connection closed by authenticating user root 80.94.92.55 port 50890 [preauth]
2026-09-13T11:55:00.444585+02:00 vmi3427693 sshd[616980]: Failed password for invalid user ubuntu from 223.134.89.104 port 59112 ssh2
2026-09-13T11:55:00.801810+02:00 vmi3427693 sshd[617006]: Failed password for invalid user git from 46.8.31.84 port 55058 ssh2
2026-09-13T11:55:01.495644+02:00 vmi3427693 CRON[617013]: pam_unix(cron:session): session opened for user root(uid=0) by root(uid=0)
2026-09-13T11:55:01.496202+02:00 vmi3427693 CRON[617012]: pam_unix(cron:session): session opened for user root(uid=0) by root(uid=0)
2026-09-13T11:55:01.538040+02:00 vmi3427693 CRON[617012]: pam_unix(cron:session): session closed for user root
2026-09-13T11:55:01.580653+02:00 vmi3427693 CRON[617013]: pam_unix(cron:session): session closed for user root
2026-09-13T11:55:02.304290+02:00 vmi3427693 sshd[616980]: pam_unix(sshd:auth): check pass; user unknown
2026-09-13T11:55:03.242854+02:00 vmi3427693 sshd[617006]: Connection closed by invalid user git 46.8.31.84 port 55058 [preauth]
2026-09-13T11:55:04.151066+02:00 vmi3427693 sshd[616980]: Failed password for invalid user ubuntu from 223.134.89.104 port 59112 ssh2
2026-09-13T11:55:04.490747+02:00 vmi3427693 sshd[616980]: pam_unix(sshd:auth): check pass; user unknown
2026-09-13T11:55:06.279618+02:00 vmi3427693 sshd[616980]: Failed password for invalid user ubuntu from 223.134.89.104 port 59112 ssh2
2026-09-13T11:55:06.651404+02:00 vmi3427693 sshd[616980]: pam_unix(sshd:auth): check pass; user unknown
2026-09-13T11:55:09.034427+02:00 vmi3427693 sshd[616980]: Failed password for invalid user ubuntu from 223.134.89.104 port 59112 ssh2
2026-09-13T11:55:10.526227+02:00 vmi3427693 sshd[616980]: error: maximum authentication attempts exceeded for invalid user ubuntu from 223.134.89.104 port 59112 ssh2 [preauth]
2026-09-13T11:55:10.526613+02:00 vmi3427693 sshd[616980]: Disconnecting invalid user ubuntu 223.134.89.104 port 59112: Too many authentication failures [preauth]
2026-09-13T11:55:10.526750+02:00 vmi3427693 sshd[616980]: PAM 5 more authentication failures; logname= uid=0 euid=0 tty=ssh ruser= rhost=223.134.89.104
2026-09-13T11:55:10.526880+02:00 vmi3427693 sshd[616980]: PAM service(sshd) ignoring max retries; 6 > 3
2026-09-13T11:55:13.882867+02:00 vmi3427693 sshd[617030]: Invalid user ubuntu from 223.134.89.104 port 39192
2026-09-13T11:55:13.891212+02:00 vmi3427693 sshd[617030]: pam_unix(sshd:auth): check pass; user unknown
2026-09-13T11:55:13.891490+02:00 vmi3427693 sshd[617030]: pam_unix(sshd:auth): authentication failure; logname= uid=0 euid=0 tty=ssh ruser= rhost=223.134.89.104
2026-09-13T11:55:16.566571+02:00 vmi3427693 sshd[617030]: Failed password for invalid user ubuntu from 223.134.89.104 port 39192 ssh2
2026-09-13T11:55:17.977045+02:00 vmi3427693 sshd[617039]: Invalid user abcdefg from 163.7.13.17 port 35854
2026-09-13T11:55:17.987305+02:00 vmi3427693 sshd[617039]: pam_unix(sshd:auth): check pass; user unknown
2026-09-13T11:55:17.987488+02:00 vmi3427693 sshd[617039]: pam_unix(sshd:auth): authentication failure; logname= uid=0 euid=0 tty=ssh ruser= rhost=163.7.13.17
2026-09-13T11:55:17.995936+02:00 vmi3427693 sshd[617030]: pam_unix(sshd:auth): check pass; user unknown
2026-09-13T11:55:19.879097+02:00 vmi3427693 sshd[617039]: Failed password for invalid user abcdefg from 163.7.13.17 port 35854 ssh2
2026-09-13T11:55:19.886694+02:00 vmi3427693 sshd[617030]: Failed password for invalid user ubuntu from 223.134.89.104 port 39192 ssh2
2026-09-13T11:55:20.192127+02:00 vmi3427693 sshd[617030]: pam_unix(sshd:auth): check pass; user unknown
2026-09-13T11:55:20.450016+02:00 vmi3427693 sshd[617039]: Received disconnect from 163.7.13.17 port 35854:11: Bye Bye [preauth]
2026-09-13T11:55:20.450213+02:00 vmi3427693 sshd[617039]: Disconnected from invalid user abcdefg 163.7.13.17 port 35854 [preauth]
2026-09-13T11:55:22.495330+02:00 vmi3427693 sshd[617030]: Failed password for invalid user ubuntu from 223.134.89.104 port 39192 ssh2
2026-09-13T11:55:24.306877+02:00 vmi3427693 sshd[617030]: pam_unix(sshd:auth): check pass; user unknown
2026-09-13T11:55:26.825131+02:00 vmi3427693 sshd[617030]: Failed password for invalid user ubuntu from 223.134.89.104 port 39192 ssh2
2026-09-13T11:55:28.428954+02:00 vmi3427693 sshd[617030]: Received disconnect from 223.134.89.104 port 39192:11: disconnected by user [preauth]
2026-09-13T11:55:28.429174+02:00 vmi3427693 sshd[617030]: Disconnected from invalid user ubuntu 223.134.89.104 port 39192 [preauth]
2026-09-13T11:55:28.429322+02:00 vmi3427693 sshd[617030]: PAM 3 more authentication failures; logname= uid=0 euid=0 tty=ssh ruser= rhost=223.134.89.104
2026-09-13T11:55:28.429443+02:00 vmi3427693 sshd[617030]: PAM service(sshd) ignoring max retries; 4 > 3
2026-09-13T11:55:32.103668+02:00 vmi3427693 sshd[617054]: Invalid user pi from 223.134.89.104 port 52966
2026-09-13T11:55:32.108980+02:00 vmi3427693 sshd[617054]: pam_unix(sshd:auth): check pass; user unknown
2026-09-13T11:55:32.109307+02:00 vmi3427693 sshd[617054]: pam_unix(sshd:auth): authentication failure; logname= uid=0 euid=0 tty=ssh ruser= rhost=223.134.89.104
2026-09-13T11:55:34.391980+02:00 vmi3427693 sshd[617054]: Failed password for invalid user pi from 223.134.89.104 port 52966 ssh2
2026-09-13T11:55:36.685143+02:00 vmi3427693 sshd[617054]: pam_unix(sshd:auth): check pass; user unknown
2026-09-13T11:55:39.183606+02:00 vmi3427693 sshd[617054]: Failed password for invalid user pi from 223.134.89.104 port 52966 ssh2
2026-09-13T11:55:41.275395+02:00 vmi3427693 sshd[617054]: pam_unix(sshd:auth): check pass; user unknown
2026-09-13T11:55:43.463419+02:00 vmi3427693 sshd[617054]: Failed password for invalid user pi from 223.134.89.104 port 52966 ssh2
2026-09-13T11:55:45.854200+02:00 vmi3427693 sshd[617054]: pam_unix(sshd:auth): check pass; user unknown
2026-09-13T11:55:47.921020+02:00 vmi3427693 sshd[617054]: Failed password for invalid user pi from 223.134.89.104 port 52966 ssh2
2026-09-13T11:55:48.273860+02:00 vmi3427693 sshd[617054]: Received disconnect from 223.134.89.104 port 52966:11: disconnected by user [preauth]
2026-09-13T11:55:48.274092+02:00 vmi3427693 sshd[617054]: Disconnected from invalid user pi 223.134.89.104 port 52966 [preauth]
2026-09-13T11:55:48.276352+02:00 vmi3427693 sshd[617054]: PAM 3 more authentication failures; logname= uid=0 euid=0 tty=ssh ruser= rhost=223.134.89.104
2026-09-13T11:55:48.276660+02:00 vmi3427693 sshd[617054]: PAM service(sshd) ignoring max retries; 4 > 3
2026-09-13T11:55:51.256082+02:00 vmi3427693 sshd[617086]: Invalid user baikal from 223.134.89.104 port 45600
2026-09-13T11:55:51.261896+02:00 vmi3427693 sshd[617086]: pam_unix(sshd:auth): check pass; user unknown
2026-09-13T11:55:51.262112+02:00 vmi3427693 sshd[617086]: pam_unix(sshd:auth): authentication failure; logname= uid=0 euid=0 tty=ssh ruser= rhost=223.134.89.104
2026-09-13T11:55:52.486079+02:00 vmi3427693 sshd[617086]: Failed password for invalid user baikal from 223.134.89.104 port 45600 ssh2
2026-09-13T11:55:52.787868+02:00 vmi3427693 sshd[617086]: Received disconnect from 223.134.89.104 port 45600:11: disconnected by user [preauth]
2026-09-13T11:55:52.788079+02:00 vmi3427693 sshd[617086]: Disconnected from invalid user baikal 223.134.89.104 port 45600 [preauth]
2026-09-13T11:56:01.223993+02:00 vmi3427693 sshd[617103]: pam_unix(sshd:auth): authentication failure; logname= uid=0 euid=0 tty=ssh ruser= rhost=103.157.149.14 user=root
2026-09-13T11:56:01.592066+02:00 vmi3427693 CRON[617106]: pam_unix(cron:session): session opened for user root(uid=0) by root(uid=0)
2026-09-13T11:56:01.669669+02:00 vmi3427693 CRON[617106]: pam_unix(cron:session): session closed for user root
2026-09-13T11:56:03.155076+02:00 vmi3427693 sshd[617103]: Failed password for root from 103.157.149.14 port 57742 ssh2
2026-09-13T11:56:03.598976+02:00 vmi3427693 sshd[617103]: Received disconnect from 103.157.149.14 port 57742:11: Bye Bye [preauth]
2026-09-13T11:56:03.599286+02:00 vmi3427693 sshd[617103]: Disconnected from authenticating user root 103.157.149.14 port 57742 [preauth]
2026-09-13T11:56:32.704217+02:00 vmi3427693 sshd[617140]: Invalid user kiran from 163.7.13.17 port 59696
2026-09-13T11:56:32.717605+02:00 vmi3427693 sshd[617140]: pam_unix(sshd:auth): check pass; user unknown
2026-09-13T11:56:32.718003+02:00 vmi3427693 sshd[617140]: pam_unix(sshd:auth): authentication failure; logname= uid=0 euid=0 tty=ssh ruser= rhost=163.7.13.17
2026-09-13T11:56:34.573933+02:00 vmi3427693 sshd[617140]: Failed password for invalid user kiran from 163.7.13.17 port 59696 ssh2
2026-09-13T11:56:36.090390+02:00 vmi3427693 sshd[617140]: Received disconnect from 163.7.13.17 port 59696:11: Bye Bye [preauth]
2026-09-13T11:56:36.090974+02:00 vmi3427693 sshd[617140]: Disconnected from invalid user kiran 163.7.13.17 port 59696 [preauth]
2026-09-13T11:56:42.109177+02:00 vmi3427693 sshd[617154]: Invalid user laravel from 46.8.31.84 port 52206
2026-09-13T11:56:42.113264+02:00 vmi3427693 sshd[617154]: pam_unix(sshd:auth): check pass; user unknown
2026-09-13T11:56:42.113580+02:00 vmi3427693 sshd[617154]: pam_unix(sshd:auth): authentication failure; logname= uid=0 euid=0 tty=ssh ruser= rhost=46.8.31.84
2026-09-13T11:56:42.265799+02:00 vmi3427693 sshd[617156]: pam_unix(sshd:auth): authentication failure; logname= uid=0 euid=0 tty=ssh ruser= rhost=45.182.206.203 user=root
2026-09-13T11:56:44.672435+02:00 vmi3427693 sshd[617154]: Failed password for invalid user laravel from 46.8.31.84 port 52206 ssh2
2026-09-13T11:56:44.823584+02:00 vmi3427693 sshd[617156]: Failed password for root from 45.182.206.203 port 51826 ssh2
2026-09-13T11:56:46.706956+02:00 vmi3427693 sshd[617154]: Connection closed by invalid user laravel 46.8.31.84 port 52206 [preauth]
2026-09-13T11:56:46.967620+02:00 vmi3427693 sshd[617156]: Received disconnect from 45.182.206.203 port 51826:11: Bye Bye [preauth]
2026-09-13T11:56:46.967832+02:00 vmi3427693 sshd[617156]: Disconnected from authenticating user root 45.182.206.203 port 51826 [preauth]
2026-09-13T11:57:01.682198+02:00 vmi3427693 CRON[617200]: pam_unix(cron:session): session opened for user root(uid=0) by root(uid=0)
2026-09-13T11:57:01.761457+02:00 vmi3427693 CRON[617200]: pam_unix(cron:session): session closed for user root
2026-09-13T11:57:09.180175+02:00 vmi3427693 sshd[617212]: pam_unix(sshd:auth): authentication failure; logname= uid=0 euid=0 tty=ssh ruser= rhost=103.157.149.14 user=root
2026-09-13T11:57:10.363101+02:00 vmi3427693 sshd[617217]: Connection closed by 128.199.189.224 port 47444
2026-09-13T11:57:10.781185+02:00 vmi3427693 sshd[617212]: Failed password for root from 103.157.149.14 port 58484 ssh2
2026-09-13T11:57:11.442159+02:00 vmi3427693 sshd[617219]: pam_unix(sshd:auth): authentication failure; logname= uid=0 euid=0 tty=ssh ruser= rhost=128.199.189.224 user=root
2026-09-13T11:57:11.536029+02:00 vmi3427693 sshd[617212]: Received disconnect from 103.157.149.14 port 58484:11: Bye Bye [preauth]
2026-09-13T11:57:11.536621+02:00 vmi3427693 sshd[617212]: Disconnected from authenticating user root 103.157.149.14 port 58484 [preauth]
2026-09-13T11:57:12.982064+02:00 vmi3427693 sshd[617219]: Failed password for root from 128.199.189.224 port 47754 ssh2
2026-09-13T11:57:13.815006+02:00 vmi3427693 sshd[617219]: Connection closed by authenticating user root 128.199.189.224 port 47754 [preauth]
2026-09-13T11:57:16.268715+02:00 vmi3427693 sshd[617226]: pam_unix(sshd:auth): authentication failure; logname= uid=0 euid=0 tty=ssh ruser= rhost=80.94.92.55 user=root
2026-09-13T11:57:18.496198+02:00 vmi3427693 sshd[617226]: Failed password for root from 80.94.92.55 port 54072 ssh2
2026-09-13T11:57:20.863220+02:00 vmi3427693 sshd[617226]: Connection closed by authenticating user root 80.94.92.55 port 54072 [preauth]
2026-09-13T11:57:47.018342+02:00 vmi3427693 sshd[617263]: pam_unix(sshd:auth): authentication failure; logname= uid=0 euid=0 tty=ssh ruser= rhost=163.7.13.17 user=root
2026-09-13T11:57:49.029594+02:00 vmi3427693 sshd[617263]: Failed password for root from 163.7.13.17 port 58536 ssh2
2026-09-13T11:57:49.365725+02:00 vmi3427693 sshd[617263]: Received disconnect from 163.7.13.17 port 58536:11: Bye Bye [preauth]
2026-09-13T11:57:49.365916+02:00 vmi3427693 sshd[617263]: Disconnected from authenticating user root 163.7.13.17 port 58536 [preauth]
2026-09-13T11:58:01.812085+02:00 vmi3427693 CRON[617284]: pam_unix(cron:session): session opened for user root(uid=0) by root(uid=0)
2026-09-13T11:58:02.054420+02:00 vmi3427693 CRON[617284]: pam_unix(cron:session): session closed for user root
2026-09-13T11:58:03.510748+02:00 vmi3427693 sshd[617289]: Invalid user pirat from 193.24.211.218 port 5913
2026-09-13T11:58:03.531552+02:00 vmi3427693 sshd[617289]: pam_unix(sshd:auth): check pass; user unknown
2026-09-13T11:58:03.531759+02:00 vmi3427693 sshd[617289]: pam_unix(sshd:auth): authentication failure; logname= uid=0 euid=0 tty=ssh ruser= rhost=193.24.211.218
2026-09-13T11:58:05.221285+02:00 vmi3427693 sshd[617289]: Failed password for invalid user pirat from 193.24.211.218 port 5913 ssh2
2026-09-13T11:58:05.840343+02:00 vmi3427693 sshd[617289]: Received disconnect from 193.24.211.218 port 5913:11: Client disconnecting normally [preauth]
2026-09-13T11:58:05.840588+02:00 vmi3427693 sshd[617289]: Disconnected from invalid user pirat 193.24.211.218 port 5913 [preauth]
2026-09-13T11:58:14.923677+02:00 vmi3427693 sshd[617303]: Invalid user User from 103.157.149.14 port 37228
2026-09-13T11:58:14.927840+02:00 vmi3427693 sshd[617303]: pam_unix(sshd:auth): check pass; user unknown
2026-09-13T11:58:14.928506+02:00 vmi3427693 sshd[617303]: pam_unix(sshd:auth): authentication failure; logname= uid=0 euid=0 tty=ssh ruser= rhost=103.157.149.14
2026-09-13T11:58:16.784102+02:00 vmi3427693 sshd[617303]: Failed password for invalid user User from 103.157.149.14 port 37228 ssh2
2026-09-13T11:58:17.002761+02:00 vmi3427693 sshd[617303]: Received disconnect from 103.157.149.14 port 37228:11: Bye Bye [preauth]
2026-09-13T11:58:17.003014+02:00 vmi3427693 sshd[617303]: Disconnected from invalid user User 103.157.149.14 port 37228 [preauth]
2026-09-13T11:58:25.478991+02:00 vmi3427693 sshd[617314]: Invalid user mike from 46.8.31.84 port 39110
2026-09-13T11:58:25.487374+02:00 vmi3427693 sshd[617314]: pam_unix(sshd:auth): check pass; user unknown
2026-09-13T11:58:25.488353+02:00 vmi3427693 sshd[617314]: pam_unix(sshd:auth): authentication failure; logname= uid=0 euid=0 tty=ssh ruser= rhost=46.8.31.84
2026-09-13T11:58:27.855458+02:00 vmi3427693 sshd[617314]: Failed password for invalid user mike from 46.8.31.84 port 39110 ssh2
2026-09-13T11:58:28.839852+02:00 vmi3427693 sshd[617314]: Connection closed by invalid user mike 46.8.31.84 port 39110 [preauth]
2026-09-13T11:58:58.858700+02:00 vmi3427693 sshd[617379]: Invalid user ubuntu from 163.7.13.17 port 38606
2026-09-13T11:58:58.864317+02:00 vmi3427693 sshd[617379]: pam_unix(sshd:auth): check pass; user unknown
2026-09-13T11:58:58.864568+02:00 vmi3427693 sshd[617379]: pam_unix(sshd:auth): authentication failure; logname= uid=0 euid=0 tty=ssh ruser= rhost=163.7.13.17
2026-09-13T11:59:00.761162+02:00 vmi3427693 sshd[617379]: Failed password for invalid user ubuntu from 163.7.13.17 port 38606 ssh2
2026-09-13T11:59:00.961314+02:00 vmi3427693 sshd[617379]: Received disconnect from 163.7.13.17 port 38606:11: Bye Bye [preauth]
2026-09-13T11:59:00.961696+02:00 vmi3427693 sshd[617379]: Disconnected from invalid user ubuntu 163.7.13.17 port 38606 [preauth]
2026-09-13T11:59:01.074461+02:00 vmi3427693 CRON[617384]: pam_unix(cron:session): session opened for user root(uid=0) by root(uid=0)
2026-09-13T11:59:01.168274+02:00 vmi3427693 CRON[617384]: pam_unix(cron:session): session closed for user root
2026-09-13T11:59:21.392579+02:00 vmi3427693 sshd[617409]: Invalid user Test01 from 103.157.149.14 port 46654
2026-09-13T11:59:21.398242+02:00 vmi3427693 sshd[617409]: pam_unix(sshd:auth): check pass; user unknown
2026-09-13T11:59:21.398565+02:00 vmi3427693 sshd[617409]: pam_unix(sshd:auth): authentication failure; logname= uid=0 euid=0 tty=ssh ruser= rhost=103.157.149.14
2026-09-13T11:59:23.119894+02:00 vmi3427693 sshd[617409]: Failed password for invalid user Test01 from 103.157.149.14 port 46654 ssh2
2026-09-13T11:59:24.274020+02:00 vmi3427693 sshd[617409]: Received disconnect from 103.157.149.14 port 46654:11: Bye Bye [preauth]
2026-09-13T11:59:24.274407+02:00 vmi3427693 sshd[617409]: Disconnected from invalid user Test01 103.157.149.14 port 46654 [preauth]
2026-09-13T11:59:32.063888+02:00 vmi3427693 sshd[617421]: pam_unix(sshd:auth): authentication failure; logname= uid=0 euid=0 tty=ssh ruser= rhost=80.94.92.55 user=root
2026-09-13T11:59:34.491613+02:00 vmi3427693 sshd[617421]: Failed password for root from 80.94.92.55 port 57230 ssh2
2026-09-13T11:59:35.535188+02:00 vmi3427693 sshd[617428]: Connection closed by 178.128.238.243 port 50914
2026-09-13T11:59:36.605594+02:00 vmi3427693 sshd[617421]: Connection closed by authenticating user root 80.94.92.55 port 57230 [preauth]
2026-09-13T11:59:37.136020+02:00 vmi3427693 sshd[617430]: Invalid user joyhan from 178.128.238.243 port 50930
2026-09-13T11:59:37.251076+02:00 vmi3427693 sshd[617430]: pam_unix(sshd:auth): check pass; user unknown
2026-09-13T11:59:37.251332+02:00 vmi3427693 sshd[617430]: pam_unix(sshd:auth): authentication failure; logname= uid=0 euid=0 tty=ssh ruser= rhost=178.128.238.243
2026-09-13T11:59:39.172075+02:00 vmi3427693 sshd[617430]: Failed password for invalid user joyhan from 178.128.238.243 port 50930 ssh2
2026-09-13T11:59:40.105218+02:00 vmi3427693 sshd[617430]: Connection closed by invalid user joyhan 178.128.238.243 port 50930 [preauth]
2026-09-13T12:00:01.282662+02:00 vmi3427693 CRON[617482]: pam_unix(cron:session): session opened for user root(uid=0) by root(uid=0)
2026-09-13T12:00:01.283336+02:00 vmi3427693 CRON[617481]: pam_unix(cron:session): session opened for user root(uid=0) by root(uid=0)
2026-09-13T12:00:01.283750+02:00 vmi3427693 CRON[617480]: pam_unix(cron:session): session opened for user root(uid=0) by root(uid=0)
2026-09-13T12:00:01.346241+02:00 vmi3427693 CRON[617482]: pam_unix(cron:session): session closed for user root
2026-09-13T12:00:01.454745+02:00 vmi3427693 CRON[617479]: pam_unix(cron:session): session opened for user root(uid=0) by root(uid=0)
2026-09-13T12:00:01.829453+02:00 vmi3427693 CRON[617479]: pam_unix(cron:session): session closed for user root
2026-09-13T12:00:04.383281+02:00 vmi3427693 sshd[617506]: Invalid user prueba from 46.8.31.84 port 52596
2026-09-13T12:00:04.437366+02:00 vmi3427693 sshd[617506]: pam_unix(sshd:auth): check pass; user unknown
2026-09-13T12:00:04.437864+02:00 vmi3427693 sshd[617506]: pam_unix(sshd:auth): authentication failure; logname= uid=0 euid=0 tty=ssh ruser= rhost=46.8.31.84
2026-09-13T12:00:06.750117+02:00 vmi3427693 sshd[617506]: Failed password for invalid user prueba from 46.8.31.84 port 52596 ssh2
2026-09-13T12:00:07.176647+02:00 vmi3427693 sshd[617506]: Connection closed by invalid user prueba 46.8.31.84 port 52596 [preauth]
2026-09-13T12:00:07.193142+02:00 vmi3427693 CRON[617481]: pam_unix(cron:session): session closed for user root
2026-09-13T12:00:08.437900+02:00 vmi3427693 CRON[617480]: pam_unix(cron:session): session closed for user root
2026-09-13T12:00:12.631151+02:00 vmi3427693 sshd[617639]: pam_unix(sshd:auth): authentication failure; logname= uid=0 euid=0 tty=ssh ruser= rhost=163.7.13.17 user=root
2026-09-13T12:00:15.025966+02:00 vmi3427693 sshd[617639]: Failed password for root from 163.7.13.17 port 58182 ssh2
2026-09-13T12:00:17.261816+02:00 vmi3427693 sshd[617639]: Received disconnect from 163.7.13.17 port 58182:11: Bye Bye [preauth]
2026-09-13T12:00:17.262099+02:00 vmi3427693 sshd[617639]: Disconnected from authenticating user root 163.7.13.17 port 58182 [preauth]
2026-09-13T12:00:29.930906+02:00 vmi3427693 sshd[617663]: pam_unix(sshd:auth): authentication failure; logname= uid=0 euid=0 tty=ssh ruser= rhost=103.157.149.14 user=root
2026-09-13T12:00:31.988941+02:00 vmi3427693 sshd[617663]: Failed password for root from 103.157.149.14 port 56658 ssh2
2026-09-13T12:00:32.288497+02:00 vmi3427693 sshd[617663]: Received disconnect from 103.157.149.14 port 56658:11: Bye Bye [preauth]
2026-09-13T12:00:32.288872+02:00 vmi3427693 sshd[617663]: Disconnected from authenticating user root 103.157.149.14 port 56658 [preauth]
2026-09-13T12:01:01.448907+02:00 vmi3427693 CRON[617704]: pam_unix(cron:session): session opened for user root(uid=0) by root(uid=0)
2026-09-13T12:01:01.522148+02:00 vmi3427693 CRON[617704]: pam_unix(cron:session): session closed for user root
2026-09-13T12:01:26.393621+02:00 vmi3427693 sshd[617710]: Invalid user bitwarden from 163.7.13.17 port 36754
2026-09-13T12:01:26.402363+02:00 vmi3427693 sshd[617710]: pam_unix(sshd:auth): check pass; user unknown
2026-09-13T12:01:26.403022+02:00 vmi3427693 sshd[617710]: pam_unix(sshd:auth): authentication failure; logname= uid=0 euid=0 tty=ssh ruser= rhost=163.7.13.17
2026-09-13T12:01:28.283917+02:00 vmi3427693 sshd[617710]: Failed password for invalid user bitwarden from 163.7.13.17 port 36754 ssh2
2026-09-13T12:01:28.882699+02:00 vmi3427693 sshd[617710]: Received disconnect from 163.7.13.17 port 36754:11: Bye Bye [preauth]
2026-09-13T12:01:28.883504+02:00 vmi3427693 sshd[617710]: Disconnected from invalid user bitwarden 163.7.13.17 port 36754 [preauth]
2026-09-13T12:01:39.860952+02:00 vmi3427693 sshd[617713]: Invalid user deploy from 103.157.149.14 port 40136
2026-09-13T12:01:39.866338+02:00 vmi3427693 sshd[617713]: pam_unix(sshd:auth): check pass; user unknown
