2026-09-13T13:26:51.696280+02:00 vmi3427693 sshd[633368]: Connection closed by authenticating user root 159.223.173.125 port 49576 [preauth]
2026-09-13T13:26:51.856174+02:00 vmi3427693 sshd[633382]: Invalid user vital from 45.182.206.203 port 41640
2026-09-13T13:26:51.871909+02:00 vmi3427693 sshd[633382]: pam_unix(sshd:auth): check pass; user unknown
2026-09-13T13:26:51.872805+02:00 vmi3427693 sshd[633382]: pam_unix(sshd:auth): authentication failure; logname= uid=0 euid=0 tty=ssh ruser= rhost=45.182.206.203
2026-09-13T13:26:52.576421+02:00 vmi3427693 sshd[633391]: Invalid user minecraft from 109.160.32.46 port 34086
2026-09-13T13:26:52.592613+02:00 vmi3427693 sshd[633391]: pam_unix(sshd:auth): check pass; user unknown
2026-09-13T13:26:52.592885+02:00 vmi3427693 sshd[633391]: pam_unix(sshd:auth): authentication failure; logname= uid=0 euid=0 tty=ssh ruser= rhost=109.160.32.46
2026-09-13T13:26:52.687941+02:00 vmi3427693 sshd[633387]: pam_unix(sshd:auth): authentication failure; logname= uid=0 euid=0 tty=ssh ruser= rhost=159.223.173.125 user=root
2026-09-13T13:26:53.326422+02:00 vmi3427693 sshd[633382]: Failed password for invalid user vital from 45.182.206.203 port 41640 ssh2
2026-09-13T13:26:53.724173+02:00 vmi3427693 sshd[633382]: Received disconnect from 45.182.206.203 port 41640:11: Bye Bye [preauth]
2026-09-13T13:26:53.724908+02:00 vmi3427693 sshd[633382]: Disconnected from invalid user vital 45.182.206.203 port 41640 [preauth]
2026-09-13T13:26:54.518514+02:00 vmi3427693 sshd[633391]: Failed password for invalid user minecraft from 109.160.32.46 port 34086 ssh2
2026-09-13T13:26:54.613444+02:00 vmi3427693 sshd[633387]: Failed password for root from 159.223.173.125 port 49586 ssh2
2026-09-13T13:26:55.053586+02:00 vmi3427693 sshd[633387]: Connection closed by authenticating user root 159.223.173.125 port 49586 [preauth]
2026-09-13T13:26:55.932272+02:00 vmi3427693 sshd[633397]: pam_unix(sshd:auth): authentication failure; logname= uid=0 euid=0 tty=ssh ruser= rhost=159.223.173.125 user=root
2026-09-13T13:26:56.170223+02:00 vmi3427693 sshd[633391]: Connection closed by invalid user minecraft 109.160.32.46 port 34086 [preauth]
2026-09-13T13:26:57.287204+02:00 vmi3427693 sshd[633405]: pam_unix(sshd:auth): authentication failure; logname= uid=0 euid=0 tty=ssh ruser= rhost=109.160.32.46 user=root
2026-09-13T13:26:57.601980+02:00 vmi3427693 sshd[633397]: Failed password for root from 159.223.173.125 port 47118 ssh2
2026-09-13T13:26:58.174674+02:00 vmi3427693 sshd[633397]: Connection closed by authenticating user root 159.223.173.125 port 47118 [preauth]
2026-09-13T13:26:58.663442+02:00 vmi3427693 sshd[633400]: Invalid user steam from 58.152.42.212 port 35422
2026-09-13T13:26:58.668866+02:00 vmi3427693 sshd[633400]: pam_unix(sshd:auth): check pass; user unknown
2026-09-13T13:26:58.669155+02:00 vmi3427693 sshd[633400]: pam_unix(sshd:auth): authentication failure; logname= uid=0 euid=0 tty=ssh ruser= rhost=58.152.42.212
2026-09-13T13:26:58.997310+02:00 vmi3427693 sshd[633410]: pam_unix(sshd:auth): authentication failure; logname= uid=0 euid=0 tty=ssh ruser= rhost=159.223.173.125 user=root
2026-09-13T13:26:59.564166+02:00 vmi3427693 sshd[633405]: Failed password for root from 109.160.32.46 port 54310 ssh2
2026-09-13T13:27:00.420226+02:00 vmi3427693 sshd[633400]: Failed password for invalid user steam from 58.152.42.212 port 35422 ssh2
2026-09-13T13:27:00.748673+02:00 vmi3427693 sshd[633410]: Failed password for root from 159.223.173.125 port 47130 ssh2
2026-09-13T13:27:01.339893+02:00 vmi3427693 sshd[633400]: Received disconnect from 58.152.42.212 port 35422:11: Bye Bye [preauth]
2026-09-13T13:27:01.340153+02:00 vmi3427693 sshd[633400]: Disconnected from invalid user steam 58.152.42.212 port 35422 [preauth]
2026-09-13T13:27:01.390920+02:00 vmi3427693 sshd[633410]: Connection closed by authenticating user root 159.223.173.125 port 47130 [preauth]
2026-09-13T13:27:01.754553+02:00 vmi3427693 CRON[633420]: pam_unix(cron:session): session opened for user root(uid=0) by root(uid=0)
2026-09-13T13:27:01.788689+02:00 vmi3427693 sshd[633405]: Connection closed by authenticating user root 109.160.32.46 port 54310 [preauth]
2026-09-13T13:27:01.819866+02:00 vmi3427693 CRON[633420]: pam_unix(cron:session): session closed for user root
2026-09-13T13:27:02.271411+02:00 vmi3427693 sshd[633417]: pam_unix(sshd:auth): authentication failure; logname= uid=0 euid=0 tty=ssh ruser= rhost=159.223.173.125 user=root
2026-09-13T13:27:02.363152+02:00 vmi3427693 sshd[633423]: pam_unix(sshd:auth): authentication failure; logname= uid=0 euid=0 tty=ssh ruser= rhost=109.160.32.46 user=root
2026-09-13T13:27:04.570634+02:00 vmi3427693 sshd[633417]: Failed password for root from 159.223.173.125 port 47138 ssh2
2026-09-13T13:27:04.660227+02:00 vmi3427693 sshd[633423]: Failed password for root from 109.160.32.46 port 54370 ssh2
2026-09-13T13:27:06.854143+02:00 vmi3427693 sshd[633417]: Connection closed by authenticating user root 159.223.173.125 port 47138 [preauth]
2026-09-13T13:27:06.870994+02:00 vmi3427693 sshd[633423]: Connection closed by authenticating user root 109.160.32.46 port 54370 [preauth]
2026-09-13T13:27:07.157285+02:00 vmi3427693 sshd[633437]: Invalid user esroot from 109.160.32.46 port 56800
2026-09-13T13:27:07.189864+02:00 vmi3427693 sshd[633437]: pam_unix(sshd:auth): check pass; user unknown
2026-09-13T13:27:07.190094+02:00 vmi3427693 sshd[633437]: pam_unix(sshd:auth): authentication failure; logname= uid=0 euid=0 tty=ssh ruser= rhost=109.160.32.46
2026-09-13T13:27:07.593027+02:00 vmi3427693 sshd[633435]: pam_unix(sshd:auth): authentication failure; logname= uid=0 euid=0 tty=ssh ruser= rhost=159.223.173.125 user=root
2026-09-13T13:27:08.838711+02:00 vmi3427693 sshd[633437]: Failed password for invalid user esroot from 109.160.32.46 port 56800 ssh2
2026-09-13T13:27:09.241129+02:00 vmi3427693 sshd[633435]: Failed password for root from 159.223.173.125 port 49932 ssh2
2026-09-13T13:27:09.889187+02:00 vmi3427693 sshd[633435]: Connection closed by authenticating user root 159.223.173.125 port 49932 [preauth]
2026-09-13T13:27:10.439233+02:00 vmi3427693 sshd[633437]: Connection closed by invalid user esroot 109.160.32.46 port 56800 [preauth]
2026-09-13T13:27:10.692500+02:00 vmi3427693 sshd[633444]: pam_unix(sshd:auth): authentication failure; logname= uid=0 euid=0 tty=ssh ruser= rhost=159.223.173.125 user=root
2026-09-13T13:27:12.286673+02:00 vmi3427693 sshd[633451]: Invalid user runner from 109.160.32.46 port 56840
2026-09-13T13:27:12.303447+02:00 vmi3427693 sshd[633451]: pam_unix(sshd:auth): check pass; user unknown
2026-09-13T13:27:12.304112+02:00 vmi3427693 sshd[633451]: pam_unix(sshd:auth): authentication failure; logname= uid=0 euid=0 tty=ssh ruser= rhost=109.160.32.46
2026-09-13T13:27:12.420175+02:00 vmi3427693 sshd[633444]: Failed password for root from 159.223.173.125 port 49946 ssh2
2026-09-13T13:27:13.075699+02:00 vmi3427693 sshd[633444]: Connection closed by authenticating user root 159.223.173.125 port 49946 [preauth]
2026-09-13T13:27:13.860901+02:00 vmi3427693 sshd[633454]: pam_unix(sshd:auth): authentication failure; logname= uid=0 euid=0 tty=ssh ruser= rhost=159.223.173.125 user=root
2026-09-13T13:27:13.973287+02:00 vmi3427693 sshd[633451]: Failed password for invalid user runner from 109.160.32.46 port 56840 ssh2
2026-09-13T13:27:14.199376+02:00 vmi3427693 sshd[633451]: Connection closed by invalid user runner 109.160.32.46 port 56840 [preauth]
2026-09-13T13:27:16.001615+02:00 vmi3427693 sshd[633454]: Failed password for root from 159.223.173.125 port 49130 ssh2
2026-09-13T13:27:16.183053+02:00 vmi3427693 sshd[633454]: Connection closed by authenticating user root 159.223.173.125 port 49130 [preauth]
2026-09-13T13:27:16.843401+02:00 vmi3427693 sshd[633461]: pam_unix(sshd:auth): authentication failure; logname= uid=0 euid=0 tty=ssh ruser= rhost=159.223.173.125 user=root
2026-09-13T13:27:17.144631+02:00 vmi3427693 sshd[633465]: Invalid user sdadmin from 109.160.32.46 port 41688
2026-09-13T13:27:17.165594+02:00 vmi3427693 sshd[633465]: pam_unix(sshd:auth): check pass; user unknown
2026-09-13T13:27:17.165798+02:00 vmi3427693 sshd[633465]: pam_unix(sshd:auth): authentication failure; logname= uid=0 euid=0 tty=ssh ruser= rhost=109.160.32.46
2026-09-13T13:27:18.729597+02:00 vmi3427693 sshd[633461]: Failed password for root from 159.223.173.125 port 49132 ssh2
2026-09-13T13:27:18.857833+02:00 vmi3427693 sshd[633465]: Failed password for invalid user sdadmin from 109.160.32.46 port 41688 ssh2
2026-09-13T13:27:18.994295+02:00 vmi3427693 sshd[633465]: Connection closed by invalid user sdadmin 109.160.32.46 port 41688 [preauth]
2026-09-13T13:27:19.190438+02:00 vmi3427693 sshd[633461]: Connection closed by authenticating user root 159.223.173.125 port 49132 [preauth]
2026-09-13T13:27:20.302161+02:00 vmi3427693 sshd[633471]: pam_unix(sshd:auth): authentication failure; logname= uid=0 euid=0 tty=ssh ruser= rhost=159.223.173.125 user=root
2026-09-13T13:27:21.935324+02:00 vmi3427693 sshd[633478]: Invalid user agent from 109.160.32.46 port 41750
2026-09-13T13:27:21.958952+02:00 vmi3427693 sshd[633478]: pam_unix(sshd:auth): check pass; user unknown
2026-09-13T13:27:21.959231+02:00 vmi3427693 sshd[633478]: pam_unix(sshd:auth): authentication failure; logname= uid=0 euid=0 tty=ssh ruser= rhost=109.160.32.46
2026-09-13T13:27:22.739785+02:00 vmi3427693 sshd[633471]: Failed password for root from 159.223.173.125 port 49138 ssh2
2026-09-13T13:27:22.925294+02:00 vmi3427693 sshd[633481]: pam_unix(sshd:auth): authentication failure; logname= uid=0 euid=0 tty=ssh ruser= rhost=20.127.185.37 user=root
2026-09-13T13:27:23.865268+02:00 vmi3427693 sshd[633478]: Failed password for invalid user agent from 109.160.32.46 port 41750 ssh2
2026-09-13T13:27:24.635159+02:00 vmi3427693 sshd[633481]: Failed password for root from 20.127.185.37 port 59838 ssh2
2026-09-13T13:27:24.963851+02:00 vmi3427693 sshd[633471]: Connection closed by authenticating user root 159.223.173.125 port 49138 [preauth]
2026-09-13T13:27:25.214091+02:00 vmi3427693 sshd[633481]: Received disconnect from 20.127.185.37 port 59838:11: Bye Bye [preauth]
2026-09-13T13:27:25.214352+02:00 vmi3427693 sshd[633481]: Disconnected from authenticating user root 20.127.185.37 port 59838 [preauth]
2026-09-13T13:27:25.318672+02:00 vmi3427693 sshd[633478]: Connection closed by invalid user agent 109.160.32.46 port 41750 [preauth]
2026-09-13T13:27:25.841028+02:00 vmi3427693 sshd[633495]: pam_unix(sshd:auth): authentication failure; logname= uid=0 euid=0 tty=ssh ruser= rhost=159.223.173.125 user=root
2026-09-13T13:27:26.817557+02:00 vmi3427693 sshd[633505]: Invalid user agent from 109.160.32.46 port 58302
2026-09-13T13:27:26.836406+02:00 vmi3427693 sshd[633505]: pam_unix(sshd:auth): check pass; user unknown
2026-09-13T13:27:26.836795+02:00 vmi3427693 sshd[633505]: pam_unix(sshd:auth): authentication failure; logname= uid=0 euid=0 tty=ssh ruser= rhost=109.160.32.46
2026-09-13T13:27:27.961861+02:00 vmi3427693 sshd[633495]: Failed password for root from 159.223.173.125 port 44884 ssh2
2026-09-13T13:27:28.169028+02:00 vmi3427693 sshd[633495]: Connection closed by authenticating user root 159.223.173.125 port 44884 [preauth]
2026-09-13T13:27:28.762308+02:00 vmi3427693 sshd[633505]: Failed password for invalid user agent from 109.160.32.46 port 58302 ssh2
2026-09-13T13:27:28.973467+02:00 vmi3427693 sshd[633516]: pam_unix(sshd:auth): authentication failure; logname= uid=0 euid=0 tty=ssh ruser= rhost=159.223.173.125 user=root
2026-09-13T13:27:30.393475+02:00 vmi3427693 sshd[633505]: Connection closed by invalid user agent 109.160.32.46 port 58302 [preauth]
2026-09-13T13:27:30.838748+02:00 vmi3427693 sshd[633516]: Failed password for root from 159.223.173.125 port 44888 ssh2
2026-09-13T13:27:31.394491+02:00 vmi3427693 sshd[633516]: Connection closed by authenticating user root 159.223.173.125 port 44888 [preauth]
2026-09-13T13:27:32.004748+02:00 vmi3427693 sshd[633549]: pam_unix(sshd:auth): authentication failure; logname= uid=0 euid=0 tty=ssh ruser= rhost=109.160.32.46 user=root
2026-09-13T13:27:32.764165+02:00 vmi3427693 sshd[633546]: pam_unix(sshd:auth): authentication failure; logname= uid=0 euid=0 tty=ssh ruser= rhost=159.223.173.125 user=root
2026-09-13T13:27:33.950262+02:00 vmi3427693 sshd[633549]: Failed password for root from 109.160.32.46 port 58348 ssh2
2026-09-13T13:27:34.225966+02:00 vmi3427693 sshd[633549]: Connection closed by authenticating user root 109.160.32.46 port 58348 [preauth]
2026-09-13T13:27:35.181288+02:00 vmi3427693 sshd[633546]: Failed password for root from 159.223.173.125 port 44894 ssh2
2026-09-13T13:27:37.006340+02:00 vmi3427693 sshd[633602]: Invalid user rancher from 109.160.32.46 port 34000
2026-09-13T13:27:37.025227+02:00 vmi3427693 sshd[633602]: pam_unix(sshd:auth): check pass; user unknown
2026-09-13T13:27:37.025431+02:00 vmi3427693 sshd[633602]: pam_unix(sshd:auth): authentication failure; logname= uid=0 euid=0 tty=ssh ruser= rhost=109.160.32.46
2026-09-13T13:27:37.587594+02:00 vmi3427693 sshd[633546]: Connection closed by authenticating user root 159.223.173.125 port 44894 [preauth]
2026-09-13T13:27:38.684266+02:00 vmi3427693 sshd[633612]: pam_unix(sshd:auth): authentication failure; logname= uid=0 euid=0 tty=ssh ruser= rhost=159.223.173.125 user=root
2026-09-13T13:27:38.968848+02:00 vmi3427693 sshd[633621]: Invalid user deployer from 46.8.31.84 port 47698
2026-09-13T13:27:38.973223+02:00 vmi3427693 sshd[633621]: pam_unix(sshd:auth): check pass; user unknown
2026-09-13T13:27:38.973481+02:00 vmi3427693 sshd[633621]: pam_unix(sshd:auth): authentication failure; logname= uid=0 euid=0 tty=ssh ruser= rhost=46.8.31.84
2026-09-13T13:27:39.125987+02:00 vmi3427693 sshd[633602]: Failed password for invalid user rancher from 109.160.32.46 port 34000 ssh2
2026-09-13T13:27:40.154616+02:00 vmi3427693 sshd[633602]: Connection closed by invalid user rancher 109.160.32.46 port 34000 [preauth]
2026-09-13T13:27:40.590579+02:00 vmi3427693 sshd[633612]: Failed password for root from 159.223.173.125 port 45838 ssh2
2026-09-13T13:27:40.878557+02:00 vmi3427693 sshd[633621]: Failed password for invalid user deployer from 46.8.31.84 port 47698 ssh2
2026-09-13T13:27:41.126297+02:00 vmi3427693 sshd[633612]: Connection closed by authenticating user root 159.223.173.125 port 45838 [preauth]
2026-09-13T13:27:41.944315+02:00 vmi3427693 sshd[633635]: Invalid user ftpuser from 109.160.32.46 port 34036
2026-09-13T13:27:41.977141+02:00 vmi3427693 sshd[633635]: pam_unix(sshd:auth): check pass; user unknown
2026-09-13T13:27:41.977355+02:00 vmi3427693 sshd[633635]: pam_unix(sshd:auth): authentication failure; logname= uid=0 euid=0 tty=ssh ruser= rhost=109.160.32.46
2026-09-13T13:27:42.406380+02:00 vmi3427693 sshd[633632]: pam_unix(sshd:auth): authentication failure; logname= uid=0 euid=0 tty=ssh ruser= rhost=159.223.173.125 user=root
2026-09-13T13:27:42.689460+02:00 vmi3427693 sshd[633621]: Connection closed by invalid user deployer 46.8.31.84 port 47698 [preauth]
2026-09-13T13:27:43.627510+02:00 vmi3427693 sshd[633635]: Failed password for invalid user ftpuser from 109.160.32.46 port 34036 ssh2
2026-09-13T13:27:44.196145+02:00 vmi3427693 sshd[633632]: Failed password for root from 159.223.173.125 port 45854 ssh2
2026-09-13T13:27:44.751055+02:00 vmi3427693 sshd[633632]: Connection closed by authenticating user root 159.223.173.125 port 45854 [preauth]
2026-09-13T13:27:45.208200+02:00 vmi3427693 sshd[633635]: Connection closed by invalid user ftpuser 109.160.32.46 port 34036 [preauth]
2026-09-13T13:27:45.569480+02:00 vmi3427693 sshd[633643]: pam_unix(sshd:auth): authentication failure; logname= uid=0 euid=0 tty=ssh ruser= rhost=159.223.173.125 user=root
2026-09-13T13:27:47.070238+02:00 vmi3427693 sshd[633649]: Invalid user ftpuser from 109.160.32.46 port 58152
2026-09-13T13:27:47.104955+02:00 vmi3427693 sshd[633643]: Failed password for root from 159.223.173.125 port 48972 ssh2
2026-09-13T13:27:47.113312+02:00 vmi3427693 sshd[633649]: pam_unix(sshd:auth): check pass; user unknown
2026-09-13T13:27:47.114246+02:00 vmi3427693 sshd[633649]: pam_unix(sshd:auth): authentication failure; logname= uid=0 euid=0 tty=ssh ruser= rhost=109.160.32.46
2026-09-13T13:27:47.964410+02:00 vmi3427693 sshd[633643]: Connection closed by authenticating user root 159.223.173.125 port 48972 [preauth]
2026-09-13T13:27:49.005631+02:00 vmi3427693 sshd[633654]: pam_unix(sshd:auth): authentication failure; logname= uid=0 euid=0 tty=ssh ruser= rhost=159.223.173.125 user=root
2026-09-13T13:27:49.255314+02:00 vmi3427693 sshd[633649]: Failed password for invalid user ftpuser from 109.160.32.46 port 58152 ssh2
2026-09-13T13:27:50.327637+02:00 vmi3427693 sshd[633649]: Connection closed by invalid user ftpuser 109.160.32.46 port 58152 [preauth]
2026-09-13T13:27:50.951664+02:00 vmi3427693 sshd[633654]: Failed password for root from 159.223.173.125 port 48974 ssh2
2026-09-13T13:27:51.316668+02:00 vmi3427693 sshd[633654]: Connection closed by authenticating user root 159.223.173.125 port 48974 [preauth]
2026-09-13T13:27:52.090246+02:00 vmi3427693 sshd[633663]: pam_unix(sshd:auth): authentication failure; logname= uid=0 euid=0 tty=ssh ruser= rhost=159.223.173.125 user=root
2026-09-13T13:27:52.110859+02:00 vmi3427693 sshd[633666]: pam_unix(sshd:auth): authentication failure; logname= uid=0 euid=0 tty=ssh ruser= rhost=109.160.32.46 user=root
2026-09-13T13:27:53.584187+02:00 vmi3427693 sshd[633663]: Failed password for root from 159.223.173.125 port 48978 ssh2
2026-09-13T13:27:53.604952+02:00 vmi3427693 sshd[633666]: Failed password for root from 109.160.32.46 port 58182 ssh2
2026-09-13T13:27:54.331607+02:00 vmi3427693 sshd[633666]: Connection closed by authenticating user root 109.160.32.46 port 58182 [preauth]
2026-09-13T13:27:54.454036+02:00 vmi3427693 sshd[633663]: Connection closed by authenticating user root 159.223.173.125 port 48978 [preauth]
2026-09-13T13:27:55.289328+02:00 vmi3427693 sshd[633674]: pam_unix(sshd:auth): authentication failure; logname= uid=0 euid=0 tty=ssh ruser= rhost=159.223.173.125 user=root
2026-09-13T13:27:55.620994+02:00 vmi3427693 sshd[633675]: Invalid user rain from 202.152.148.30 port 41424
2026-09-13T13:27:55.624254+02:00 vmi3427693 sshd[633675]: pam_unix(sshd:auth): check pass; user unknown
2026-09-13T13:27:55.624471+02:00 vmi3427693 sshd[633675]: pam_unix(sshd:auth): authentication failure; logname= uid=0 euid=0 tty=ssh ruser= rhost=202.152.148.30
2026-09-13T13:27:57.391548+02:00 vmi3427693 sshd[633682]: pam_unix(sshd:auth): authentication failure; logname= uid=0 euid=0 tty=ssh ruser= rhost=109.160.32.46 user=root
2026-09-13T13:27:57.531735+02:00 vmi3427693 sshd[633674]: Failed password for root from 159.223.173.125 port 58324 ssh2
2026-09-13T13:27:57.866283+02:00 vmi3427693 sshd[633675]: Failed password for invalid user rain from 202.152.148.30 port 41424 ssh2
2026-09-13T13:27:58.905408+02:00 vmi3427693 sshd[633682]: Failed password for root from 109.160.32.46 port 57302 ssh2
2026-09-13T13:27:59.158647+02:00 vmi3427693 sshd[633675]: Received disconnect from 202.152.148.30 port 41424:11: Bye Bye [preauth]
2026-09-13T13:27:59.158949+02:00 vmi3427693 sshd[633675]: Disconnected from invalid user rain 202.152.148.30 port 41424 [preauth]
2026-09-13T13:27:59.620691+02:00 vmi3427693 sshd[633682]: Connection closed by authenticating user root 109.160.32.46 port 57302 [preauth]
2026-09-13T13:27:59.943625+02:00 vmi3427693 sshd[633674]: Connection closed by authenticating user root 159.223.173.125 port 58324 [preauth]
2026-09-13T13:28:00.689902+02:00 vmi3427693 sshd[633688]: pam_unix(sshd:auth): authentication failure; logname= uid=0 euid=0 tty=ssh ruser= rhost=159.223.173.125 user=root
2026-09-13T13:28:01.831667+02:00 vmi3427693 CRON[633705]: pam_unix(cron:session): session opened for user root(uid=0) by root(uid=0)
2026-09-13T13:28:01.907254+02:00 vmi3427693 CRON[633705]: pam_unix(cron:session): session closed for user root
2026-09-13T13:28:02.304337+02:00 vmi3427693 sshd[633711]: pam_unix(sshd:auth): authentication failure; logname= uid=0 euid=0 tty=ssh ruser= rhost=109.160.32.46 user=root
2026-09-13T13:28:02.615050+02:00 vmi3427693 sshd[633688]: Failed password for root from 159.223.173.125 port 58326 ssh2
2026-09-13T13:28:03.049462+02:00 vmi3427693 sshd[633688]: Connection closed by authenticating user root 159.223.173.125 port 58326 [preauth]
2026-09-13T13:28:03.887421+02:00 vmi3427693 sshd[633721]: pam_unix(sshd:auth): authentication failure; logname= uid=0 euid=0 tty=ssh ruser= rhost=159.223.173.125 user=root
2026-09-13T13:28:04.506175+02:00 vmi3427693 sshd[633711]: Failed password for root from 109.160.32.46 port 57370 ssh2
2026-09-13T13:28:04.561227+02:00 vmi3427693 sshd[633711]: Connection closed by authenticating user root 109.160.32.46 port 57370 [preauth]
2026-09-13T13:28:05.557667+02:00 vmi3427693 sshd[633721]: Failed password for root from 159.223.173.125 port 52842 ssh2
2026-09-13T13:28:06.224051+02:00 vmi3427693 sshd[633721]: Connection closed by authenticating user root 159.223.173.125 port 52842 [preauth]
2026-09-13T13:28:06.894187+02:00 vmi3427693 sshd[633754]: pam_unix(sshd:auth): authentication failure; logname= uid=0 euid=0 tty=ssh ruser= rhost=159.223.173.125 user=root
2026-09-13T13:28:07.397677+02:00 vmi3427693 sshd[633763]: pam_unix(sshd:auth): authentication failure; logname= uid=0 euid=0 tty=ssh ruser= rhost=109.160.32.46 user=root
2026-09-13T13:28:08.643998+02:00 vmi3427693 sshd[633754]: Failed password for root from 159.223.173.125 port 52844 ssh2
2026-09-13T13:28:09.198113+02:00 vmi3427693 sshd[633754]: Connection closed by authenticating user root 159.223.173.125 port 52844 [preauth]
2026-09-13T13:28:09.620850+02:00 vmi3427693 sshd[633763]: Failed password for root from 109.160.32.46 port 38026 ssh2
2026-09-13T13:28:09.958901+02:00 vmi3427693 sshd[633782]: pam_unix(sshd:auth): authentication failure; logname= uid=0 euid=0 tty=ssh ruser= rhost=159.223.173.125 user=root
2026-09-13T13:28:10.189821+02:00 vmi3427693 sshd[633793]: Invalid user admin from 2.57.121.25 port 43180
2026-09-13T13:28:10.215493+02:00 vmi3427693 sshd[633793]: pam_unix(sshd:auth): check pass; user unknown
2026-09-13T13:28:10.216223+02:00 vmi3427693 sshd[633793]: pam_unix(sshd:auth): authentication failure; logname= uid=0 euid=0 tty=ssh ruser= rhost=2.57.121.25
2026-09-13T13:28:11.452991+02:00 vmi3427693 sshd[633782]: Failed password for root from 159.223.173.125 port 52850 ssh2
2026-09-13T13:28:11.904232+02:00 vmi3427693 sshd[633763]: Connection closed by authenticating user root 109.160.32.46 port 38026 [preauth]
2026-09-13T13:28:12.094971+02:00 vmi3427693 sshd[633812]: Invalid user student from 109.160.32.46 port 38072
2026-09-13T13:28:12.111981+02:00 vmi3427693 sshd[633812]: pam_unix(sshd:auth): check pass; user unknown
2026-09-13T13:28:12.112190+02:00 vmi3427693 sshd[633812]: pam_unix(sshd:auth): authentication failure; logname= uid=0 euid=0 tty=ssh ruser= rhost=109.160.32.46
2026-09-13T13:28:12.182036+02:00 vmi3427693 sshd[633793]: Failed password for invalid user admin from 2.57.121.25 port 43180 ssh2
2026-09-13T13:28:12.301083+02:00 vmi3427693 sshd[633782]: Connection closed by authenticating user root 159.223.173.125 port 52850 [preauth]
2026-09-13T13:28:12.745789+02:00 vmi3427693 sshd[633808]: Invalid user hugo from 58.152.42.212 port 39946
2026-09-13T13:28:12.751371+02:00 vmi3427693 sshd[633808]: pam_unix(sshd:auth): check pass; user unknown
2026-09-13T13:28:12.751914+02:00 vmi3427693 sshd[633808]: pam_unix(sshd:auth): authentication failure; logname= uid=0 euid=0 tty=ssh ruser= rhost=58.152.42.212
2026-09-13T13:28:12.930984+02:00 vmi3427693 sshd[633793]: pam_unix(sshd:auth): check pass; user unknown
2026-09-13T13:28:13.351444+02:00 vmi3427693 sshd[633818]: pam_unix(sshd:auth): authentication failure; logname= uid=0 euid=0 tty=ssh ruser= rhost=159.223.173.125 user=root
2026-09-13T13:28:14.018243+02:00 vmi3427693 sshd[633812]: Failed password for invalid user student from 109.160.32.46 port 38072 ssh2
2026-09-13T13:28:14.658444+02:00 vmi3427693 sshd[633808]: Failed password for invalid user hugo from 58.152.42.212 port 39946 ssh2
2026-09-13T13:28:14.836161+02:00 vmi3427693 sshd[633793]: Failed password for invalid user admin from 2.57.121.25 port 43180 ssh2
2026-09-13T13:28:15.062016+02:00 vmi3427693 sshd[633818]: Failed password for root from 159.223.173.125 port 44158 ssh2
2026-09-13T13:28:15.646247+02:00 vmi3427693 sshd[633793]: pam_unix(sshd:auth): check pass; user unknown
2026-09-13T13:28:15.647281+02:00 vmi3427693 sshd[633818]: Connection closed by authenticating user root 159.223.173.125 port 44158 [preauth]
2026-09-13T13:28:15.713894+02:00 vmi3427693 sshd[633812]: Connection closed by invalid user student 109.160.32.46 port 38072 [preauth]
2026-09-13T13:28:15.990065+02:00 vmi3427693 sshd[633808]: Received disconnect from 58.152.42.212 port 39946:11: Bye Bye [preauth]
2026-09-13T13:28:15.990324+02:00 vmi3427693 sshd[633808]: Disconnected from invalid user hugo 58.152.42.212 port 39946 [preauth]
2026-09-13T13:28:16.285972+02:00 vmi3427693 sshd[633853]: pam_unix(sshd:auth): authentication failure; logname= uid=0 euid=0 tty=ssh ruser= rhost=159.223.173.125 user=root
2026-09-13T13:28:17.112928+02:00 vmi3427693 sshd[633865]: Invalid user student from 109.160.32.46 port 49650
2026-09-13T13:28:17.132329+02:00 vmi3427693 sshd[633865]: pam_unix(sshd:auth): check pass; user unknown
2026-09-13T13:28:17.132608+02:00 vmi3427693 sshd[633865]: pam_unix(sshd:auth): authentication failure; logname= uid=0 euid=0 tty=ssh ruser= rhost=109.160.32.46
2026-09-13T13:28:17.632764+02:00 vmi3427693 sshd[633793]: Failed password for invalid user admin from 2.57.121.25 port 43180 ssh2
2026-09-13T13:28:18.077286+02:00 vmi3427693 sshd[633853]: Failed password for root from 159.223.173.125 port 44174 ssh2
2026-09-13T13:28:18.361570+02:00 vmi3427693 sshd[633793]: Connection closed by invalid user admin 2.57.121.25 port 43180 [preauth]
2026-09-13T13:28:18.362144+02:00 vmi3427693 sshd[633793]: PAM 2 more authentication failures; logname= uid=0 euid=0 tty=ssh ruser= rhost=2.57.121.25
2026-09-13T13:28:18.630056+02:00 vmi3427693 sshd[633853]: Connection closed by authenticating user root 159.223.173.125 port 44174 [preauth]
2026-09-13T13:28:19.327900+02:00 vmi3427693 sshd[633885]: pam_unix(sshd:auth): authentication failure; logname= uid=0 euid=0 tty=ssh ruser= rhost=159.223.173.125 user=root
2026-09-13T13:28:19.393511+02:00 vmi3427693 sshd[633865]: Failed password for invalid user student from 109.160.32.46 port 49650 ssh2
2026-09-13T13:28:20.745379+02:00 vmi3427693 sshd[633865]: Connection closed by invalid user student 109.160.32.46 port 49650 [preauth]
2026-09-13T13:28:21.527689+02:00 vmi3427693 sshd[633885]: Failed password for root from 159.223.173.125 port 44176 ssh2
2026-09-13T13:28:21.648972+02:00 vmi3427693 sshd[633885]: Connection closed by authenticating user root 159.223.173.125 port 44176 [preauth]
2026-09-13T13:28:21.863156+02:00 vmi3427693 sshd[633914]: Invalid user debian from 109.160.32.46 port 49688
2026-09-13T13:28:21.896056+02:00 vmi3427693 sshd[633914]: pam_unix(sshd:auth): check pass; user unknown
2026-09-13T13:28:21.896265+02:00 vmi3427693 sshd[633914]: pam_unix(sshd:auth): authentication failure; logname= uid=0 euid=0 tty=ssh ruser= rhost=109.160.32.46
2026-09-13T13:28:22.348707+02:00 vmi3427693 sshd[633913]: pam_unix(sshd:auth): authentication failure; logname= uid=0 euid=0 tty=ssh ruser= rhost=159.223.173.125 user=root
2026-09-13T13:28:23.707443+02:00 vmi3427693 sshd[633914]: Failed password for invalid user debian from 109.160.32.46 port 49688 ssh2
2026-09-13T13:28:24.294421+02:00 vmi3427693 sshd[633913]: Failed password for root from 159.223.173.125 port 44184 ssh2
2026-09-13T13:28:24.729964+02:00 vmi3427693 sshd[633913]: Connection closed by authenticating user root 159.223.173.125 port 44184 [preauth]
2026-09-13T13:28:25.493442+02:00 vmi3427693 sshd[633914]: Connection closed by invalid user debian 109.160.32.46 port 49688 [preauth]
2026-09-13T13:28:25.692701+02:00 vmi3427693 sshd[633944]: pam_unix(sshd:auth): authentication failure; logname= uid=0 euid=0 tty=ssh ruser= rhost=159.223.173.125 user=root
2026-09-13T13:28:27.089234+02:00 vmi3427693 sshd[633959]: Invalid user ubuntu from 109.160.32.46 port 41578
2026-09-13T13:28:27.109390+02:00 vmi3427693 sshd[633959]: pam_unix(sshd:auth): check pass; user unknown
2026-09-13T13:28:27.109649+02:00 vmi3427693 sshd[633959]: pam_unix(sshd:auth): authentication failure; logname= uid=0 euid=0 tty=ssh ruser= rhost=109.160.32.46
2026-09-13T13:28:27.382599+02:00 vmi3427693 sshd[633944]: Failed password for root from 159.223.173.125 port 37346 ssh2
2026-09-13T13:28:28.043637+02:00 vmi3427693 sshd[633944]: Connection closed by authenticating user root 159.223.173.125 port 37346 [preauth]
2026-09-13T13:28:28.745038+02:00 vmi3427693 sshd[633959]: Failed password for invalid user ubuntu from 109.160.32.46 port 41578 ssh2
2026-09-13T13:28:28.832311+02:00 vmi3427693 sshd[633975]: pam_unix(sshd:auth): authentication failure; logname= uid=0 euid=0 tty=ssh ruser= rhost=159.223.173.125 user=root
2026-09-13T13:28:29.149255+02:00 vmi3427693 sshd[633959]: Connection closed by invalid user ubuntu 109.160.32.46 port 41578 [preauth]
2026-09-13T13:28:30.602382+02:00 vmi3427693 sshd[633975]: Failed password for root from 159.223.173.125 port 37352 ssh2
2026-09-13T13:28:31.159488+02:00 vmi3427693 sshd[633975]: Connection closed by authenticating user root 159.223.173.125 port 37352 [preauth]
2026-09-13T13:28:31.882492+02:00 vmi3427693 sshd[634008]: pam_unix(sshd:auth): authentication failure; logname= uid=0 euid=0 tty=ssh ruser= rhost=159.223.173.125 user=root
2026-09-13T13:28:31.902986+02:00 vmi3427693 sshd[634015]: Invalid user ubuntu from 109.160.32.46 port 41602
2026-09-13T13:28:31.927707+02:00 vmi3427693 sshd[634015]: pam_unix(sshd:auth): check pass; user unknown
2026-09-13T13:28:31.927963+02:00 vmi3427693 sshd[634015]: pam_unix(sshd:auth): authentication failure; logname= uid=0 euid=0 tty=ssh ruser= rhost=109.160.32.46
2026-09-13T13:28:34.064348+02:00 vmi3427693 sshd[634008]: Failed password for root from 159.223.173.125 port 37368 ssh2
2026-09-13T13:28:34.109834+02:00 vmi3427693 sshd[634015]: Failed password for invalid user ubuntu from 109.160.32.46 port 41602 ssh2
2026-09-13T13:28:34.227414+02:00 vmi3427693 sshd[634008]: Connection closed by authenticating user root 159.223.173.125 port 37368 [preauth]
2026-09-13T13:28:35.446128+02:00 vmi3427693 sshd[634046]: pam_unix(sshd:auth): authentication failure; logname= uid=0 euid=0 tty=ssh ruser= rhost=159.223.173.125 user=root
2026-09-13T13:28:36.002886+02:00 vmi3427693 sshd[634015]: Connection closed by invalid user ubuntu 109.160.32.46 port 41602 [preauth]
2026-09-13T13:28:37.086158+02:00 vmi3427693 sshd[634073]: Invalid user arma3server from 109.160.32.46 port 48538
2026-09-13T13:28:37.120887+02:00 vmi3427693 sshd[634073]: pam_unix(sshd:auth): check pass; user unknown
2026-09-13T13:28:37.121071+02:00 vmi3427693 sshd[634073]: pam_unix(sshd:auth): authentication failure; logname= uid=0 euid=0 tty=ssh ruser= rhost=109.160.32.46
2026-09-13T13:28:37.175559+02:00 vmi3427693 sshd[634046]: Failed password for root from 159.223.173.125 port 47578 ssh2
2026-09-13T13:28:37.802226+02:00 vmi3427693 sshd[634046]: Connection closed by authenticating user root 159.223.173.125 port 47578 [preauth]
2026-09-13T13:28:38.838389+02:00 vmi3427693 sshd[634085]: pam_unix(sshd:auth): authentication failure; logname= uid=0 euid=0 tty=ssh ruser= rhost=159.223.173.125 user=root
2026-09-13T13:28:39.128823+02:00 vmi3427693 sshd[634073]: Failed password for invalid user arma3server from 109.160.32.46 port 48538 ssh2
2026-09-13T13:28:40.663854+02:00 vmi3427693 sshd[634073]: Connection closed by invalid user arma3server 109.160.32.46 port 48538 [preauth]
2026-09-13T13:28:41.316132+02:00 vmi3427693 sshd[634085]: Failed password for root from 159.223.173.125 port 47586 ssh2
2026-09-13T13:28:41.700993+02:00 vmi3427693 sshd[634096]: pam_unix(sshd:auth): authentication failure; logname= uid=0 euid=0 tty=ssh ruser= rhost=45.182.206.203 user=root
2026-09-13T13:28:42.063982+02:00 vmi3427693 sshd[634102]: Invalid user pi from 109.160.32.46 port 48570
2026-09-13T13:28:42.086064+02:00 vmi3427693 sshd[634102]: pam_unix(sshd:auth): check pass; user unknown
2026-09-13T13:28:42.086717+02:00 vmi3427693 sshd[634102]: pam_unix(sshd:auth): authentication failure; logname= uid=0 euid=0 tty=ssh ruser= rhost=109.160.32.46
2026-09-13T13:28:42.558877+02:00 vmi3427693 sshd[634100]: Invalid user debian from 80.94.92.55 port 44808
2026-09-13T13:28:42.733906+02:00 vmi3427693 sshd[634100]: pam_unix(sshd:auth): check pass; user unknown
2026-09-13T13:28:42.734143+02:00 vmi3427693 sshd[634100]: pam_unix(sshd:auth): authentication failure; logname= uid=0 euid=0 tty=ssh ruser= rhost=80.94.92.55
2026-09-13T13:28:43.804121+02:00 vmi3427693 sshd[634085]: Connection closed by authenticating user root 159.223.173.125 port 47586 [preauth]
2026-09-13T13:28:43.904193+02:00 vmi3427693 sshd[634107]: pam_unix(sshd:auth): authentication failure; logname= uid=0 euid=0 tty=ssh ruser= rhost=20.127.185.37 user=root
2026-09-13T13:28:43.922037+02:00 vmi3427693 sshd[634096]: Failed password for root from 45.182.206.203 port 51690 ssh2
2026-09-13T13:28:44.112753+02:00 vmi3427693 sshd[634102]: Failed password for invalid user pi from 109.160.32.46 port 48570 ssh2
2026-09-13T13:28:44.327269+02:00 vmi3427693 sshd[634102]: Connection closed by invalid user pi 109.160.32.46 port 48570 [preauth]
2026-09-13T13:28:44.760436+02:00 vmi3427693 sshd[634100]: Failed password for invalid user debian from 80.94.92.55 port 44808 ssh2
2026-09-13T13:28:45.155599+02:00 vmi3427693 sshd[634110]: pam_unix(sshd:auth): authentication failure; logname= uid=0 euid=0 tty=ssh ruser= rhost=159.223.173.125 user=root
2026-09-13T13:28:45.735040+02:00 vmi3427693 sshd[634107]: Failed password for root from 20.127.185.37 port 58272 ssh2
2026-09-13T13:28:46.202910+02:00 vmi3427693 sshd[634107]: Received disconnect from 20.127.185.37 port 58272:11: Bye Bye [preauth]
2026-09-13T13:28:46.203140+02:00 vmi3427693 sshd[634107]: Disconnected from authenticating user root 20.127.185.37 port 58272 [preauth]
2026-09-13T13:28:46.399462+02:00 vmi3427693 sshd[634096]: Received disconnect from 45.182.206.203 port 51690:11: Bye Bye [preauth]
2026-09-13T13:28:46.399639+02:00 vmi3427693 sshd[634096]: Disconnected from authenticating user root 45.182.206.203 port 51690 [preauth]
2026-09-13T13:28:46.605114+02:00 vmi3427693 sshd[634100]: Connection closed by invalid user debian 80.94.92.55 port 44808 [preauth]
2026-09-13T13:28:46.925640+02:00 vmi3427693 sshd[634110]: Failed password for root from 159.223.173.125 port 35082 ssh2
2026-09-13T13:28:47.357874+02:00 vmi3427693 sshd[634119]: Invalid user support from 109.160.32.46 port 57266
2026-09-13T13:28:47.387340+02:00 vmi3427693 sshd[634119]: pam_unix(sshd:auth): check pass; user unknown
2026-09-13T13:28:47.387613+02:00 vmi3427693 sshd[634119]: pam_unix(sshd:auth): authentication failure; logname= uid=0 euid=0 tty=ssh ruser= rhost=109.160.32.46
2026-09-13T13:28:47.529467+02:00 vmi3427693 sshd[634110]: Connection closed by authenticating user root 159.223.173.125 port 35082 [preauth]
2026-09-13T13:28:48.997365+02:00 vmi3427693 sshd[634122]: pam_unix(sshd:auth): authentication failure; logname= uid=0 euid=0 tty=ssh ruser= rhost=159.223.173.125 user=root
2026-09-13T13:28:49.101721+02:00 vmi3427693 sshd[634119]: Failed password for invalid user support from 109.160.32.46 port 57266 ssh2
2026-09-13T13:28:49.366509+02:00 vmi3427693 sshd[634119]: Connection closed by invalid user support 109.160.32.46 port 57266 [preauth]
2026-09-13T13:28:51.515590+02:00 vmi3427693 sshd[634122]: Failed password for root from 159.223.173.125 port 35090 ssh2
2026-09-13T13:28:52.593998+02:00 vmi3427693 sshd[634134]: Invalid user sftpuser from 109.160.32.46 port 57350
2026-09-13T13:28:52.609501+02:00 vmi3427693 sshd[634134]: pam_unix(sshd:auth): check pass; user unknown
2026-09-13T13:28:52.609823+02:00 vmi3427693 sshd[634134]: pam_unix(sshd:auth): authentication failure; logname= uid=0 euid=0 tty=ssh ruser= rhost=109.160.32.46
2026-09-13T13:28:53.651001+02:00 vmi3427693 sshd[634122]: Connection closed by authenticating user root 159.223.173.125 port 35090 [preauth]
2026-09-13T13:28:54.676026+02:00 vmi3427693 sshd[634134]: Failed password for invalid user sftpuser from 109.160.32.46 port 57350 ssh2
2026-09-13T13:28:54.792601+02:00 vmi3427693 sshd[634148]: pam_unix(sshd:auth): authentication failure; logname= uid=0 euid=0 tty=ssh ruser= rhost=159.223.173.125 user=root
2026-09-13T13:28:55.472358+02:00 vmi3427693 sshd[634134]: Connection closed by invalid user sftpuser 109.160.32.46 port 57350 [preauth]
2026-09-13T13:28:56.798663+02:00 vmi3427693 sshd[634148]: Failed password for root from 159.223.173.125 port 47522 ssh2
2026-09-13T13:28:57.127408+02:00 vmi3427693 sshd[634148]: Connection closed by authenticating user root 159.223.173.125 port 47522 [preauth]
2026-09-13T13:28:57.454450+02:00 vmi3427693 sshd[634182]: Invalid user sftpuser from 109.160.32.46 port 36392
2026-09-13T13:28:57.482029+02:00 vmi3427693 sshd[634182]: pam_unix(sshd:auth): check pass; user unknown
2026-09-13T13:28:57.482151+02:00 vmi3427693 sshd[634182]: pam_unix(sshd:auth): authentication failure; logname= uid=0 euid=0 tty=ssh ruser= rhost=109.160.32.46
2026-09-13T13:28:57.806469+02:00 vmi3427693 sshd[634180]: pam_unix(sshd:auth): authentication failure; logname= uid=0 euid=0 tty=ssh ruser= rhost=159.223.173.125 user=root
2026-09-13T13:28:59.232856+02:00 vmi3427693 sshd[634182]: Failed password for invalid user sftpuser from 109.160.32.46 port 36392 ssh2
2026-09-13T13:28:59.556597+02:00 vmi3427693 sshd[634180]: Failed password for root from 159.223.173.125 port 47524 ssh2
2026-09-13T13:29:00.275762+02:00 vmi3427693 sshd[634180]: Connection closed by authenticating user root 159.223.173.125 port 47524 [preauth]
2026-09-13T13:29:00.377631+02:00 vmi3427693 sshd[634182]: Connection closed by invalid user sftpuser 109.160.32.46 port 36392 [preauth]
2026-09-13T13:29:01.959566+02:00 vmi3427693 CRON[634231]: pam_unix(cron:session): session opened for user root(uid=0) by root(uid=0)
2026-09-13T13:29:02.099961+02:00 vmi3427693 CRON[634231]: pam_unix(cron:session): session closed for user root
2026-09-13T13:29:02.108883+02:00 vmi3427693 sshd[634211]: pam_unix(sshd:auth): authentication failure; logname= uid=0 euid=0 tty=ssh ruser= rhost=159.223.173.125 user=root
2026-09-13T13:29:02.483824+02:00 vmi3427693 sshd[634241]: Invalid user claude from 109.160.32.46 port 36452
2026-09-13T13:29:02.499408+02:00 vmi3427693 sshd[634241]: pam_unix(sshd:auth): check pass; user unknown
2026-09-13T13:29:02.499636+02:00 vmi3427693 sshd[634241]: pam_unix(sshd:auth): authentication failure; logname= uid=0 euid=0 tty=ssh ruser= rhost=109.160.32.46
2026-09-13T13:29:04.215259+02:00 vmi3427693 sshd[634211]: Failed password for root from 159.223.173.125 port 47534 ssh2
2026-09-13T13:29:04.507015+02:00 vmi3427693 sshd[634211]: Connection closed by authenticating user root 159.223.173.125 port 47534 [preauth]
2026-09-13T13:29:04.605633+02:00 vmi3427693 sshd[634241]: Failed password for invalid user claude from 109.160.32.46 port 36452 ssh2
2026-09-13T13:29:05.272754+02:00 vmi3427693 sshd[634267]: pam_unix(sshd:auth): authentication failure; logname= uid=0 euid=0 tty=ssh ruser= rhost=159.223.173.125 user=root
2026-09-13T13:29:06.687374+02:00 vmi3427693 sshd[634241]: Connection closed by invalid user claude 109.160.32.46 port 36452 [preauth]
2026-09-13T13:29:07.122683+02:00 vmi3427693 sshd[634267]: Failed password for root from 159.223.173.125 port 50962 ssh2
2026-09-13T13:29:07.300758+02:00 vmi3427693 sshd[634292]: Invalid user claude from 109.160.32.46 port 56934
2026-09-13T13:29:07.319380+02:00 vmi3427693 sshd[634292]: pam_unix(sshd:auth): check pass; user unknown
2026-09-13T13:29:07.319675+02:00 vmi3427693 sshd[634292]: pam_unix(sshd:auth): authentication failure; logname= uid=0 euid=0 tty=ssh ruser= rhost=109.160.32.46
2026-09-13T13:29:07.795502+02:00 vmi3427693 sshd[634267]: Connection closed by authenticating user root 159.223.173.125 port 50962 [preauth]
2026-09-13T13:29:09.113311+02:00 vmi3427693 sshd[634292]: Failed password for invalid user claude from 109.160.32.46 port 56934 ssh2
2026-09-13T13:29:09.158260+02:00 vmi3427693 sshd[634300]: pam_unix(sshd:auth): authentication failure; logname= uid=0 euid=0 tty=ssh ruser= rhost=159.223.173.125 user=root
2026-09-13T13:29:09.426903+02:00 vmi3427693 sshd[634292]: Connection closed by invalid user claude 109.160.32.46 port 56934 [preauth]
2026-09-13T13:29:10.888893+02:00 vmi3427693 sshd[634300]: Failed password for root from 159.223.173.125 port 50970 ssh2
2026-09-13T13:29:11.072994+02:00 vmi3427693 sshd[634325]: Invalid user cyrus from 202.152.148.30 port 57816
2026-09-13T13:29:11.079084+02:00 vmi3427693 sshd[634325]: pam_unix(sshd:auth): check pass; user unknown
2026-09-13T13:29:11.079496+02:00 vmi3427693 sshd[634325]: pam_unix(sshd:auth): authentication failure; logname= uid=0 euid=0 tty=ssh ruser= rhost=202.152.148.30
2026-09-13T13:29:11.493672+02:00 vmi3427693 sshd[634300]: Connection closed by authenticating user root 159.223.173.125 port 50970 [preauth]
2026-09-13T13:29:12.356069+02:00 vmi3427693 sshd[634341]: pam_unix(sshd:auth): authentication failure; logname= uid=0 euid=0 tty=ssh ruser= rhost=159.223.173.125 user=root
2026-09-13T13:29:12.830967+02:00 vmi3427693 sshd[634352]: Invalid user admin1234 from 109.160.32.46 port 57040
2026-09-13T13:29:12.846084+02:00 vmi3427693 sshd[634352]: pam_unix(sshd:auth): check pass; user unknown
2026-09-13T13:29:12.846328+02:00 vmi3427693 sshd[634352]: pam_unix(sshd:auth): authentication failure; logname= uid=0 euid=0 tty=ssh ruser= rhost=109.160.32.46
2026-09-13T13:29:13.422108+02:00 vmi3427693 sshd[634325]: Failed password for invalid user cyrus from 202.152.148.30 port 57816 ssh2
2026-09-13T13:29:14.833999+02:00 vmi3427693 sshd[634341]: Failed password for root from 159.223.173.125 port 50974 ssh2
2026-09-13T13:29:14.999329+02:00 vmi3427693 sshd[634325]: Received disconnect from 202.152.148.30 port 57816:11: Bye Bye [preauth]
2026-09-13T13:29:14.999597+02:00 vmi3427693 sshd[634325]: Disconnected from invalid user cyrus 202.152.148.30 port 57816 [preauth]
2026-09-13T13:29:15.324764+02:00 vmi3427693 sshd[634352]: Failed password for invalid user admin1234 from 109.160.32.46 port 57040 ssh2
2026-09-13T13:29:16.401146+02:00 vmi3427693 sshd[634352]: Connection closed by invalid user admin1234 109.160.32.46 port 57040 [preauth]
2026-09-13T13:29:16.999017+02:00 vmi3427693 sshd[634341]: Connection closed by authenticating user root 159.223.173.125 port 50974 [preauth]
2026-09-13T13:29:18.001824+02:00 vmi3427693 sshd[634372]: pam_unix(sshd:auth): authentication failure; logname= uid=0 euid=0 tty=ssh ruser= rhost=159.223.173.125 user=root
2026-09-13T13:29:18.040979+02:00 vmi3427693 sshd[634375]: pam_unix(sshd:auth): authentication failure; logname= uid=0 euid=0 tty=ssh ruser= rhost=109.160.32.46 user=root
2026-09-13T13:29:19.832820+02:00 vmi3427693 sshd[634372]: Failed password for root from 159.223.173.125 port 52924 ssh2
2026-09-13T13:29:19.871568+02:00 vmi3427693 sshd[634375]: Failed password for root from 109.160.32.46 port 59798 ssh2
2026-09-13T13:29:20.264261+02:00 vmi3427693 sshd[634375]: Connection closed by authenticating user root 109.160.32.46 port 59798 [preauth]
2026-09-13T13:29:20.423642+02:00 vmi3427693 sshd[634372]: Connection closed by authenticating user root 159.223.173.125 port 52924 [preauth]
2026-09-13T13:29:21.721109+02:00 vmi3427693 sshd[634390]: pam_unix(sshd:auth): authentication failure; logname= uid=0 euid=0 tty=ssh ruser= rhost=159.223.173.125 user=root
2026-09-13T13:29:22.849872+02:00 vmi3427693 sshd[634408]: Invalid user azureuser from 109.160.32.46 port 59814
2026-09-13T13:29:22.866549+02:00 vmi3427693 sshd[634408]: pam_unix(sshd:auth): check pass; user unknown
2026-09-13T13:29:22.866758+02:00 vmi3427693 sshd[634408]: pam_unix(sshd:auth): authentication failure; logname= uid=0 euid=0 tty=ssh ruser= rhost=109.160.32.46
2026-09-13T13:29:23.436071+02:00 vmi3427693 sshd[634390]: Failed password for root from 159.223.173.125 port 52932 ssh2
2026-09-13T13:29:24.244078+02:00 vmi3427693 sshd[634390]: Connection closed by authenticating user root 159.223.173.125 port 52932 [preauth]
2026-09-13T13:29:24.262612+02:00 vmi3427693 sshd[634414]: Invalid user hu from 58.152.42.212 port 57534
2026-09-13T13:29:24.270432+02:00 vmi3427693 sshd[634414]: pam_unix(sshd:auth): check pass; user unknown
2026-09-13T13:29:24.270672+02:00 vmi3427693 sshd[634414]: pam_unix(sshd:auth): authentication failure; logname= uid=0 euid=0 tty=ssh ruser= rhost=58.152.42.212
2026-09-13T13:29:24.717364+02:00 vmi3427693 sshd[634408]: Failed password for invalid user azureuser from 109.160.32.46 port 59814 ssh2
2026-09-13T13:29:25.082163+02:00 vmi3427693 sshd[634408]: Connection closed by invalid user azureuser 109.160.32.46 port 59814 [preauth]
2026-09-13T13:29:25.878652+02:00 vmi3427693 sshd[634426]: pam_unix(sshd:auth): authentication failure; logname= uid=0 euid=0 tty=ssh ruser= rhost=159.223.173.125 user=root
2026-09-13T13:29:26.397678+02:00 vmi3427693 sshd[634414]: Failed password for invalid user hu from 58.152.42.212 port 57534 ssh2
2026-09-13T13:29:27.720022+02:00 vmi3427693 sshd[634457]: Invalid user user4 from 109.160.32.46 port 47136
2026-09-13T13:29:27.742942+02:00 vmi3427693 sshd[634457]: pam_unix(sshd:auth): check pass; user unknown
2026-09-13T13:29:27.743214+02:00 vmi3427693 sshd[634457]: pam_unix(sshd:auth): authentication failure; logname= uid=0 euid=0 tty=ssh ruser= rhost=109.160.32.46
2026-09-13T13:29:28.140493+02:00 vmi3427693 sshd[634426]: Failed password for root from 159.223.173.125 port 38666 ssh2
2026-09-13T13:29:28.665865+02:00 vmi3427693 sshd[634414]: Received disconnect from 58.152.42.212 port 57534:11: Bye Bye [preauth]
2026-09-13T13:29:28.666123+02:00 vmi3427693 sshd[634414]: Disconnected from invalid user hu 58.152.42.212 port 57534 [preauth]
2026-09-13T13:29:28.808870+02:00 vmi3427693 sshd[634466]: Invalid user devops from 46.8.31.84 port 52184
2026-09-13T13:29:28.813030+02:00 vmi3427693 sshd[634466]: pam_unix(sshd:auth): check pass; user unknown
2026-09-13T13:29:28.813228+02:00 vmi3427693 sshd[634466]: pam_unix(sshd:auth): authentication failure; logname= uid=0 euid=0 tty=ssh ruser= rhost=46.8.31.84
2026-09-13T13:29:29.613815+02:00 vmi3427693 sshd[634457]: Failed password for invalid user user4 from 109.160.32.46 port 47136 ssh2
2026-09-13T13:29:30.525872+02:00 vmi3427693 sshd[634426]: Connection closed by authenticating user root 159.223.173.125 port 38666 [preauth]
2026-09-13T13:29:30.820363+02:00 vmi3427693 sshd[634466]: Failed password for invalid user devops from 46.8.31.84 port 52184 ssh2
2026-09-13T13:29:31.046445+02:00 vmi3427693 sshd[634457]: Connection closed by invalid user user4 109.160.32.46 port 47136 [preauth]
2026-09-13T13:29:31.314906+02:00 vmi3427693 sshd[634466]: Connection closed by invalid user devops 46.8.31.84 port 52184 [preauth]
2026-09-13T13:29:31.527754+02:00 vmi3427693 sshd[634490]: pam_unix(sshd:auth): authentication failure; logname= uid=0 euid=0 tty=ssh ruser= rhost=159.223.173.125 user=root
2026-09-13T13:29:32.655132+02:00 vmi3427693 sshd[634506]: Invalid user user4 from 109.160.32.46 port 47182
2026-09-13T13:29:32.670077+02:00 vmi3427693 sshd[634506]: pam_unix(sshd:auth): check pass; user unknown
2026-09-13T13:29:32.670459+02:00 vmi3427693 sshd[634506]: pam_unix(sshd:auth): authentication failure; logname= uid=0 euid=0 tty=ssh ruser= rhost=109.160.32.46
2026-09-13T13:29:33.278912+02:00 vmi3427693 sshd[634490]: Failed password for root from 159.223.173.125 port 38680 ssh2
2026-09-13T13:29:33.941655+02:00 vmi3427693 sshd[634490]: Connection closed by authenticating user root 159.223.173.125 port 38680 [preauth]
2026-09-13T13:29:35.109221+02:00 vmi3427693 sshd[634511]: pam_unix(sshd:auth): authentication failure; logname= uid=0 euid=0 tty=ssh ruser= rhost=159.223.173.125 user=root
2026-09-13T13:29:35.228128+02:00 vmi3427693 sshd[634506]: Failed password for invalid user user4 from 109.160.32.46 port 47182 ssh2
2026-09-13T13:29:35.968496+02:00 vmi3427693 sshd[634506]: Connection closed by invalid user user4 109.160.32.46 port 47182 [preauth]
2026-09-13T13:29:37.410676+02:00 vmi3427693 sshd[634511]: Failed password for root from 159.223.173.125 port 39608 ssh2
2026-09-13T13:29:37.492297+02:00 vmi3427693 sshd[634542]: Invalid user djangouser from 109.160.32.46 port 58184
2026-09-13T13:29:37.528291+02:00 vmi3427693 sshd[634542]: pam_unix(sshd:auth): check pass; user unknown
2026-09-13T13:29:37.528484+02:00 vmi3427693 sshd[634542]: pam_unix(sshd:auth): authentication failure; logname= uid=0 euid=0 tty=ssh ruser= rhost=109.160.32.46
2026-09-13T13:29:39.816284+02:00 vmi3427693 sshd[634511]: Connection closed by authenticating user root 159.223.173.125 port 39608 [preauth]
2026-09-13T13:29:40.106777+02:00 vmi3427693 sshd[634542]: Failed password for invalid user djangouser from 109.160.32.46 port 58184 ssh2
2026-09-13T13:29:40.563005+02:00 vmi3427693 sshd[634542]: Connection closed by invalid user djangouser 109.160.32.46 port 58184 [preauth]
2026-09-13T13:29:40.740614+02:00 vmi3427693 sshd[634569]: pam_unix(sshd:auth): authentication failure; logname= uid=0 euid=0 tty=ssh ruser= rhost=159.223.173.125 user=root
2026-09-13T13:29:42.395296+02:00 vmi3427693 sshd[634569]: Failed password for root from 159.223.173.125 port 39616 ssh2
2026-09-13T13:29:42.850038+02:00 vmi3427693 sshd[634595]: pam_unix(sshd:auth): authentication failure; logname= uid=0 euid=0 tty=ssh ruser= rhost=109.160.32.46 user=root
