2026-09-13T12:50:07.362770+02:00 vmi3427693 sshd[626299]: Connection closed by invalid user nutanix 109.160.32.46 port 47336 [preauth]
2026-09-13T12:50:08.513399+02:00 vmi3427693 sshd[626378]: pam_unix(sshd:auth): authentication failure; logname= uid=0 euid=0 tty=ssh ruser= rhost=109.160.32.46 user=root
2026-09-13T12:50:08.793772+02:00 vmi3427693 sshd[626374]: Invalid user guest from 58.152.42.212 port 37416
2026-09-13T12:50:08.799612+02:00 vmi3427693 sshd[626374]: pam_unix(sshd:auth): check pass; user unknown
2026-09-13T12:50:08.799897+02:00 vmi3427693 sshd[626374]: pam_unix(sshd:auth): authentication failure; logname= uid=0 euid=0 tty=ssh ruser= rhost=58.152.42.212
2026-09-13T12:50:10.866144+02:00 vmi3427693 sshd[626378]: Failed password for root from 109.160.32.46 port 52138 ssh2
2026-09-13T12:50:11.153283+02:00 vmi3427693 sshd[626374]: Failed password for invalid user guest from 58.152.42.212 port 37416 ssh2
2026-09-13T12:50:12.114050+02:00 vmi3427693 sshd[626387]: pam_unix(sshd:auth): authentication failure; logname= uid=0 euid=0 tty=ssh ruser= rhost=46.8.31.84 user=root
2026-09-13T12:50:13.020194+02:00 vmi3427693 sshd[626378]: Connection closed by authenticating user root 109.160.32.46 port 52138 [preauth]
2026-09-13T12:50:13.095726+02:00 vmi3427693 sshd[626374]: Received disconnect from 58.152.42.212 port 37416:11: Bye Bye [preauth]
2026-09-13T12:50:13.095968+02:00 vmi3427693 sshd[626374]: Disconnected from invalid user guest 58.152.42.212 port 37416 [preauth]
2026-09-13T12:50:13.404070+02:00 vmi3427693 sshd[626393]: pam_unix(sshd:auth): authentication failure; logname= uid=0 euid=0 tty=ssh ruser= rhost=109.160.32.46 user=root
2026-09-13T12:50:13.879430+02:00 vmi3427693 sshd[626387]: Failed password for root from 46.8.31.84 port 33508 ssh2
2026-09-13T12:50:14.399691+02:00 vmi3427693 sshd[626387]: Connection closed by authenticating user root 46.8.31.84 port 33508 [preauth]
2026-09-13T12:50:15.445663+02:00 vmi3427693 sshd[626393]: Failed password for root from 109.160.32.46 port 52210 ssh2
2026-09-13T12:50:15.633199+02:00 vmi3427693 sshd[626393]: Connection closed by authenticating user root 109.160.32.46 port 52210 [preauth]
2026-09-13T12:50:16.448908+02:00 vmi3427693 sshd[626123]: Connection closed by 119.167.206.194 port 43004 [preauth]
2026-09-13T12:50:18.373366+02:00 vmi3427693 sshd[626406]: Invalid user support from 109.160.32.46 port 55446
2026-09-13T12:50:18.391821+02:00 vmi3427693 sshd[626406]: pam_unix(sshd:auth): check pass; user unknown
2026-09-13T12:50:18.392071+02:00 vmi3427693 sshd[626406]: pam_unix(sshd:auth): authentication failure; logname= uid=0 euid=0 tty=ssh ruser= rhost=109.160.32.46
2026-09-13T12:50:20.117656+02:00 vmi3427693 sshd[626406]: Failed password for invalid user support from 109.160.32.46 port 55446 ssh2
2026-09-13T12:50:20.304426+02:00 vmi3427693 sshd[626406]: Connection closed by invalid user support 109.160.32.46 port 55446 [preauth]
2026-09-13T12:50:23.422752+02:00 vmi3427693 sshd[626419]: Invalid user user from 109.160.32.46 port 55484
2026-09-13T12:50:23.443349+02:00 vmi3427693 sshd[626419]: pam_unix(sshd:auth): check pass; user unknown
2026-09-13T12:50:23.444606+02:00 vmi3427693 sshd[626419]: pam_unix(sshd:auth): authentication failure; logname= uid=0 euid=0 tty=ssh ruser= rhost=109.160.32.46
2026-09-13T12:50:25.190860+02:00 vmi3427693 sshd[626419]: Failed password for invalid user user from 109.160.32.46 port 55484 ssh2
2026-09-13T12:50:25.359417+02:00 vmi3427693 sshd[626422]: pam_unix(sshd:auth): authentication failure; logname= uid=0 euid=0 tty=ssh ruser= rhost=119.167.206.194 user=root
2026-09-13T12:50:25.658139+02:00 vmi3427693 sshd[626419]: Connection closed by invalid user user 109.160.32.46 port 55484 [preauth]
2026-09-13T12:50:27.382572+02:00 vmi3427693 sshd[626422]: Failed password for root from 119.167.206.194 port 57780 ssh2
2026-09-13T12:50:27.848714+02:00 vmi3427693 sshd[626422]: Received disconnect from 119.167.206.194 port 57780:11: Bye Bye [preauth]
2026-09-13T12:50:27.849574+02:00 vmi3427693 sshd[626422]: Disconnected from authenticating user root 119.167.206.194 port 57780 [preauth]
2026-09-13T12:50:28.720581+02:00 vmi3427693 sshd[626495]: pam_unix(sshd:auth): authentication failure; logname= uid=0 euid=0 tty=ssh ruser= rhost=109.160.32.46 user=root
2026-09-13T12:50:30.486610+02:00 vmi3427693 sshd[626495]: Failed password for root from 109.160.32.46 port 47338 ssh2
2026-09-13T12:50:30.987335+02:00 vmi3427693 sshd[626543]: Invalid user selenium from 202.152.148.30 port 44730
2026-09-13T12:50:30.991551+02:00 vmi3427693 sshd[626495]: Connection closed by authenticating user root 109.160.32.46 port 47338 [preauth]
2026-09-13T12:50:30.992512+02:00 vmi3427693 sshd[626543]: pam_unix(sshd:auth): check pass; user unknown
2026-09-13T12:50:30.992678+02:00 vmi3427693 sshd[626543]: pam_unix(sshd:auth): authentication failure; logname= uid=0 euid=0 tty=ssh ruser= rhost=202.152.148.30
2026-09-13T12:50:33.034722+02:00 vmi3427693 sshd[626543]: Failed password for invalid user selenium from 202.152.148.30 port 44730 ssh2
2026-09-13T12:50:33.767091+02:00 vmi3427693 sshd[626558]: Invalid user user2 from 109.160.32.46 port 47450
2026-09-13T12:50:33.783461+02:00 vmi3427693 sshd[626558]: pam_unix(sshd:auth): check pass; user unknown
2026-09-13T12:50:33.783789+02:00 vmi3427693 sshd[626558]: pam_unix(sshd:auth): authentication failure; logname= uid=0 euid=0 tty=ssh ruser= rhost=109.160.32.46
2026-09-13T12:50:34.058895+02:00 vmi3427693 sshd[626543]: Received disconnect from 202.152.148.30 port 44730:11: Bye Bye [preauth]
2026-09-13T12:50:34.059230+02:00 vmi3427693 sshd[626543]: Disconnected from invalid user selenium 202.152.148.30 port 44730 [preauth]
2026-09-13T12:50:34.685200+02:00 vmi3427693 sshd[626540]: Connection reset by 147.185.132.66 port 60208 [preauth]
2026-09-13T12:50:35.570021+02:00 vmi3427693 sshd[626558]: Failed password for invalid user user2 from 109.160.32.46 port 47450 ssh2
2026-09-13T12:50:37.063554+02:00 vmi3427693 sshd[626558]: Connection closed by invalid user user2 109.160.32.46 port 47450 [preauth]
2026-09-13T12:50:38.981099+02:00 vmi3427693 sshd[626574]: Invalid user user2 from 109.160.32.46 port 59168
2026-09-13T12:50:39.031773+02:00 vmi3427693 sshd[626574]: pam_unix(sshd:auth): check pass; user unknown
2026-09-13T12:50:39.033151+02:00 vmi3427693 sshd[626574]: pam_unix(sshd:auth): authentication failure; logname= uid=0 euid=0 tty=ssh ruser= rhost=109.160.32.46
2026-09-13T12:50:40.642231+02:00 vmi3427693 sshd[626574]: Failed password for invalid user user2 from 109.160.32.46 port 59168 ssh2
2026-09-13T12:50:40.662837+02:00 vmi3427693 sshd[626574]: Connection closed by invalid user user2 109.160.32.46 port 59168 [preauth]
2026-09-13T12:50:43.651984+02:00 vmi3427693 sshd[626587]: Invalid user debian from 109.160.32.46 port 59204
2026-09-13T12:50:43.673696+02:00 vmi3427693 sshd[626587]: pam_unix(sshd:auth): check pass; user unknown
2026-09-13T12:50:43.673949+02:00 vmi3427693 sshd[626587]: pam_unix(sshd:auth): authentication failure; logname= uid=0 euid=0 tty=ssh ruser= rhost=109.160.32.46
2026-09-13T12:50:45.830748+02:00 vmi3427693 sshd[626587]: Failed password for invalid user debian from 109.160.32.46 port 59204 ssh2
2026-09-13T12:50:47.270278+02:00 vmi3427693 sshd[626587]: Connection closed by invalid user debian 109.160.32.46 port 59204 [preauth]
2026-09-13T12:50:48.080702+02:00 vmi3427693 sshd[626596]: Invalid user kiran from 45.182.206.203 port 41292
2026-09-13T12:50:48.095614+02:00 vmi3427693 sshd[626596]: pam_unix(sshd:auth): check pass; user unknown
2026-09-13T12:50:48.095895+02:00 vmi3427693 sshd[626596]: pam_unix(sshd:auth): authentication failure; logname= uid=0 euid=0 tty=ssh ruser= rhost=45.182.206.203
2026-09-13T12:50:48.481843+02:00 vmi3427693 sshd[626600]: pam_unix(sshd:auth): authentication failure; logname= uid=0 euid=0 tty=ssh ruser= rhost=45.148.10.157 user=root
2026-09-13T12:50:48.730732+02:00 vmi3427693 sshd[626603]: Invalid user debian from 109.160.32.46 port 57782
2026-09-13T12:50:48.750711+02:00 vmi3427693 sshd[626603]: pam_unix(sshd:auth): check pass; user unknown
2026-09-13T12:50:48.750937+02:00 vmi3427693 sshd[626603]: pam_unix(sshd:auth): authentication failure; logname= uid=0 euid=0 tty=ssh ruser= rhost=109.160.32.46
2026-09-13T12:50:49.939662+02:00 vmi3427693 sshd[626596]: Failed password for invalid user kiran from 45.182.206.203 port 41292 ssh2
2026-09-13T12:50:50.335045+02:00 vmi3427693 sshd[626600]: Failed password for root from 45.148.10.157 port 30444 ssh2
2026-09-13T12:50:50.596932+02:00 vmi3427693 sshd[626603]: Failed password for invalid user debian from 109.160.32.46 port 57782 ssh2
2026-09-13T12:50:51.487431+02:00 vmi3427693 sshd[626596]: Received disconnect from 45.182.206.203 port 41292:11: Bye Bye [preauth]
2026-09-13T12:50:51.487735+02:00 vmi3427693 sshd[626596]: Disconnected from invalid user kiran 45.182.206.203 port 41292 [preauth]
2026-09-13T12:50:52.368230+02:00 vmi3427693 sshd[626603]: Connection closed by invalid user debian 109.160.32.46 port 57782 [preauth]
2026-09-13T12:50:53.242643+02:00 vmi3427693 sshd[626600]: Failed password for root from 45.148.10.157 port 30444 ssh2
2026-09-13T12:50:53.734199+02:00 vmi3427693 sshd[626615]: pam_unix(sshd:auth): authentication failure; logname= uid=0 euid=0 tty=ssh ruser= rhost=109.160.32.46 user=root
2026-09-13T12:50:55.930939+02:00 vmi3427693 sshd[626615]: Failed password for root from 109.160.32.46 port 57832 ssh2
2026-09-13T12:50:55.956370+02:00 vmi3427693 sshd[626615]: Connection closed by authenticating user root 109.160.32.46 port 57832 [preauth]
2026-09-13T12:50:57.132026+02:00 vmi3427693 sshd[626600]: Failed password for root from 45.148.10.157 port 30444 ssh2
2026-09-13T12:50:58.893863+02:00 vmi3427693 sshd[626627]: Invalid user amir from 109.160.32.46 port 44708
2026-09-13T12:50:58.928489+02:00 vmi3427693 sshd[626627]: pam_unix(sshd:auth): check pass; user unknown
2026-09-13T12:50:58.928833+02:00 vmi3427693 sshd[626627]: pam_unix(sshd:auth): authentication failure; logname= uid=0 euid=0 tty=ssh ruser= rhost=109.160.32.46
2026-09-13T12:50:59.705312+02:00 vmi3427693 sshd[626600]: Failed password for root from 45.148.10.157 port 30444 ssh2
2026-09-13T12:51:00.813194+02:00 vmi3427693 sshd[626627]: Failed password for invalid user amir from 109.160.32.46 port 44708 ssh2
2026-09-13T12:51:01.666336+02:00 vmi3427693 CRON[626635]: pam_unix(cron:session): session opened for user root(uid=0) by root(uid=0)
2026-09-13T12:51:01.738043+02:00 vmi3427693 CRON[626635]: pam_unix(cron:session): session closed for user root
2026-09-13T12:51:01.937286+02:00 vmi3427693 sshd[626600]: Failed password for root from 45.148.10.157 port 30444 ssh2
2026-09-13T12:51:02.147597+02:00 vmi3427693 sshd[626600]: Connection reset by authenticating user root 45.148.10.157 port 30444 [preauth]
2026-09-13T12:51:02.147869+02:00 vmi3427693 sshd[626600]: PAM 4 more authentication failures; logname= uid=0 euid=0 tty=ssh ruser= rhost=45.148.10.157 user=root
2026-09-13T12:51:02.147976+02:00 vmi3427693 sshd[626600]: PAM service(sshd) ignoring max retries; 5 > 3
2026-09-13T12:51:02.696981+02:00 vmi3427693 sshd[626627]: Connection closed by invalid user amir 109.160.32.46 port 44708 [preauth]
2026-09-13T12:51:03.814495+02:00 vmi3427693 sshd[626642]: Invalid user amir from 109.160.32.46 port 44730
2026-09-13T12:51:03.829408+02:00 vmi3427693 sshd[626642]: pam_unix(sshd:auth): check pass; user unknown
2026-09-13T12:51:03.829742+02:00 vmi3427693 sshd[626642]: pam_unix(sshd:auth): authentication failure; logname= uid=0 euid=0 tty=ssh ruser= rhost=109.160.32.46
2026-09-13T12:51:05.400001+02:00 vmi3427693 sshd[626642]: Failed password for invalid user amir from 109.160.32.46 port 44730 ssh2
2026-09-13T12:51:05.761931+02:00 vmi3427693 sshd[626642]: Connection closed by invalid user amir 109.160.32.46 port 44730 [preauth]
2026-09-13T12:51:09.237396+02:00 vmi3427693 sshd[626655]: pam_unix(sshd:auth): authentication failure; logname= uid=0 euid=0 tty=ssh ruser= rhost=109.160.32.46 user=root
2026-09-13T12:51:11.299815+02:00 vmi3427693 sshd[626655]: Failed password for root from 109.160.32.46 port 34958 ssh2
2026-09-13T12:51:11.480646+02:00 vmi3427693 sshd[626655]: Connection closed by authenticating user root 109.160.32.46 port 34958 [preauth]
2026-09-13T12:51:14.008205+02:00 vmi3427693 sshd[626667]: Invalid user deploy from 109.160.32.46 port 34998
2026-09-13T12:51:14.027692+02:00 vmi3427693 sshd[626667]: pam_unix(sshd:auth): check pass; user unknown
2026-09-13T12:51:14.028472+02:00 vmi3427693 sshd[626667]: pam_unix(sshd:auth): authentication failure; logname= uid=0 euid=0 tty=ssh ruser= rhost=109.160.32.46
2026-09-13T12:51:16.110324+02:00 vmi3427693 sshd[626667]: Failed password for invalid user deploy from 109.160.32.46 port 34998 ssh2
2026-09-13T12:51:16.691064+02:00 vmi3427693 sshd[626672]: Invalid user unity from 58.152.42.212 port 46844
2026-09-13T12:51:16.697831+02:00 vmi3427693 sshd[626672]: pam_unix(sshd:auth): check pass; user unknown
2026-09-13T12:51:16.698154+02:00 vmi3427693 sshd[626672]: pam_unix(sshd:auth): authentication failure; logname= uid=0 euid=0 tty=ssh ruser= rhost=58.152.42.212
2026-09-13T12:51:16.887072+02:00 vmi3427693 sshd[626667]: Connection closed by invalid user deploy 109.160.32.46 port 34998 [preauth]
2026-09-13T12:51:18.722479+02:00 vmi3427693 sshd[626672]: Failed password for invalid user unity from 58.152.42.212 port 46844 ssh2
2026-09-13T12:51:19.122828+02:00 vmi3427693 sshd[626681]: Invalid user deploy from 109.160.32.46 port 42368
2026-09-13T12:51:19.142326+02:00 vmi3427693 sshd[626672]: Received disconnect from 58.152.42.212 port 46844:11: Bye Bye [preauth]
2026-09-13T12:51:19.143027+02:00 vmi3427693 sshd[626672]: Disconnected from invalid user unity 58.152.42.212 port 46844 [preauth]
2026-09-13T12:51:19.153948+02:00 vmi3427693 sshd[626681]: pam_unix(sshd:auth): check pass; user unknown
2026-09-13T12:51:19.154295+02:00 vmi3427693 sshd[626681]: pam_unix(sshd:auth): authentication failure; logname= uid=0 euid=0 tty=ssh ruser= rhost=109.160.32.46
2026-09-13T12:51:21.257086+02:00 vmi3427693 sshd[626681]: Failed password for invalid user deploy from 109.160.32.46 port 42368 ssh2
2026-09-13T12:51:21.993781+02:00 vmi3427693 sshd[626681]: Connection closed by invalid user deploy 109.160.32.46 port 42368 [preauth]
2026-09-13T12:51:24.226187+02:00 vmi3427693 sshd[626693]: Invalid user oracle from 109.160.32.46 port 42390
2026-09-13T12:51:24.323957+02:00 vmi3427693 sshd[626693]: pam_unix(sshd:auth): check pass; user unknown
2026-09-13T12:51:24.324281+02:00 vmi3427693 sshd[626693]: pam_unix(sshd:auth): authentication failure; logname= uid=0 euid=0 tty=ssh ruser= rhost=109.160.32.46
2026-09-13T12:51:26.446049+02:00 vmi3427693 sshd[626693]: Failed password for invalid user oracle from 109.160.32.46 port 42390 ssh2
2026-09-13T12:51:26.573070+02:00 vmi3427693 sshd[626693]: Connection closed by invalid user oracle 109.160.32.46 port 42390 [preauth]
2026-09-13T12:51:28.834249+02:00 vmi3427693 sshd[626705]: Invalid user oracle from 109.160.32.46 port 45466
2026-09-13T12:51:28.877376+02:00 vmi3427693 sshd[626705]: pam_unix(sshd:auth): check pass; user unknown
2026-09-13T12:51:28.877626+02:00 vmi3427693 sshd[626705]: pam_unix(sshd:auth): authentication failure; logname= uid=0 euid=0 tty=ssh ruser= rhost=109.160.32.46
2026-09-13T12:51:30.879874+02:00 vmi3427693 sshd[626705]: Failed password for invalid user oracle from 109.160.32.46 port 45466 ssh2
2026-09-13T12:51:31.120156+02:00 vmi3427693 sshd[626705]: Connection closed by invalid user oracle 109.160.32.46 port 45466 [preauth]
2026-09-13T12:51:33.993399+02:00 vmi3427693 sshd[626717]: pam_unix(sshd:auth): authentication failure; logname= uid=0 euid=0 tty=ssh ruser= rhost=109.160.32.46 user=root
2026-09-13T12:51:35.683676+02:00 vmi3427693 sshd[626717]: Failed password for root from 109.160.32.46 port 45522 ssh2
2026-09-13T12:51:36.221500+02:00 vmi3427693 sshd[626717]: Connection closed by authenticating user root 109.160.32.46 port 45522 [preauth]
2026-09-13T12:51:38.858199+02:00 vmi3427693 sshd[626730]: pam_unix(sshd:auth): authentication failure; logname= uid=0 euid=0 tty=ssh ruser= rhost=109.160.32.46 user=root
2026-09-13T12:51:40.901067+02:00 vmi3427693 sshd[626730]: Failed password for root from 109.160.32.46 port 51626 ssh2
2026-09-13T12:51:41.076043+02:00 vmi3427693 sshd[626730]: Connection closed by authenticating user root 109.160.32.46 port 51626 [preauth]
2026-09-13T12:51:41.745152+02:00 vmi3427693 sshd[626736]: Invalid user ubuntu from 202.152.148.30 port 55966
2026-09-13T12:51:41.750492+02:00 vmi3427693 sshd[626736]: pam_unix(sshd:auth): check pass; user unknown
2026-09-13T12:51:41.750765+02:00 vmi3427693 sshd[626736]: pam_unix(sshd:auth): authentication failure; logname= uid=0 euid=0 tty=ssh ruser= rhost=202.152.148.30
2026-09-13T12:51:43.876221+02:00 vmi3427693 sshd[626736]: Failed password for invalid user ubuntu from 202.152.148.30 port 55966 ssh2
2026-09-13T12:51:43.928489+02:00 vmi3427693 sshd[626744]: Invalid user user1 from 109.160.32.46 port 51666
2026-09-13T12:51:43.947151+02:00 vmi3427693 sshd[626744]: pam_unix(sshd:auth): check pass; user unknown
2026-09-13T12:51:43.947370+02:00 vmi3427693 sshd[626744]: pam_unix(sshd:auth): authentication failure; logname= uid=0 euid=0 tty=ssh ruser= rhost=109.160.32.46
2026-09-13T12:51:45.794285+02:00 vmi3427693 sshd[626736]: Received disconnect from 202.152.148.30 port 55966:11: Bye Bye [preauth]
2026-09-13T12:51:45.794613+02:00 vmi3427693 sshd[626736]: Disconnected from invalid user ubuntu 202.152.148.30 port 55966 [preauth]
2026-09-13T12:51:45.802347+02:00 vmi3427693 sshd[626750]: Invalid user admin from 80.94.92.55 port 48258
2026-09-13T12:51:45.841289+02:00 vmi3427693 sshd[626750]: pam_unix(sshd:auth): check pass; user unknown
2026-09-13T12:51:45.841563+02:00 vmi3427693 sshd[626750]: pam_unix(sshd:auth): authentication failure; logname= uid=0 euid=0 tty=ssh ruser= rhost=80.94.92.55
2026-09-13T12:51:46.344883+02:00 vmi3427693 sshd[626744]: Failed password for invalid user user1 from 109.160.32.46 port 51666 ssh2
2026-09-13T12:51:47.511653+02:00 vmi3427693 sshd[626750]: Failed password for invalid user admin from 80.94.92.55 port 48258 ssh2
2026-09-13T12:51:47.801976+02:00 vmi3427693 sshd[626744]: Connection closed by invalid user user1 109.160.32.46 port 51666 [preauth]
2026-09-13T12:51:48.627900+02:00 vmi3427693 sshd[626750]: Connection closed by invalid user admin 80.94.92.55 port 48258 [preauth]
2026-09-13T12:51:48.829954+02:00 vmi3427693 sshd[626758]: pam_unix(sshd:auth): authentication failure; logname= uid=0 euid=0 tty=ssh ruser= rhost=109.160.32.46 user=root
2026-09-13T12:51:50.912151+02:00 vmi3427693 sshd[626758]: Failed password for root from 109.160.32.46 port 37896 ssh2
2026-09-13T12:51:51.035081+02:00 vmi3427693 sshd[626758]: Connection closed by authenticating user root 109.160.32.46 port 37896 [preauth]
2026-09-13T12:51:53.848865+02:00 vmi3427693 sshd[626771]: pam_unix(sshd:auth): authentication failure; logname= uid=0 euid=0 tty=ssh ruser= rhost=109.160.32.46 user=root
2026-09-13T12:51:55.950642+02:00 vmi3427693 sshd[626771]: Failed password for root from 109.160.32.46 port 37958 ssh2
2026-09-13T12:51:56.102617+02:00 vmi3427693 sshd[626771]: Connection closed by authenticating user root 109.160.32.46 port 37958 [preauth]
2026-09-13T12:51:56.453641+02:00 vmi3427693 sshd[626777]: pam_unix(sshd:auth): authentication failure; logname= uid=0 euid=0 tty=ssh ruser= rhost=46.8.31.84 user=root
2026-09-13T12:51:58.829280+02:00 vmi3427693 sshd[626785]: pam_unix(sshd:auth): authentication failure; logname= uid=0 euid=0 tty=ssh ruser= rhost=109.160.32.46 user=root
2026-09-13T12:51:58.966738+02:00 vmi3427693 sshd[626777]: Failed password for root from 46.8.31.84 port 40636 ssh2
2026-09-13T12:52:00.951896+02:00 vmi3427693 sshd[626785]: Failed password for root from 109.160.32.46 port 49144 ssh2
2026-09-13T12:52:01.088015+02:00 vmi3427693 sshd[626785]: Connection closed by authenticating user root 109.160.32.46 port 49144 [preauth]
2026-09-13T12:52:01.195038+02:00 vmi3427693 sshd[626777]: Connection closed by authenticating user root 46.8.31.84 port 40636 [preauth]
2026-09-13T12:52:01.752029+02:00 vmi3427693 CRON[626803]: pam_unix(cron:session): session opened for user root(uid=0) by root(uid=0)
2026-09-13T12:52:01.823790+02:00 vmi3427693 CRON[626803]: pam_unix(cron:session): session closed for user root
2026-09-13T12:52:03.746000+02:00 vmi3427693 sshd[626811]: pam_unix(sshd:auth): authentication failure; logname= uid=0 euid=0 tty=ssh ruser= rhost=109.160.32.46 user=root
2026-09-13T12:52:05.888161+02:00 vmi3427693 sshd[626811]: Failed password for root from 109.160.32.46 port 49190 ssh2
2026-09-13T12:52:06.066442+02:00 vmi3427693 sshd[626811]: Connection closed by authenticating user root 109.160.32.46 port 49190 [preauth]
2026-09-13T12:52:08.381809+02:00 vmi3427693 sshd[626822]: Invalid user alex from 109.160.32.46 port 46052
2026-09-13T12:52:08.412055+02:00 vmi3427693 sshd[626822]: pam_unix(sshd:auth): check pass; user unknown
2026-09-13T12:52:08.412349+02:00 vmi3427693 sshd[626822]: pam_unix(sshd:auth): authentication failure; logname= uid=0 euid=0 tty=ssh ruser= rhost=109.160.32.46
2026-09-13T12:52:10.573663+02:00 vmi3427693 sshd[626822]: Failed password for invalid user alex from 109.160.32.46 port 46052 ssh2
2026-09-13T12:52:10.620095+02:00 vmi3427693 sshd[626822]: Connection closed by invalid user alex 109.160.32.46 port 46052 [preauth]
2026-09-13T12:52:13.323701+02:00 vmi3427693 sshd[626834]: Invalid user alex from 109.160.32.46 port 46096
2026-09-13T12:52:13.339085+02:00 vmi3427693 sshd[626834]: pam_unix(sshd:auth): check pass; user unknown
2026-09-13T12:52:13.339405+02:00 vmi3427693 sshd[626834]: pam_unix(sshd:auth): authentication failure; logname= uid=0 euid=0 tty=ssh ruser= rhost=109.160.32.46
2026-09-13T12:52:15.184488+02:00 vmi3427693 sshd[626834]: Failed password for invalid user alex from 109.160.32.46 port 46096 ssh2
2026-09-13T12:52:15.554077+02:00 vmi3427693 sshd[626834]: Connection closed by invalid user alex 109.160.32.46 port 46096 [preauth]
2026-09-13T12:52:18.533651+02:00 vmi3427693 sshd[626848]: Invalid user amin from 109.160.32.46 port 48484
2026-09-13T12:52:18.560761+02:00 vmi3427693 sshd[626848]: pam_unix(sshd:auth): check pass; user unknown
2026-09-13T12:52:18.560963+02:00 vmi3427693 sshd[626848]: pam_unix(sshd:auth): authentication failure; logname= uid=0 euid=0 tty=ssh ruser= rhost=109.160.32.46
2026-09-13T12:52:21.094993+02:00 vmi3427693 sshd[626848]: Failed password for invalid user amin from 109.160.32.46 port 48484 ssh2
2026-09-13T12:52:22.709913+02:00 vmi3427693 sshd[626848]: Connection closed by invalid user amin 109.160.32.46 port 48484 [preauth]
2026-09-13T12:52:23.326675+02:00 vmi3427693 sshd[626860]: Invalid user crafty from 109.160.32.46 port 48566
2026-09-13T12:52:23.342738+02:00 vmi3427693 sshd[626860]: pam_unix(sshd:auth): check pass; user unknown
2026-09-13T12:52:23.342928+02:00 vmi3427693 sshd[626860]: pam_unix(sshd:auth): authentication failure; logname= uid=0 euid=0 tty=ssh ruser= rhost=109.160.32.46
2026-09-13T12:52:25.229156+02:00 vmi3427693 sshd[626860]: Failed password for invalid user crafty from 109.160.32.46 port 48566 ssh2
2026-09-13T12:52:26.300296+02:00 vmi3427693 sshd[626860]: Connection closed by invalid user crafty 109.160.32.46 port 48566 [preauth]
2026-09-13T12:52:26.441452+02:00 vmi3427693 dbus-daemon[643]: [system] Failed to activate service 'org.freedesktop.fwupd': timed out (service_start_timeout=25000ms)
2026-09-13T12:52:28.104546+02:00 vmi3427693 sshd[626873]: Invalid user crafty from 109.160.32.46 port 53228
2026-09-13T12:52:28.122699+02:00 vmi3427693 sshd[626873]: pam_unix(sshd:auth): check pass; user unknown
2026-09-13T12:52:28.122922+02:00 vmi3427693 sshd[626873]: pam_unix(sshd:auth): authentication failure; logname= uid=0 euid=0 tty=ssh ruser= rhost=109.160.32.46
2026-09-13T12:52:30.029035+02:00 vmi3427693 sshd[626873]: Failed password for invalid user crafty from 109.160.32.46 port 53228 ssh2
2026-09-13T12:52:31.222980+02:00 vmi3427693 sshd[626873]: Connection closed by invalid user crafty 109.160.32.46 port 53228 [preauth]
2026-09-13T12:52:33.250448+02:00 vmi3427693 sshd[626887]: pam_unix(sshd:auth): authentication failure; logname= uid=0 euid=0 tty=ssh ruser= rhost=109.160.32.46 user=root
2026-09-13T12:52:35.176375+02:00 vmi3427693 sshd[626887]: Failed password for root from 109.160.32.46 port 53322 ssh2
2026-09-13T12:52:35.475565+02:00 vmi3427693 sshd[626887]: Connection closed by authenticating user root 109.160.32.46 port 53322 [preauth]
2026-09-13T12:52:35.938760+02:00 vmi3427693 sshd[626884]: Invalid user builder from 58.152.42.212 port 39258
2026-09-13T12:52:35.951862+02:00 vmi3427693 sshd[626884]: pam_unix(sshd:auth): check pass; user unknown
2026-09-13T12:52:35.952104+02:00 vmi3427693 sshd[626884]: pam_unix(sshd:auth): authentication failure; logname= uid=0 euid=0 tty=ssh ruser= rhost=58.152.42.212
2026-09-13T12:52:37.817475+02:00 vmi3427693 sshd[626884]: Failed password for invalid user builder from 58.152.42.212 port 39258 ssh2
2026-09-13T12:52:38.379744+02:00 vmi3427693 sshd[626900]: Invalid user mysql from 109.160.32.46 port 40728
2026-09-13T12:52:38.410352+02:00 vmi3427693 sshd[626900]: pam_unix(sshd:auth): check pass; user unknown
2026-09-13T12:52:38.410604+02:00 vmi3427693 sshd[626900]: pam_unix(sshd:auth): authentication failure; logname= uid=0 euid=0 tty=ssh ruser= rhost=109.160.32.46
2026-09-13T12:52:39.528093+02:00 vmi3427693 sshd[626884]: Received disconnect from 58.152.42.212 port 39258:11: Bye Bye [preauth]
2026-09-13T12:52:39.528351+02:00 vmi3427693 sshd[626884]: Disconnected from invalid user builder 58.152.42.212 port 39258 [preauth]
2026-09-13T12:52:41.023876+02:00 vmi3427693 sshd[626900]: Failed password for invalid user mysql from 109.160.32.46 port 40728 ssh2
2026-09-13T12:52:41.278906+02:00 vmi3427693 sshd[626900]: Connection closed by invalid user mysql 109.160.32.46 port 40728 [preauth]
2026-09-13T12:52:42.121211+02:00 vmi3427693 sshd[626908]: Invalid user backups from 45.182.206.203 port 36802
2026-09-13T12:52:42.127766+02:00 vmi3427693 sshd[626908]: pam_unix(sshd:auth): check pass; user unknown
2026-09-13T12:52:42.128015+02:00 vmi3427693 sshd[626908]: pam_unix(sshd:auth): authentication failure; logname= uid=0 euid=0 tty=ssh ruser= rhost=45.182.206.203
2026-09-13T12:52:43.275719+02:00 vmi3427693 sshd[626914]: Invalid user minecraft from 109.160.32.46 port 40762
2026-09-13T12:52:43.295853+02:00 vmi3427693 sshd[626914]: pam_unix(sshd:auth): check pass; user unknown
2026-09-13T12:52:43.296074+02:00 vmi3427693 sshd[626914]: pam_unix(sshd:auth): authentication failure; logname= uid=0 euid=0 tty=ssh ruser= rhost=109.160.32.46
2026-09-13T12:52:44.288574+02:00 vmi3427693 sshd[626908]: Failed password for invalid user backups from 45.182.206.203 port 36802 ssh2
2026-09-13T12:52:45.263431+02:00 vmi3427693 sshd[626914]: Failed password for invalid user minecraft from 109.160.32.46 port 40762 ssh2
2026-09-13T12:52:45.986616+02:00 vmi3427693 sshd[626908]: Received disconnect from 45.182.206.203 port 36802:11: Bye Bye [preauth]
2026-09-13T12:52:45.986924+02:00 vmi3427693 sshd[626908]: Disconnected from invalid user backups 45.182.206.203 port 36802 [preauth]
2026-09-13T12:52:46.837418+02:00 vmi3427693 sshd[626914]: Connection closed by invalid user minecraft 109.160.32.46 port 40762 [preauth]
2026-09-13T12:52:48.203297+02:00 vmi3427693 sshd[626926]: Invalid user minecraft from 109.160.32.46 port 39546
2026-09-13T12:52:48.232083+02:00 vmi3427693 sshd[626926]: pam_unix(sshd:auth): check pass; user unknown
2026-09-13T12:52:48.232718+02:00 vmi3427693 sshd[626926]: pam_unix(sshd:auth): authentication failure; logname= uid=0 euid=0 tty=ssh ruser= rhost=109.160.32.46
2026-09-13T12:52:50.218790+02:00 vmi3427693 sshd[626926]: Failed password for invalid user minecraft from 109.160.32.46 port 39546 ssh2
2026-09-13T12:52:51.771361+02:00 vmi3427693 sshd[626926]: Connection closed by invalid user minecraft 109.160.32.46 port 39546 [preauth]
2026-09-13T12:52:53.170942+02:00 vmi3427693 sshd[626941]: Invalid user nitin from 109.160.32.46 port 39598
2026-09-13T12:52:53.187139+02:00 vmi3427693 sshd[626941]: pam_unix(sshd:auth): check pass; user unknown
2026-09-13T12:52:53.188256+02:00 vmi3427693 sshd[626941]: pam_unix(sshd:auth): authentication failure; logname= uid=0 euid=0 tty=ssh ruser= rhost=109.160.32.46
2026-09-13T12:52:53.210508+02:00 vmi3427693 sshd[626937]: pam_unix(sshd:auth): authentication failure; logname= uid=0 euid=0 tty=ssh ruser= rhost=202.152.148.30 user=root
2026-09-13T12:52:55.533170+02:00 vmi3427693 sshd[626941]: Failed password for invalid user nitin from 109.160.32.46 port 39598 ssh2
2026-09-13T12:52:55.547505+02:00 vmi3427693 sshd[626937]: Failed password for root from 202.152.148.30 port 56416 ssh2
2026-09-13T12:52:57.804253+02:00 vmi3427693 sshd[626941]: Connection closed by invalid user nitin 109.160.32.46 port 39598 [preauth]
2026-09-13T12:52:57.870283+02:00 vmi3427693 sshd[626937]: Received disconnect from 202.152.148.30 port 56416:11: Bye Bye [preauth]
2026-09-13T12:52:57.870981+02:00 vmi3427693 sshd[626937]: Disconnected from authenticating user root 202.152.148.30 port 56416 [preauth]
2026-09-13T12:52:58.305036+02:00 vmi3427693 sshd[626953]: pam_unix(sshd:auth): authentication failure; logname= uid=0 euid=0 tty=ssh ruser= rhost=109.160.32.46 user=root
2026-09-13T12:52:59.663570+02:00 vmi3427693 sshd[626953]: Failed password for root from 109.160.32.46 port 49836 ssh2
2026-09-13T12:53:00.561190+02:00 vmi3427693 sshd[626953]: Connection closed by authenticating user root 109.160.32.46 port 49836 [preauth]
2026-09-13T12:53:01.833984+02:00 vmi3427693 CRON[626962]: pam_unix(cron:session): session opened for user root(uid=0) by root(uid=0)
2026-09-13T12:53:01.886960+02:00 vmi3427693 CRON[626962]: pam_unix(cron:session): session closed for user root
2026-09-13T12:53:03.454749+02:00 vmi3427693 sshd[626968]: pam_unix(sshd:auth): authentication failure; logname= uid=0 euid=0 tty=ssh ruser= rhost=109.160.32.46 user=root
2026-09-13T12:53:05.165070+02:00 vmi3427693 sshd[626968]: Failed password for root from 109.160.32.46 port 49866 ssh2
2026-09-13T12:53:05.790383+02:00 vmi3427693 sshd[626968]: Connection closed by authenticating user root 109.160.32.46 port 49866 [preauth]
2026-09-13T12:53:08.438108+02:00 vmi3427693 sshd[626983]: pam_unix(sshd:auth): authentication failure; logname= uid=0 euid=0 tty=ssh ruser= rhost=109.160.32.46 user=root
2026-09-13T12:53:10.835147+02:00 vmi3427693 sshd[626983]: Failed password for root from 109.160.32.46 port 58296 ssh2
2026-09-13T12:53:12.947936+02:00 vmi3427693 sshd[626983]: Connection closed by authenticating user root 109.160.32.46 port 58296 [preauth]
2026-09-13T12:53:13.075031+02:00 vmi3427693 sshd[627002]: Invalid user teamspeak from 109.160.32.46 port 58378
2026-09-13T12:53:13.094653+02:00 vmi3427693 sshd[627002]: pam_unix(sshd:auth): check pass; user unknown
2026-09-13T12:53:13.094909+02:00 vmi3427693 sshd[627002]: pam_unix(sshd:auth): authentication failure; logname= uid=0 euid=0 tty=ssh ruser= rhost=109.160.32.46
2026-09-13T12:53:15.512314+02:00 vmi3427693 sshd[627002]: Failed password for invalid user teamspeak from 109.160.32.46 port 58378 ssh2
2026-09-13T12:53:17.683740+02:00 vmi3427693 sshd[627002]: Connection closed by invalid user teamspeak 109.160.32.46 port 58378 [preauth]
2026-09-13T12:53:18.239269+02:00 vmi3427693 sshd[627017]: Invalid user teamspeak from 109.160.32.46 port 48382
2026-09-13T12:53:18.268621+02:00 vmi3427693 sshd[627017]: pam_unix(sshd:auth): check pass; user unknown
2026-09-13T12:53:18.268833+02:00 vmi3427693 sshd[627017]: pam_unix(sshd:auth): authentication failure; logname= uid=0 euid=0 tty=ssh ruser= rhost=109.160.32.46
2026-09-13T12:53:20.710588+02:00 vmi3427693 sshd[627017]: Failed password for invalid user teamspeak from 109.160.32.46 port 48382 ssh2
2026-09-13T12:53:22.860400+02:00 vmi3427693 sshd[627017]: Connection closed by invalid user teamspeak 109.160.32.46 port 48382 [preauth]
2026-09-13T12:53:23.187176+02:00 vmi3427693 sshd[627029]: Invalid user milad from 109.160.32.46 port 48458
2026-09-13T12:53:23.207140+02:00 vmi3427693 sshd[627029]: pam_unix(sshd:auth): check pass; user unknown
2026-09-13T12:53:23.207353+02:00 vmi3427693 sshd[627029]: pam_unix(sshd:auth): authentication failure; logname= uid=0 euid=0 tty=ssh ruser= rhost=109.160.32.46
2026-09-13T12:53:24.998393+02:00 vmi3427693 sshd[627029]: Failed password for invalid user milad from 109.160.32.46 port 48458 ssh2
2026-09-13T12:53:25.859320+02:00 vmi3427693 sshd[627029]: Connection closed by invalid user milad 109.160.32.46 port 48458 [preauth]
2026-09-13T12:53:28.331505+02:00 vmi3427693 sshd[627042]: pam_unix(sshd:auth): authentication failure; logname= uid=0 euid=0 tty=ssh ruser= rhost=109.160.32.46 user=root
2026-09-13T12:53:30.471721+02:00 vmi3427693 sshd[627042]: Failed password for root from 109.160.32.46 port 34590 ssh2
2026-09-13T12:53:30.589623+02:00 vmi3427693 sshd[627042]: Connection closed by authenticating user root 109.160.32.46 port 34590 [preauth]
2026-09-13T12:53:33.615793+02:00 vmi3427693 sshd[627053]: pam_unix(sshd:auth): authentication failure; logname= uid=0 euid=0 tty=ssh ruser= rhost=109.160.32.46 user=root
2026-09-13T12:53:34.778355+02:00 vmi3427693 sshd[627053]: Failed password for root from 109.160.32.46 port 34678 ssh2
2026-09-13T12:53:36.002943+02:00 vmi3427693 sshd[627053]: Connection closed by authenticating user root 109.160.32.46 port 34678 [preauth]
2026-09-13T12:53:38.118726+02:00 vmi3427693 sshd[627065]: pam_unix(sshd:auth): authentication failure; logname= uid=0 euid=0 tty=ssh ruser= rhost=109.160.32.46 user=root
2026-09-13T12:53:40.299955+02:00 vmi3427693 sshd[627065]: Failed password for root from 109.160.32.46 port 50340 ssh2
2026-09-13T12:53:40.342427+02:00 vmi3427693 sshd[627065]: Connection closed by authenticating user root 109.160.32.46 port 50340 [preauth]
2026-09-13T12:53:42.862659+02:00 vmi3427693 sshd[627078]: Invalid user oracle from 109.160.32.46 port 50380
2026-09-13T12:53:42.884186+02:00 vmi3427693 sshd[627078]: pam_unix(sshd:auth): check pass; user unknown
2026-09-13T12:53:42.885039+02:00 vmi3427693 sshd[627078]: pam_unix(sshd:auth): authentication failure; logname= uid=0 euid=0 tty=ssh ruser= rhost=109.160.32.46
2026-09-13T12:53:43.947097+02:00 vmi3427693 sshd[627080]: pam_unix(sshd:auth): authentication failure; logname= uid=0 euid=0 tty=ssh ruser= rhost=46.8.31.84 user=root
2026-09-13T12:53:44.951297+02:00 vmi3427693 sshd[627078]: Failed password for invalid user oracle from 109.160.32.46 port 50380 ssh2
2026-09-13T12:53:45.141690+02:00 vmi3427693 sshd[627078]: Connection closed by invalid user oracle 109.160.32.46 port 50380 [preauth]
2026-09-13T12:53:45.816493+02:00 vmi3427693 sshd[627080]: Failed password for root from 46.8.31.84 port 56414 ssh2
2026-09-13T12:53:46.318691+02:00 vmi3427693 sshd[627080]: Connection closed by authenticating user root 46.8.31.84 port 56414 [preauth]
2026-09-13T12:53:48.027241+02:00 vmi3427693 sshd[627094]: Invalid user superadmin from 109.160.32.46 port 45066
2026-09-13T12:53:48.099285+02:00 vmi3427693 sshd[627094]: pam_unix(sshd:auth): check pass; user unknown
2026-09-13T12:53:48.099512+02:00 vmi3427693 sshd[627094]: pam_unix(sshd:auth): authentication failure; logname= uid=0 euid=0 tty=ssh ruser= rhost=109.160.32.46
2026-09-13T12:53:48.410723+02:00 vmi3427693 sshd[627090]: Invalid user tunnel from 58.152.42.212 port 53982
2026-09-13T12:53:48.417140+02:00 vmi3427693 sshd[627090]: pam_unix(sshd:auth): check pass; user unknown
2026-09-13T12:53:48.417389+02:00 vmi3427693 sshd[627090]: pam_unix(sshd:auth): authentication failure; logname= uid=0 euid=0 tty=ssh ruser= rhost=58.152.42.212
2026-09-13T12:53:50.321672+02:00 vmi3427693 sshd[627094]: Failed password for invalid user superadmin from 109.160.32.46 port 45066 ssh2
2026-09-13T12:53:50.640587+02:00 vmi3427693 sshd[627090]: Failed password for invalid user tunnel from 58.152.42.212 port 53982 ssh2
2026-09-13T12:53:50.782062+02:00 vmi3427693 sshd[627094]: Connection closed by invalid user superadmin 109.160.32.46 port 45066 [preauth]
2026-09-13T12:53:52.288315+02:00 vmi3427693 sshd[627090]: Received disconnect from 58.152.42.212 port 53982:11: Bye Bye [preauth]
2026-09-13T12:53:52.289029+02:00 vmi3427693 sshd[627090]: Disconnected from invalid user tunnel 58.152.42.212 port 53982 [preauth]
2026-09-13T12:53:52.903862+02:00 vmi3427693 sshd[627107]: Invalid user admin from 109.160.32.46 port 45108
2026-09-13T12:53:52.922922+02:00 vmi3427693 sshd[627107]: pam_unix(sshd:auth): check pass; user unknown
2026-09-13T12:53:52.923122+02:00 vmi3427693 sshd[627107]: pam_unix(sshd:auth): authentication failure; logname= uid=0 euid=0 tty=ssh ruser= rhost=109.160.32.46
2026-09-13T12:53:54.693847+02:00 vmi3427693 sshd[627107]: Failed password for invalid user admin from 109.160.32.46 port 45108 ssh2
2026-09-13T12:53:55.845693+02:00 vmi3427693 sshd[627107]: Connection closed by invalid user admin 109.160.32.46 port 45108 [preauth]
2026-09-13T12:53:57.655927+02:00 vmi3427693 sshd[627117]: Invalid user admin from 80.94.92.55 port 51388
2026-09-13T12:53:57.922901+02:00 vmi3427693 sshd[627117]: pam_unix(sshd:auth): check pass; user unknown
2026-09-13T12:53:57.923235+02:00 vmi3427693 sshd[627117]: pam_unix(sshd:auth): authentication failure; logname= uid=0 euid=0 tty=ssh ruser= rhost=80.94.92.55
2026-09-13T12:53:58.945505+02:00 vmi3427693 sshd[627122]: pam_unix(sshd:auth): authentication failure; logname= uid=0 euid=0 tty=ssh ruser= rhost=109.160.32.46 user=root
2026-09-13T12:53:59.713590+02:00 vmi3427693 sshd[627117]: Failed password for invalid user admin from 80.94.92.55 port 51388 ssh2
2026-09-13T12:54:00.539680+02:00 vmi3427693 sshd[627122]: Failed password for root from 109.160.32.46 port 59612 ssh2
2026-09-13T12:54:00.704291+02:00 vmi3427693 sshd[627117]: Connection closed by invalid user admin 80.94.92.55 port 51388 [preauth]
2026-09-13T12:54:01.186827+02:00 vmi3427693 sshd[627122]: Connection closed by authenticating user root 109.160.32.46 port 59612 [preauth]
2026-09-13T12:54:01.895333+02:00 vmi3427693 CRON[627131]: pam_unix(cron:session): session opened for user root(uid=0) by root(uid=0)
2026-09-13T12:54:02.095992+02:00 vmi3427693 CRON[627131]: pam_unix(cron:session): session closed for user root
2026-09-13T12:54:02.693336+02:00 vmi3427693 sshd[627135]: pam_unix(sshd:auth): authentication failure; logname= uid=0 euid=0 tty=ssh ruser= rhost=109.160.32.46 user=root
2026-09-13T12:54:05.170895+02:00 vmi3427693 sshd[627135]: Failed password for root from 109.160.32.46 port 59682 ssh2
2026-09-13T12:54:05.860105+02:00 vmi3427693 sshd[627141]: pam_unix(sshd:auth): authentication failure; logname= uid=0 euid=0 tty=ssh ruser= rhost=202.152.148.30 user=root
2026-09-13T12:54:07.207493+02:00 vmi3427693 sshd[627135]: Connection closed by authenticating user root 109.160.32.46 port 59682 [preauth]
2026-09-13T12:54:07.750472+02:00 vmi3427693 sshd[627141]: Failed password for root from 202.152.148.30 port 52488 ssh2
2026-09-13T12:54:07.798653+02:00 vmi3427693 sshd[627149]: Invalid user cursor from 109.160.32.46 port 57882
2026-09-13T12:54:07.839350+02:00 vmi3427693 sshd[627149]: pam_unix(sshd:auth): check pass; user unknown
2026-09-13T12:54:07.839652+02:00 vmi3427693 sshd[627149]: pam_unix(sshd:auth): authentication failure; logname= uid=0 euid=0 tty=ssh ruser= rhost=109.160.32.46
2026-09-13T12:54:08.237633+02:00 vmi3427693 sshd[627141]: Received disconnect from 202.152.148.30 port 52488:11: Bye Bye [preauth]
2026-09-13T12:54:08.237891+02:00 vmi3427693 sshd[627141]: Disconnected from authenticating user root 202.152.148.30 port 52488 [preauth]
2026-09-13T12:54:09.670415+02:00 vmi3427693 sshd[627149]: Failed password for invalid user cursor from 109.160.32.46 port 57882 ssh2
2026-09-13T12:54:11.347459+02:00 vmi3427693 sshd[627149]: Connection closed by invalid user cursor 109.160.32.46 port 57882 [preauth]
2026-09-13T12:54:12.786809+02:00 vmi3427693 sshd[627161]: Invalid user cursor from 109.160.32.46 port 57984
2026-09-13T12:54:12.803823+02:00 vmi3427693 sshd[627161]: pam_unix(sshd:auth): check pass; user unknown
2026-09-13T12:54:12.804066+02:00 vmi3427693 sshd[627161]: pam_unix(sshd:auth): authentication failure; logname= uid=0 euid=0 tty=ssh ruser= rhost=109.160.32.46
2026-09-13T12:54:15.323889+02:00 vmi3427693 sshd[627161]: Failed password for invalid user cursor from 109.160.32.46 port 57984 ssh2
2026-09-13T12:54:16.316424+02:00 vmi3427693 sshd[627161]: Connection closed by invalid user cursor 109.160.32.46 port 57984 [preauth]
2026-09-13T12:54:17.666426+02:00 vmi3427693 sshd[627173]: Invalid user jay from 109.160.32.46 port 35990
2026-09-13T12:54:17.721240+02:00 vmi3427693 sshd[627173]: pam_unix(sshd:auth): check pass; user unknown
2026-09-13T12:54:17.722621+02:00 vmi3427693 sshd[627173]: pam_unix(sshd:auth): authentication failure; logname= uid=0 euid=0 tty=ssh ruser= rhost=109.160.32.46
2026-09-13T12:54:19.591998+02:00 vmi3427693 sshd[627173]: Failed password for invalid user jay from 109.160.32.46 port 35990 ssh2
2026-09-13T12:54:21.375203+02:00 vmi3427693 sshd[627173]: Connection closed by invalid user jay 109.160.32.46 port 35990 [preauth]
2026-09-13T12:54:22.506116+02:00 vmi3427693 sshd[627186]: Invalid user deploy from 109.160.32.46 port 36066
2026-09-13T12:54:22.530566+02:00 vmi3427693 sshd[627186]: pam_unix(sshd:auth): check pass; user unknown
2026-09-13T12:54:22.530881+02:00 vmi3427693 sshd[627186]: pam_unix(sshd:auth): authentication failure; logname= uid=0 euid=0 tty=ssh ruser= rhost=109.160.32.46
2026-09-13T12:54:24.086215+02:00 vmi3427693 sshd[627186]: Failed password for invalid user deploy from 109.160.32.46 port 36066 ssh2
2026-09-13T12:54:25.367828+02:00 vmi3427693 sshd[627186]: Connection closed by invalid user deploy 109.160.32.46 port 36066 [preauth]
2026-09-13T12:54:27.581845+02:00 vmi3427693 sshd[627198]: Invalid user admin from 109.160.32.46 port 36212
2026-09-13T12:54:27.605264+02:00 vmi3427693 sshd[627198]: pam_unix(sshd:auth): check pass; user unknown
2026-09-13T12:54:27.605625+02:00 vmi3427693 sshd[627198]: pam_unix(sshd:auth): authentication failure; logname= uid=0 euid=0 tty=ssh ruser= rhost=109.160.32.46
2026-09-13T12:54:29.516831+02:00 vmi3427693 sshd[627198]: Failed password for invalid user admin from 109.160.32.46 port 36212 ssh2
2026-09-13T12:54:30.311272+02:00 vmi3427693 sshd[627198]: Connection closed by invalid user admin 109.160.32.46 port 36212 [preauth]
2026-09-13T12:54:32.819150+02:00 vmi3427693 sshd[627210]: Invalid user admin from 109.160.32.46 port 36258
2026-09-13T12:54:33.132270+02:00 vmi3427693 sshd[627210]: pam_unix(sshd:auth): check pass; user unknown
2026-09-13T12:54:33.132721+02:00 vmi3427693 sshd[627210]: pam_unix(sshd:auth): authentication failure; logname= uid=0 euid=0 tty=ssh ruser= rhost=109.160.32.46
2026-09-13T12:54:35.198638+02:00 vmi3427693 sshd[627210]: Failed password for invalid user admin from 109.160.32.46 port 36258 ssh2
2026-09-13T12:54:35.843957+02:00 vmi3427693 sshd[627210]: Connection closed by invalid user admin 109.160.32.46 port 36258 [preauth]
2026-09-13T12:54:37.661066+02:00 vmi3427693 sshd[627222]: Invalid user devops from 109.160.32.46 port 45612
2026-09-13T12:54:37.734176+02:00 vmi3427693 sshd[627222]: pam_unix(sshd:auth): check pass; user unknown
2026-09-13T12:54:37.734442+02:00 vmi3427693 sshd[627222]: pam_unix(sshd:auth): authentication failure; logname= uid=0 euid=0 tty=ssh ruser= rhost=109.160.32.46
2026-09-13T12:54:39.678328+02:00 vmi3427693 sshd[627222]: Failed password for invalid user devops from 109.160.32.46 port 45612 ssh2
2026-09-13T12:54:40.041390+02:00 vmi3427693 sshd[627222]: Connection closed by invalid user devops 109.160.32.46 port 45612 [preauth]
2026-09-13T12:54:40.749673+02:00 vmi3427693 sshd[627229]: pam_unix(sshd:auth): authentication failure; logname= uid=0 euid=0 tty=ssh ruser= rhost=45.182.206.203 user=root
2026-09-13T12:54:42.444365+02:00 vmi3427693 sshd[627229]: Failed password for root from 45.182.206.203 port 48236 ssh2
2026-09-13T12:54:42.712952+02:00 vmi3427693 sshd[627237]: Invalid user devops from 109.160.32.46 port 45662
2026-09-13T12:54:42.788454+02:00 vmi3427693 sshd[627237]: pam_unix(sshd:auth): check pass; user unknown
2026-09-13T12:54:42.788689+02:00 vmi3427693 sshd[627237]: pam_unix(sshd:auth): authentication failure; logname= uid=0 euid=0 tty=ssh ruser= rhost=109.160.32.46
2026-09-13T12:54:43.162477+02:00 vmi3427693 sshd[627229]: Received disconnect from 45.182.206.203 port 48236:11: Bye Bye [preauth]
2026-09-13T12:54:43.162728+02:00 vmi3427693 sshd[627229]: Disconnected from authenticating user root 45.182.206.203 port 48236 [preauth]
2026-09-13T12:54:44.426163+02:00 vmi3427693 sshd[627237]: Failed password for invalid user devops from 109.160.32.46 port 45662 ssh2
2026-09-13T12:54:45.261622+02:00 vmi3427693 sshd[627237]: Connection closed by invalid user devops 109.160.32.46 port 45662 [preauth]
2026-09-13T12:54:47.384166+02:00 vmi3427693 sshd[627249]: Invalid user www from 109.160.32.46 port 42336
2026-09-13T12:54:47.416078+02:00 vmi3427693 sshd[627249]: pam_unix(sshd:auth): check pass; user unknown
2026-09-13T12:54:47.416314+02:00 vmi3427693 sshd[627249]: pam_unix(sshd:auth): authentication failure; logname= uid=0 euid=0 tty=ssh ruser= rhost=109.160.32.46
2026-09-13T12:54:49.739070+02:00 vmi3427693 sshd[627249]: Failed password for invalid user www from 109.160.32.46 port 42336 ssh2
2026-09-13T12:54:51.197409+02:00 vmi3427693 sshd[627249]: Connection closed by invalid user www 109.160.32.46 port 42336 [preauth]
2026-09-13T12:54:52.261849+02:00 vmi3427693 sshd[627261]: Invalid user mc from 109.160.32.46 port 42376
2026-09-13T12:54:52.304650+02:00 vmi3427693 sshd[627261]: pam_unix(sshd:auth): check pass; user unknown
2026-09-13T12:54:52.304876+02:00 vmi3427693 sshd[627261]: pam_unix(sshd:auth): authentication failure; logname= uid=0 euid=0 tty=ssh ruser= rhost=109.160.32.46
2026-09-13T12:54:53.980040+02:00 vmi3427693 sshd[627261]: Failed password for invalid user mc from 109.160.32.46 port 42376 ssh2
2026-09-13T12:54:54.155500+02:00 vmi3427693 sshd[627261]: Connection closed by invalid user mc 109.160.32.46 port 42376 [preauth]
2026-09-13T12:54:57.364467+02:00 vmi3427693 sshd[627274]: Invalid user mc from 109.160.32.46 port 34948
2026-09-13T12:54:57.386158+02:00 vmi3427693 sshd[627274]: pam_unix(sshd:auth): check pass; user unknown
2026-09-13T12:54:57.386618+02:00 vmi3427693 sshd[627274]: pam_unix(sshd:auth): authentication failure; logname= uid=0 euid=0 tty=ssh ruser= rhost=109.160.32.46
2026-09-13T12:54:58.084451+02:00 vmi3427693 sshd[627272]: pam_unix(sshd:auth): authentication failure; logname= uid=0 euid=0 tty=ssh ruser= rhost=58.152.42.212 user=root
2026-09-13T12:54:59.413849+02:00 vmi3427693 sshd[627274]: Failed password for invalid user mc from 109.160.32.46 port 34948 ssh2
2026-09-13T12:54:59.915258+02:00 vmi3427693 sshd[627272]: Failed password for root from 58.152.42.212 port 47878 ssh2
2026-09-13T12:55:00.490192+02:00 vmi3427693 sshd[627272]: Received disconnect from 58.152.42.212 port 47878:11: Bye Bye [preauth]
2026-09-13T12:55:00.496034+02:00 vmi3427693 sshd[627272]: Disconnected from authenticating user root 58.152.42.212 port 47878 [preauth]
2026-09-13T12:55:01.043799+02:00 vmi3427693 sshd[627274]: Connection closed by invalid user mc 109.160.32.46 port 34948 [preauth]
2026-09-13T12:55:01.132277+02:00 vmi3427693 CRON[627284]: pam_unix(cron:session): session opened for user root(uid=0) by root(uid=0)
2026-09-13T12:55:01.148915+02:00 vmi3427693 CRON[627285]: pam_unix(cron:session): session opened for user root(uid=0) by root(uid=0)
2026-09-13T12:55:01.195613+02:00 vmi3427693 CRON[627284]: pam_unix(cron:session): session closed for user root
2026-09-13T12:55:01.604566+02:00 vmi3427693 CRON[627285]: pam_unix(cron:session): session closed for user root
2026-09-13T12:55:02.481734+02:00 vmi3427693 sshd[627292]: Invalid user lx from 109.160.32.46 port 35008
2026-09-13T12:55:02.541850+02:00 vmi3427693 sshd[627292]: pam_unix(sshd:auth): check pass; user unknown
2026-09-13T12:55:02.542072+02:00 vmi3427693 sshd[627292]: pam_unix(sshd:auth): authentication failure; logname= uid=0 euid=0 tty=ssh ruser= rhost=109.160.32.46
2026-09-13T12:55:04.948122+02:00 vmi3427693 sshd[627292]: Failed password for invalid user lx from 109.160.32.46 port 35008 ssh2
2026-09-13T12:55:05.047079+02:00 vmi3427693 sshd[627299]: Connection closed by 128.199.189.224 port 48706
2026-09-13T12:55:05.859844+02:00 vmi3427693 sshd[627292]: Connection closed by invalid user lx 109.160.32.46 port 35008 [preauth]
2026-09-13T12:55:05.872785+02:00 vmi3427693 sshd[627301]: Invalid user zhangqinyuan from 128.199.189.224 port 50064
2026-09-13T12:55:06.033730+02:00 vmi3427693 sshd[627301]: pam_unix(sshd:auth): check pass; user unknown
2026-09-13T12:55:06.034003+02:00 vmi3427693 sshd[627301]: pam_unix(sshd:auth): authentication failure; logname= uid=0 euid=0 tty=ssh ruser= rhost=128.199.189.224
2026-09-13T12:55:07.646600+02:00 vmi3427693 sshd[627308]: Invalid user data from 109.160.32.46 port 39384
2026-09-13T12:55:07.666034+02:00 vmi3427693 sshd[627308]: pam_unix(sshd:auth): check pass; user unknown
2026-09-13T12:55:07.666986+02:00 vmi3427693 sshd[627308]: pam_unix(sshd:auth): authentication failure; logname= uid=0 euid=0 tty=ssh ruser= rhost=109.160.32.46
2026-09-13T12:55:07.968317+02:00 vmi3427693 sshd[627301]: Failed password for invalid user zhangqinyuan from 128.199.189.224 port 50064 ssh2
2026-09-13T12:55:09.732882+02:00 vmi3427693 sshd[627308]: Failed password for invalid user data from 109.160.32.46 port 39384 ssh2
2026-09-13T12:55:09.812657+02:00 vmi3427693 sshd[627301]: Connection closed by invalid user zhangqinyuan 128.199.189.224 port 50064 [preauth]
