2026-09-13T13:23:54.244175+02:00 vmi3427693 sshd[632811]: pam_unix(sshd:auth): authentication failure; logname= uid=0 euid=0 tty=ssh ruser= rhost=159.223.173.125 user=root
2026-09-13T13:23:56.261371+02:00 vmi3427693 sshd[632816]: Failed password for invalid user cloud from 109.160.32.46 port 37138 ssh2
2026-09-13T13:23:56.400610+02:00 vmi3427693 sshd[632811]: Failed password for root from 159.223.173.125 port 34916 ssh2
2026-09-13T13:23:56.420083+02:00 vmi3427693 sshd[632816]: Connection closed by invalid user cloud 109.160.32.46 port 37138 [preauth]
2026-09-13T13:23:56.548641+02:00 vmi3427693 sshd[632811]: Connection closed by authenticating user root 159.223.173.125 port 34916 [preauth]
2026-09-13T13:23:57.200715+02:00 vmi3427693 sshd[632827]: pam_unix(sshd:auth): authentication failure; logname= uid=0 euid=0 tty=ssh ruser= rhost=159.223.173.125 user=root
2026-09-13T13:23:59.011371+02:00 vmi3427693 sshd[632833]: Invalid user webuser from 109.160.32.46 port 52374
2026-09-13T13:23:59.064214+02:00 vmi3427693 sshd[632833]: pam_unix(sshd:auth): check pass; user unknown
2026-09-13T13:23:59.066302+02:00 vmi3427693 sshd[632833]: pam_unix(sshd:auth): authentication failure; logname= uid=0 euid=0 tty=ssh ruser= rhost=109.160.32.46
2026-09-13T13:23:59.101075+02:00 vmi3427693 sshd[632827]: Failed password for root from 159.223.173.125 port 34932 ssh2
2026-09-13T13:23:59.519554+02:00 vmi3427693 sshd[632827]: Connection closed by authenticating user root 159.223.173.125 port 34932 [preauth]
2026-09-13T13:24:00.180985+02:00 vmi3427693 sshd[632837]: pam_unix(sshd:auth): authentication failure; logname= uid=0 euid=0 tty=ssh ruser= rhost=159.223.173.125 user=root
2026-09-13T13:24:00.904981+02:00 vmi3427693 sshd[632833]: Failed password for invalid user webuser from 109.160.32.46 port 52374 ssh2
2026-09-13T13:24:01.458036+02:00 vmi3427693 CRON[632845]: pam_unix(cron:session): session opened for user root(uid=0) by root(uid=0)
2026-09-13T13:24:01.554031+02:00 vmi3427693 CRON[632845]: pam_unix(cron:session): session closed for user root
2026-09-13T13:24:01.838358+02:00 vmi3427693 sshd[632833]: Connection closed by invalid user webuser 109.160.32.46 port 52374 [preauth]
2026-09-13T13:24:02.494320+02:00 vmi3427693 sshd[632837]: Failed password for root from 159.223.173.125 port 34944 ssh2
2026-09-13T13:24:03.701236+02:00 vmi3427693 sshd[632853]: Invalid user webuser from 109.160.32.46 port 52424
2026-09-13T13:24:03.736922+02:00 vmi3427693 sshd[632853]: pam_unix(sshd:auth): check pass; user unknown
2026-09-13T13:24:03.737181+02:00 vmi3427693 sshd[632853]: pam_unix(sshd:auth): authentication failure; logname= uid=0 euid=0 tty=ssh ruser= rhost=109.160.32.46
2026-09-13T13:24:04.852339+02:00 vmi3427693 sshd[632837]: Connection closed by authenticating user root 159.223.173.125 port 34944 [preauth]
2026-09-13T13:24:05.191318+02:00 vmi3427693 sshd[632856]: Invalid user adminuser from 46.8.31.84 port 41578
2026-09-13T13:24:05.195592+02:00 vmi3427693 sshd[632856]: pam_unix(sshd:auth): check pass; user unknown
2026-09-13T13:24:05.195893+02:00 vmi3427693 sshd[632856]: pam_unix(sshd:auth): authentication failure; logname= uid=0 euid=0 tty=ssh ruser= rhost=46.8.31.84
2026-09-13T13:24:05.462644+02:00 vmi3427693 sshd[632853]: Failed password for invalid user webuser from 109.160.32.46 port 52424 ssh2
2026-09-13T13:24:05.522336+02:00 vmi3427693 sshd[632859]: pam_unix(sshd:auth): authentication failure; logname= uid=0 euid=0 tty=ssh ruser= rhost=159.223.173.125 user=root
2026-09-13T13:24:06.366791+02:00 vmi3427693 sshd[632853]: Connection closed by invalid user webuser 109.160.32.46 port 52424 [preauth]
2026-09-13T13:24:07.527857+02:00 vmi3427693 sshd[632856]: Failed password for invalid user adminuser from 46.8.31.84 port 41578 ssh2
2026-09-13T13:24:07.856114+02:00 vmi3427693 sshd[632859]: Failed password for root from 159.223.173.125 port 59316 ssh2
2026-09-13T13:24:09.104488+02:00 vmi3427693 sshd[632868]: pam_unix(sshd:auth): authentication failure; logname= uid=0 euid=0 tty=ssh ruser= rhost=109.160.32.46 user=root
2026-09-13T13:24:09.287490+02:00 vmi3427693 sshd[632856]: Connection closed by invalid user adminuser 46.8.31.84 port 41578 [preauth]
2026-09-13T13:24:10.118111+02:00 vmi3427693 sshd[632859]: Connection closed by authenticating user root 159.223.173.125 port 59316 [preauth]
2026-09-13T13:24:10.892456+02:00 vmi3427693 sshd[632874]: pam_unix(sshd:auth): authentication failure; logname= uid=0 euid=0 tty=ssh ruser= rhost=159.223.173.125 user=root
2026-09-13T13:24:10.984944+02:00 vmi3427693 sshd[632868]: Failed password for root from 109.160.32.46 port 52364 ssh2
2026-09-13T13:24:11.358930+02:00 vmi3427693 sshd[632868]: Connection closed by authenticating user root 109.160.32.46 port 52364 [preauth]
2026-09-13T13:24:12.577414+02:00 vmi3427693 sshd[632874]: Failed password for root from 159.223.173.125 port 59332 ssh2
2026-09-13T13:24:13.270079+02:00 vmi3427693 sshd[632874]: Connection closed by authenticating user root 159.223.173.125 port 59332 [preauth]
2026-09-13T13:24:13.968042+02:00 vmi3427693 sshd[632883]: pam_unix(sshd:auth): authentication failure; logname= uid=0 euid=0 tty=ssh ruser= rhost=159.223.173.125 user=root
2026-09-13T13:24:14.032278+02:00 vmi3427693 sshd[632885]: pam_unix(sshd:auth): authentication failure; logname= uid=0 euid=0 tty=ssh ruser= rhost=109.160.32.46 user=root
2026-09-13T13:24:15.733264+02:00 vmi3427693 sshd[632883]: Failed password for root from 159.223.173.125 port 49398 ssh2
2026-09-13T13:24:15.797177+02:00 vmi3427693 sshd[632885]: Failed password for root from 109.160.32.46 port 52400 ssh2
2026-09-13T13:24:16.240423+02:00 vmi3427693 sshd[632885]: Connection closed by authenticating user root 109.160.32.46 port 52400 [preauth]
2026-09-13T13:24:16.289427+02:00 vmi3427693 sshd[632883]: Connection closed by authenticating user root 159.223.173.125 port 49398 [preauth]
2026-09-13T13:24:17.035207+02:00 vmi3427693 sshd[632893]: pam_unix(sshd:auth): authentication failure; logname= uid=0 euid=0 tty=ssh ruser= rhost=159.223.173.125 user=root
2026-09-13T13:24:17.650023+02:00 vmi3427693 sshd[632897]: pam_unix(sshd:auth): authentication failure; logname= uid=0 euid=0 tty=ssh ruser= rhost=80.94.92.55 user=backup
2026-09-13T13:24:18.883426+02:00 vmi3427693 sshd[632900]: Invalid user deploy from 202.152.148.30 port 49776
2026-09-13T13:24:18.888851+02:00 vmi3427693 sshd[632900]: pam_unix(sshd:auth): check pass; user unknown
2026-09-13T13:24:18.889069+02:00 vmi3427693 sshd[632900]: pam_unix(sshd:auth): authentication failure; logname= uid=0 euid=0 tty=ssh ruser= rhost=202.152.148.30
2026-09-13T13:24:19.211296+02:00 vmi3427693 sshd[632893]: Failed password for root from 159.223.173.125 port 49410 ssh2
2026-09-13T13:24:19.244312+02:00 vmi3427693 sshd[632905]: pam_unix(sshd:auth): authentication failure; logname= uid=0 euid=0 tty=ssh ruser= rhost=109.160.32.46 user=root
2026-09-13T13:24:19.341715+02:00 vmi3427693 sshd[632893]: Connection closed by authenticating user root 159.223.173.125 port 49410 [preauth]
2026-09-13T13:24:19.960323+02:00 vmi3427693 sshd[632897]: Failed password for backup from 80.94.92.55 port 38576 ssh2
2026-09-13T13:24:20.081218+02:00 vmi3427693 sshd[632908]: pam_unix(sshd:auth): authentication failure; logname= uid=0 euid=0 tty=ssh ruser= rhost=159.223.173.125 user=root
2026-09-13T13:24:21.005689+02:00 vmi3427693 sshd[632900]: Failed password for invalid user deploy from 202.152.148.30 port 49776 ssh2
2026-09-13T13:24:21.469259+02:00 vmi3427693 sshd[632897]: Connection closed by authenticating user backup 80.94.92.55 port 38576 [preauth]
2026-09-13T13:24:21.834866+02:00 vmi3427693 sshd[632905]: Failed password for root from 109.160.32.46 port 43772 ssh2
2026-09-13T13:24:21.884366+02:00 vmi3427693 sshd[632900]: Received disconnect from 202.152.148.30 port 49776:11: Bye Bye [preauth]
2026-09-13T13:24:21.884925+02:00 vmi3427693 sshd[632900]: Disconnected from invalid user deploy 202.152.148.30 port 49776 [preauth]
2026-09-13T13:24:22.473432+02:00 vmi3427693 sshd[632908]: Failed password for root from 159.223.173.125 port 49414 ssh2
2026-09-13T13:24:23.768122+02:00 vmi3427693 sshd[632905]: Connection closed by authenticating user root 109.160.32.46 port 43772 [preauth]
2026-09-13T13:24:23.907911+02:00 vmi3427693 sshd[632920]: pam_unix(sshd:auth): authentication failure; logname= uid=0 euid=0 tty=ssh ruser= rhost=109.160.32.46 user=root
2026-09-13T13:24:24.696620+02:00 vmi3427693 sshd[632908]: Connection closed by authenticating user root 159.223.173.125 port 49414 [preauth]
2026-09-13T13:24:25.428901+02:00 vmi3427693 sshd[632924]: pam_unix(sshd:auth): authentication failure; logname= uid=0 euid=0 tty=ssh ruser= rhost=159.223.173.125 user=root
2026-09-13T13:24:25.711111+02:00 vmi3427693 sshd[632920]: Failed password for root from 109.160.32.46 port 43818 ssh2
2026-09-13T13:24:26.153649+02:00 vmi3427693 sshd[632920]: Connection closed by authenticating user root 109.160.32.46 port 43818 [preauth]
2026-09-13T13:24:27.263785+02:00 vmi3427693 sshd[632928]: Invalid user sosemaloku from 58.152.42.212 port 33924
2026-09-13T13:24:27.269488+02:00 vmi3427693 sshd[632928]: pam_unix(sshd:auth): check pass; user unknown
2026-09-13T13:24:27.269973+02:00 vmi3427693 sshd[632928]: pam_unix(sshd:auth): authentication failure; logname= uid=0 euid=0 tty=ssh ruser= rhost=58.152.42.212
2026-09-13T13:24:27.841127+02:00 vmi3427693 sshd[632924]: Failed password for root from 159.223.173.125 port 45658 ssh2
2026-09-13T13:24:28.954511+02:00 vmi3427693 sshd[632928]: Failed password for invalid user sosemaloku from 58.152.42.212 port 33924 ssh2
2026-09-13T13:24:29.104390+02:00 vmi3427693 sshd[632935]: pam_unix(sshd:auth): authentication failure; logname= uid=0 euid=0 tty=ssh ruser= rhost=109.160.32.46 user=root
2026-09-13T13:24:29.389319+02:00 vmi3427693 sshd[632928]: Received disconnect from 58.152.42.212 port 33924:11: Bye Bye [preauth]
2026-09-13T13:24:29.389578+02:00 vmi3427693 sshd[632928]: Disconnected from invalid user sosemaloku 58.152.42.212 port 33924 [preauth]
2026-09-13T13:24:30.087381+02:00 vmi3427693 sshd[632924]: Connection closed by authenticating user root 159.223.173.125 port 45658 [preauth]
2026-09-13T13:24:31.065901+02:00 vmi3427693 sshd[632935]: Failed password for root from 109.160.32.46 port 39452 ssh2
2026-09-13T13:24:31.218824+02:00 vmi3427693 sshd[632941]: pam_unix(sshd:auth): authentication failure; logname= uid=0 euid=0 tty=ssh ruser= rhost=159.223.173.125 user=root
2026-09-13T13:24:31.333323+02:00 vmi3427693 sshd[632935]: Connection closed by authenticating user root 109.160.32.46 port 39452 [preauth]
2026-09-13T13:24:32.947493+02:00 vmi3427693 sshd[632947]: Invalid user vpsuser from 20.127.185.37 port 46356
2026-09-13T13:24:32.952887+02:00 vmi3427693 sshd[632947]: pam_unix(sshd:auth): check pass; user unknown
2026-09-13T13:24:32.953073+02:00 vmi3427693 sshd[632947]: pam_unix(sshd:auth): authentication failure; logname= uid=0 euid=0 tty=ssh ruser= rhost=20.127.185.37
2026-09-13T13:24:33.787085+02:00 vmi3427693 sshd[632941]: Failed password for root from 159.223.173.125 port 45666 ssh2
2026-09-13T13:24:33.797839+02:00 vmi3427693 sshd[632952]: Invalid user ftpuser from 109.160.32.46 port 39504
2026-09-13T13:24:33.815193+02:00 vmi3427693 sshd[632952]: pam_unix(sshd:auth): check pass; user unknown
2026-09-13T13:24:33.815443+02:00 vmi3427693 sshd[632952]: pam_unix(sshd:auth): authentication failure; logname= uid=0 euid=0 tty=ssh ruser= rhost=109.160.32.46
2026-09-13T13:24:35.326286+02:00 vmi3427693 sshd[632947]: Failed password for invalid user vpsuser from 20.127.185.37 port 46356 ssh2
2026-09-13T13:24:35.656723+02:00 vmi3427693 sshd[632952]: Failed password for invalid user ftpuser from 109.160.32.46 port 39504 ssh2
2026-09-13T13:24:35.801034+02:00 vmi3427693 sshd[632947]: Received disconnect from 20.127.185.37 port 46356:11: Bye Bye [preauth]
2026-09-13T13:24:35.801276+02:00 vmi3427693 sshd[632947]: Disconnected from invalid user vpsuser 20.127.185.37 port 46356 [preauth]
2026-09-13T13:24:35.879615+02:00 vmi3427693 sshd[632941]: Connection closed by authenticating user root 159.223.173.125 port 45666 [preauth]
2026-09-13T13:24:36.769739+02:00 vmi3427693 sshd[632958]: pam_unix(sshd:auth): authentication failure; logname= uid=0 euid=0 tty=ssh ruser= rhost=159.223.173.125 user=root
2026-09-13T13:24:37.066316+02:00 vmi3427693 sshd[632952]: Connection closed by invalid user ftpuser 109.160.32.46 port 39504 [preauth]
2026-09-13T13:24:38.611481+02:00 vmi3427693 sshd[632965]: Invalid user ftpuser from 109.160.32.46 port 57362
2026-09-13T13:24:38.626455+02:00 vmi3427693 sshd[632965]: pam_unix(sshd:auth): check pass; user unknown
2026-09-13T13:24:38.626732+02:00 vmi3427693 sshd[632965]: pam_unix(sshd:auth): authentication failure; logname= uid=0 euid=0 tty=ssh ruser= rhost=109.160.32.46
2026-09-13T13:24:38.690346+02:00 vmi3427693 sshd[632958]: Failed password for root from 159.223.173.125 port 42220 ssh2
2026-09-13T13:24:39.072225+02:00 vmi3427693 sshd[632958]: Connection closed by authenticating user root 159.223.173.125 port 42220 [preauth]
2026-09-13T13:24:39.805650+02:00 vmi3427693 sshd[632970]: pam_unix(sshd:auth): authentication failure; logname= uid=0 euid=0 tty=ssh ruser= rhost=159.223.173.125 user=root
2026-09-13T13:24:41.491033+02:00 vmi3427693 sshd[632965]: Failed password for invalid user ftpuser from 109.160.32.46 port 57362 ssh2
2026-09-13T13:24:41.807205+02:00 vmi3427693 sshd[632970]: Failed password for root from 159.223.173.125 port 42228 ssh2
2026-09-13T13:24:41.931953+02:00 vmi3427693 sshd[632965]: Connection closed by invalid user ftpuser 109.160.32.46 port 57362 [preauth]
2026-09-13T13:24:42.129693+02:00 vmi3427693 sshd[632970]: Connection closed by authenticating user root 159.223.173.125 port 42228 [preauth]
2026-09-13T13:24:42.787297+02:00 vmi3427693 sshd[632978]: pam_unix(sshd:auth): authentication failure; logname= uid=0 euid=0 tty=ssh ruser= rhost=159.223.173.125 user=root
2026-09-13T13:24:43.879924+02:00 vmi3427693 sshd[632983]: pam_unix(sshd:auth): authentication failure; logname= uid=0 euid=0 tty=ssh ruser= rhost=109.160.32.46 user=root
2026-09-13T13:24:45.199683+02:00 vmi3427693 sshd[632978]: Failed password for root from 159.223.173.125 port 42238 ssh2
2026-09-13T13:24:46.427769+02:00 vmi3427693 sshd[632983]: Failed password for root from 109.160.32.46 port 57396 ssh2
2026-09-13T13:24:47.392294+02:00 vmi3427693 sshd[632978]: Connection closed by authenticating user root 159.223.173.125 port 42238 [preauth]
2026-09-13T13:24:48.151639+02:00 vmi3427693 sshd[632992]: pam_unix(sshd:auth): authentication failure; logname= uid=0 euid=0 tty=ssh ruser= rhost=159.223.173.125 user=root
2026-09-13T13:24:48.395338+02:00 vmi3427693 sshd[632983]: Connection closed by authenticating user root 109.160.32.46 port 57396 [preauth]
2026-09-13T13:24:48.727824+02:00 vmi3427693 sshd[632996]: pam_unix(sshd:auth): authentication failure; logname= uid=0 euid=0 tty=ssh ruser= rhost=109.160.32.46 user=root
2026-09-13T13:24:49.721279+02:00 vmi3427693 sshd[632992]: Failed password for root from 159.223.173.125 port 46398 ssh2
2026-09-13T13:24:50.296949+02:00 vmi3427693 sshd[632996]: Failed password for root from 109.160.32.46 port 44862 ssh2
2026-09-13T13:24:50.487333+02:00 vmi3427693 sshd[632992]: Connection closed by authenticating user root 159.223.173.125 port 46398 [preauth]
2026-09-13T13:24:50.948309+02:00 vmi3427693 sshd[632996]: Connection closed by authenticating user root 109.160.32.46 port 44862 [preauth]
2026-09-13T13:24:51.247399+02:00 vmi3427693 sshd[633002]: pam_unix(sshd:auth): authentication failure; logname= uid=0 euid=0 tty=ssh ruser= rhost=159.223.173.125 user=root
2026-09-13T13:24:53.229850+02:00 vmi3427693 sshd[633002]: Failed password for root from 159.223.173.125 port 46406 ssh2
2026-09-13T13:24:53.659600+02:00 vmi3427693 sshd[633002]: Connection closed by authenticating user root 159.223.173.125 port 46406 [preauth]
2026-09-13T13:24:53.734068+02:00 vmi3427693 sshd[633011]: Invalid user mongodb from 109.160.32.46 port 44914
2026-09-13T13:24:53.755840+02:00 vmi3427693 sshd[633011]: pam_unix(sshd:auth): check pass; user unknown
2026-09-13T13:24:53.756119+02:00 vmi3427693 sshd[633011]: pam_unix(sshd:auth): authentication failure; logname= uid=0 euid=0 tty=ssh ruser= rhost=109.160.32.46
2026-09-13T13:24:54.761194+02:00 vmi3427693 sshd[633014]: pam_unix(sshd:auth): authentication failure; logname= uid=0 euid=0 tty=ssh ruser= rhost=159.223.173.125 user=root
2026-09-13T13:24:55.676923+02:00 vmi3427693 sshd[633011]: Failed password for invalid user mongodb from 109.160.32.46 port 44914 ssh2
2026-09-13T13:24:56.666841+02:00 vmi3427693 sshd[633011]: Connection closed by invalid user mongodb 109.160.32.46 port 44914 [preauth]
2026-09-13T13:24:56.975993+02:00 vmi3427693 sshd[633020]: Invalid user celeryuser from 45.182.206.203 port 34616
2026-09-13T13:24:56.980946+02:00 vmi3427693 sshd[633020]: pam_unix(sshd:auth): check pass; user unknown
2026-09-13T13:24:56.981167+02:00 vmi3427693 sshd[633020]: pam_unix(sshd:auth): authentication failure; logname= uid=0 euid=0 tty=ssh ruser= rhost=45.182.206.203
2026-09-13T13:24:57.152786+02:00 vmi3427693 sshd[633014]: Failed password for root from 159.223.173.125 port 50324 ssh2
2026-09-13T13:24:58.687123+02:00 vmi3427693 sshd[633027]: Invalid user chris from 109.160.32.46 port 43136
2026-09-13T13:24:58.706816+02:00 vmi3427693 sshd[633027]: pam_unix(sshd:auth): check pass; user unknown
2026-09-13T13:24:58.710346+02:00 vmi3427693 sshd[633027]: pam_unix(sshd:auth): authentication failure; logname= uid=0 euid=0 tty=ssh ruser= rhost=109.160.32.46
2026-09-13T13:24:58.982363+02:00 vmi3427693 sshd[633020]: Failed password for invalid user celeryuser from 45.182.206.203 port 34616 ssh2
2026-09-13T13:24:59.487142+02:00 vmi3427693 sshd[633014]: Connection closed by authenticating user root 159.223.173.125 port 50324 [preauth]
2026-09-13T13:25:00.207464+02:00 vmi3427693 sshd[633020]: Received disconnect from 45.182.206.203 port 34616:11: Bye Bye [preauth]
2026-09-13T13:25:00.208293+02:00 vmi3427693 sshd[633020]: Disconnected from invalid user celeryuser 45.182.206.203 port 34616 [preauth]
2026-09-13T13:25:00.322111+02:00 vmi3427693 sshd[633027]: Failed password for invalid user chris from 109.160.32.46 port 43136 ssh2
2026-09-13T13:25:00.904543+02:00 vmi3427693 sshd[633027]: Connection closed by invalid user chris 109.160.32.46 port 43136 [preauth]
2026-09-13T13:25:01.003455+02:00 vmi3427693 sshd[633031]: pam_unix(sshd:auth): authentication failure; logname= uid=0 euid=0 tty=ssh ruser= rhost=159.223.173.125 user=root
2026-09-13T13:25:01.568019+02:00 vmi3427693 CRON[633037]: pam_unix(cron:session): session opened for user root(uid=0) by root(uid=0)
2026-09-13T13:25:01.574728+02:00 vmi3427693 CRON[633038]: pam_unix(cron:session): session opened for user root(uid=0) by root(uid=0)
2026-09-13T13:25:01.591289+02:00 vmi3427693 CRON[633037]: pam_unix(cron:session): session closed for user root
2026-09-13T13:25:01.647815+02:00 vmi3427693 CRON[633038]: pam_unix(cron:session): session closed for user root
2026-09-13T13:25:03.227728+02:00 vmi3427693 sshd[633031]: Failed password for root from 159.223.173.125 port 50336 ssh2
2026-09-13T13:25:03.642690+02:00 vmi3427693 sshd[633047]: Invalid user chris from 109.160.32.46 port 43204
2026-09-13T13:25:03.661419+02:00 vmi3427693 sshd[633047]: pam_unix(sshd:auth): check pass; user unknown
2026-09-13T13:25:03.661677+02:00 vmi3427693 sshd[633047]: pam_unix(sshd:auth): authentication failure; logname= uid=0 euid=0 tty=ssh ruser= rhost=109.160.32.46
2026-09-13T13:25:05.622776+02:00 vmi3427693 sshd[633047]: Failed password for invalid user chris from 109.160.32.46 port 43204 ssh2
2026-09-13T13:25:05.648905+02:00 vmi3427693 sshd[633031]: Connection closed by authenticating user root 159.223.173.125 port 50336 [preauth]
2026-09-13T13:25:06.158839+02:00 vmi3427693 sshd[633047]: Connection closed by invalid user chris 109.160.32.46 port 43204 [preauth]
2026-09-13T13:25:06.526051+02:00 vmi3427693 sshd[633054]: pam_unix(sshd:auth): authentication failure; logname= uid=0 euid=0 tty=ssh ruser= rhost=159.223.173.125 user=root
2026-09-13T13:25:08.336081+02:00 vmi3427693 sshd[633060]: Invalid user test from 109.160.32.46 port 39598
2026-09-13T13:25:08.370428+02:00 vmi3427693 sshd[633060]: pam_unix(sshd:auth): check pass; user unknown
2026-09-13T13:25:08.370673+02:00 vmi3427693 sshd[633060]: pam_unix(sshd:auth): authentication failure; logname= uid=0 euid=0 tty=ssh ruser= rhost=109.160.32.46
2026-09-13T13:25:08.900458+02:00 vmi3427693 sshd[633054]: Failed password for root from 159.223.173.125 port 35582 ssh2
2026-09-13T13:25:10.354407+02:00 vmi3427693 sshd[633060]: Failed password for invalid user test from 109.160.32.46 port 39598 ssh2
2026-09-13T13:25:11.084169+02:00 vmi3427693 sshd[633054]: Connection closed by authenticating user root 159.223.173.125 port 35582 [preauth]
2026-09-13T13:25:11.932448+02:00 vmi3427693 sshd[633068]: pam_unix(sshd:auth): authentication failure; logname= uid=0 euid=0 tty=ssh ruser= rhost=159.223.173.125 user=root
2026-09-13T13:25:11.957811+02:00 vmi3427693 sshd[633060]: Connection closed by invalid user test 109.160.32.46 port 39598 [preauth]
2026-09-13T13:25:13.603465+02:00 vmi3427693 sshd[633074]: Invalid user Asalem from 109.160.32.46 port 39698
2026-09-13T13:25:13.657492+02:00 vmi3427693 sshd[633068]: Failed password for root from 159.223.173.125 port 35588 ssh2
2026-09-13T13:25:13.664413+02:00 vmi3427693 sshd[633074]: pam_unix(sshd:auth): check pass; user unknown
2026-09-13T13:25:13.664780+02:00 vmi3427693 sshd[633074]: pam_unix(sshd:auth): authentication failure; logname= uid=0 euid=0 tty=ssh ruser= rhost=109.160.32.46
2026-09-13T13:25:14.330515+02:00 vmi3427693 sshd[633068]: Connection closed by authenticating user root 159.223.173.125 port 35588 [preauth]
2026-09-13T13:25:15.094328+02:00 vmi3427693 sshd[633079]: pam_unix(sshd:auth): authentication failure; logname= uid=0 euid=0 tty=ssh ruser= rhost=159.223.173.125 user=root
2026-09-13T13:25:16.333186+02:00 vmi3427693 sshd[633074]: Failed password for invalid user Asalem from 109.160.32.46 port 39698 ssh2
2026-09-13T13:25:17.033987+02:00 vmi3427693 sshd[633079]: Failed password for root from 159.223.173.125 port 36696 ssh2
2026-09-13T13:25:17.379389+02:00 vmi3427693 sshd[633079]: Connection closed by authenticating user root 159.223.173.125 port 36696 [preauth]
2026-09-13T13:25:18.237642+02:00 vmi3427693 sshd[633090]: Invalid user nexus from 109.160.32.46 port 41926
2026-09-13T13:25:18.269630+02:00 vmi3427693 sshd[633090]: pam_unix(sshd:auth): check pass; user unknown
2026-09-13T13:25:18.269906+02:00 vmi3427693 sshd[633090]: pam_unix(sshd:auth): authentication failure; logname= uid=0 euid=0 tty=ssh ruser= rhost=109.160.32.46
2026-09-13T13:25:18.357304+02:00 vmi3427693 sshd[633087]: pam_unix(sshd:auth): authentication failure; logname= uid=0 euid=0 tty=ssh ruser= rhost=159.223.173.125 user=root
2026-09-13T13:25:18.413898+02:00 vmi3427693 sshd[633074]: Connection closed by invalid user Asalem 109.160.32.46 port 39698 [preauth]
2026-09-13T13:25:20.289810+02:00 vmi3427693 sshd[633090]: Failed password for invalid user nexus from 109.160.32.46 port 41926 ssh2
2026-09-13T13:25:20.378346+02:00 vmi3427693 sshd[633087]: Failed password for root from 159.223.173.125 port 36710 ssh2
2026-09-13T13:25:20.694506+02:00 vmi3427693 sshd[633087]: Connection closed by authenticating user root 159.223.173.125 port 36710 [preauth]
2026-09-13T13:25:21.365792+02:00 vmi3427693 sshd[633099]: pam_unix(sshd:auth): authentication failure; logname= uid=0 euid=0 tty=ssh ruser= rhost=159.223.173.125 user=root
2026-09-13T13:25:21.705922+02:00 vmi3427693 sshd[633090]: Connection closed by invalid user nexus 109.160.32.46 port 41926 [preauth]
2026-09-13T13:25:23.131053+02:00 vmi3427693 sshd[633099]: Failed password for root from 159.223.173.125 port 36724 ssh2
2026-09-13T13:25:23.372056+02:00 vmi3427693 sshd[633105]: Invalid user customer from 109.160.32.46 port 42002
2026-09-13T13:25:23.438637+02:00 vmi3427693 sshd[633105]: pam_unix(sshd:auth): check pass; user unknown
2026-09-13T13:25:23.438868+02:00 vmi3427693 sshd[633105]: pam_unix(sshd:auth): authentication failure; logname= uid=0 euid=0 tty=ssh ruser= rhost=109.160.32.46
2026-09-13T13:25:23.734794+02:00 vmi3427693 sshd[633099]: Connection closed by authenticating user root 159.223.173.125 port 36724 [preauth]
2026-09-13T13:25:24.107698+02:00 vmi3427693 sshd[633109]: pam_unix(sshd:auth): authentication failure; logname= uid=0 euid=0 tty=ssh ruser= rhost=45.148.10.157 user=root
2026-09-13T13:25:24.672213+02:00 vmi3427693 sshd[633111]: pam_unix(sshd:auth): authentication failure; logname= uid=0 euid=0 tty=ssh ruser= rhost=159.223.173.125 user=root
2026-09-13T13:25:24.812687+02:00 vmi3427693 sshd[633105]: Failed password for invalid user customer from 109.160.32.46 port 42002 ssh2
2026-09-13T13:25:24.858833+02:00 vmi3427693 sshd[633105]: Connection closed by invalid user customer 109.160.32.46 port 42002 [preauth]
2026-09-13T13:25:26.284459+02:00 vmi3427693 sshd[633109]: Failed password for root from 45.148.10.157 port 25732 ssh2
2026-09-13T13:25:26.848400+02:00 vmi3427693 sshd[633111]: Failed password for root from 159.223.173.125 port 44878 ssh2
2026-09-13T13:25:26.978470+02:00 vmi3427693 sshd[633111]: Connection closed by authenticating user root 159.223.173.125 port 44878 [preauth]
2026-09-13T13:25:27.639267+02:00 vmi3427693 sshd[633120]: pam_unix(sshd:auth): authentication failure; logname= uid=0 euid=0 tty=ssh ruser= rhost=159.223.173.125 user=root
2026-09-13T13:25:27.810357+02:00 vmi3427693 sshd[633123]: Invalid user ubuntu from 109.160.32.46 port 58404
2026-09-13T13:25:27.827651+02:00 vmi3427693 sshd[633123]: pam_unix(sshd:auth): check pass; user unknown
2026-09-13T13:25:27.827949+02:00 vmi3427693 sshd[633123]: pam_unix(sshd:auth): authentication failure; logname= uid=0 euid=0 tty=ssh ruser= rhost=109.160.32.46
2026-09-13T13:25:28.852022+02:00 vmi3427693 sshd[633109]: Failed password for root from 45.148.10.157 port 25732 ssh2
2026-09-13T13:25:29.560963+02:00 vmi3427693 sshd[633120]: Failed password for root from 159.223.173.125 port 44886 ssh2
2026-09-13T13:25:29.749158+02:00 vmi3427693 sshd[633123]: Failed password for invalid user ubuntu from 109.160.32.46 port 58404 ssh2
2026-09-13T13:25:29.864173+02:00 vmi3427693 sshd[633123]: Connection closed by invalid user ubuntu 109.160.32.46 port 58404 [preauth]
2026-09-13T13:25:30.094101+02:00 vmi3427693 sshd[633120]: Connection closed by authenticating user root 159.223.173.125 port 44886 [preauth]
2026-09-13T13:25:31.412073+02:00 vmi3427693 sshd[633130]: pam_unix(sshd:auth): authentication failure; logname= uid=0 euid=0 tty=ssh ruser= rhost=159.223.173.125 user=root
2026-09-13T13:25:32.794636+02:00 vmi3427693 sshd[633137]: Invalid user ubuntu from 109.160.32.46 port 58498
2026-09-13T13:25:32.810447+02:00 vmi3427693 sshd[633137]: pam_unix(sshd:auth): check pass; user unknown
2026-09-13T13:25:32.810786+02:00 vmi3427693 sshd[633137]: pam_unix(sshd:auth): authentication failure; logname= uid=0 euid=0 tty=ssh ruser= rhost=109.160.32.46
2026-09-13T13:25:32.977847+02:00 vmi3427693 sshd[633109]: Failed password for root from 45.148.10.157 port 25732 ssh2
2026-09-13T13:25:33.215557+02:00 vmi3427693 sshd[633130]: Failed password for root from 159.223.173.125 port 44890 ssh2
2026-09-13T13:25:33.796252+02:00 vmi3427693 sshd[633130]: Connection closed by authenticating user root 159.223.173.125 port 44890 [preauth]
2026-09-13T13:25:34.184404+02:00 vmi3427693 sshd[633140]: Invalid user pi from 202.152.148.30 port 50550
2026-09-13T13:25:34.188781+02:00 vmi3427693 sshd[633140]: pam_unix(sshd:auth): check pass; user unknown
2026-09-13T13:25:34.189031+02:00 vmi3427693 sshd[633140]: pam_unix(sshd:auth): authentication failure; logname= uid=0 euid=0 tty=ssh ruser= rhost=202.152.148.30
2026-09-13T13:25:34.513230+02:00 vmi3427693 sshd[633143]: pam_unix(sshd:auth): authentication failure; logname= uid=0 euid=0 tty=ssh ruser= rhost=159.223.173.125 user=root
2026-09-13T13:25:35.015968+02:00 vmi3427693 sshd[633109]: Failed password for root from 45.148.10.157 port 25732 ssh2
2026-09-13T13:25:35.086340+02:00 vmi3427693 sshd[633137]: Failed password for invalid user ubuntu from 109.160.32.46 port 58498 ssh2
2026-09-13T13:25:35.737849+02:00 vmi3427693 sshd[633140]: Failed password for invalid user pi from 202.152.148.30 port 50550 ssh2
2026-09-13T13:25:36.062749+02:00 vmi3427693 sshd[633143]: Failed password for root from 159.223.173.125 port 42682 ssh2
2026-09-13T13:25:36.536741+02:00 vmi3427693 sshd[633140]: Received disconnect from 202.152.148.30 port 50550:11: Bye Bye [preauth]
2026-09-13T13:25:36.537054+02:00 vmi3427693 sshd[633140]: Disconnected from invalid user pi 202.152.148.30 port 50550 [preauth]
2026-09-13T13:25:36.756013+02:00 vmi3427693 sshd[633137]: Connection closed by invalid user ubuntu 109.160.32.46 port 58498 [preauth]
2026-09-13T13:25:37.002738+02:00 vmi3427693 sshd[633143]: Connection closed by authenticating user root 159.223.173.125 port 42682 [preauth]
2026-09-13T13:25:37.590406+02:00 vmi3427693 sshd[633109]: Failed password for root from 45.148.10.157 port 25732 ssh2
2026-09-13T13:25:37.785832+02:00 vmi3427693 sshd[633155]: Invalid user www from 109.160.32.46 port 48158
2026-09-13T13:25:37.801009+02:00 vmi3427693 sshd[633109]: Connection reset by authenticating user root 45.148.10.157 port 25732 [preauth]
2026-09-13T13:25:37.802154+02:00 vmi3427693 sshd[633109]: PAM 4 more authentication failures; logname= uid=0 euid=0 tty=ssh ruser= rhost=45.148.10.157 user=root
2026-09-13T13:25:37.802303+02:00 vmi3427693 sshd[633155]: pam_unix(sshd:auth): check pass; user unknown
2026-09-13T13:25:37.802383+02:00 vmi3427693 sshd[633109]: PAM service(sshd) ignoring max retries; 5 > 3
2026-09-13T13:25:37.802469+02:00 vmi3427693 sshd[633155]: pam_unix(sshd:auth): authentication failure; logname= uid=0 euid=0 tty=ssh ruser= rhost=109.160.32.46
2026-09-13T13:25:38.067281+02:00 vmi3427693 sshd[633152]: pam_unix(sshd:auth): authentication failure; logname= uid=0 euid=0 tty=ssh ruser= rhost=159.223.173.125 user=root
2026-09-13T13:25:40.430886+02:00 vmi3427693 sshd[633155]: Failed password for invalid user www from 109.160.32.46 port 48158 ssh2
2026-09-13T13:25:40.695457+02:00 vmi3427693 sshd[633152]: Failed password for root from 159.223.173.125 port 42696 ssh2
2026-09-13T13:25:41.557411+02:00 vmi3427693 sshd[633155]: Connection closed by invalid user www 109.160.32.46 port 48158 [preauth]
2026-09-13T13:25:42.574847+02:00 vmi3427693 sshd[633171]: pam_unix(sshd:auth): authentication failure; logname= uid=0 euid=0 tty=ssh ruser= rhost=109.160.32.46 user=root
2026-09-13T13:25:42.706298+02:00 vmi3427693 sshd[633152]: Connection closed by authenticating user root 159.223.173.125 port 42696 [preauth]
2026-09-13T13:25:43.338737+02:00 vmi3427693 sshd[633168]: Invalid user oracle from 58.152.42.212 port 41150
2026-09-13T13:25:43.344651+02:00 vmi3427693 sshd[633168]: pam_unix(sshd:auth): check pass; user unknown
2026-09-13T13:25:43.344906+02:00 vmi3427693 sshd[633168]: pam_unix(sshd:auth): authentication failure; logname= uid=0 euid=0 tty=ssh ruser= rhost=58.152.42.212
2026-09-13T13:25:43.593495+02:00 vmi3427693 sshd[633174]: pam_unix(sshd:auth): authentication failure; logname= uid=0 euid=0 tty=ssh ruser= rhost=159.223.173.125 user=root
2026-09-13T13:25:44.224308+02:00 vmi3427693 sshd[633171]: Failed password for root from 109.160.32.46 port 48192 ssh2
2026-09-13T13:25:44.807377+02:00 vmi3427693 sshd[633171]: Connection closed by authenticating user root 109.160.32.46 port 48192 [preauth]
2026-09-13T13:25:45.130169+02:00 vmi3427693 sshd[633168]: Failed password for invalid user oracle from 58.152.42.212 port 41150 ssh2
2026-09-13T13:25:45.377410+02:00 vmi3427693 sshd[633174]: Failed password for root from 159.223.173.125 port 43856 ssh2
2026-09-13T13:25:45.817125+02:00 vmi3427693 sshd[633168]: Received disconnect from 58.152.42.212 port 41150:11: Bye Bye [preauth]
2026-09-13T13:25:45.817380+02:00 vmi3427693 sshd[633168]: Disconnected from invalid user oracle 58.152.42.212 port 41150 [preauth]
2026-09-13T13:25:45.913203+02:00 vmi3427693 sshd[633174]: Connection closed by authenticating user root 159.223.173.125 port 43856 [preauth]
2026-09-13T13:25:46.647711+02:00 vmi3427693 sshd[633182]: pam_unix(sshd:auth): authentication failure; logname= uid=0 euid=0 tty=ssh ruser= rhost=159.223.173.125 user=root
2026-09-13T13:25:47.675791+02:00 vmi3427693 sshd[633187]: pam_unix(sshd:auth): authentication failure; logname= uid=0 euid=0 tty=ssh ruser= rhost=109.160.32.46 user=root
2026-09-13T13:25:48.177607+02:00 vmi3427693 sshd[633182]: Failed password for root from 159.223.173.125 port 43870 ssh2
2026-09-13T13:25:49.141949+02:00 vmi3427693 sshd[633182]: Connection closed by authenticating user root 159.223.173.125 port 43870 [preauth]
2026-09-13T13:25:49.676890+02:00 vmi3427693 sshd[633187]: Failed password for root from 109.160.32.46 port 37794 ssh2
2026-09-13T13:25:49.933930+02:00 vmi3427693 sshd[633187]: Connection closed by authenticating user root 109.160.32.46 port 37794 [preauth]
2026-09-13T13:25:49.978186+02:00 vmi3427693 sshd[633193]: pam_unix(sshd:auth): authentication failure; logname= uid=0 euid=0 tty=ssh ruser= rhost=159.223.173.125 user=root
2026-09-13T13:25:52.345653+02:00 vmi3427693 sshd[633202]: Invalid user service from 109.160.32.46 port 37854
2026-09-13T13:25:52.364234+02:00 vmi3427693 sshd[633202]: pam_unix(sshd:auth): check pass; user unknown
2026-09-13T13:25:52.364450+02:00 vmi3427693 sshd[633202]: pam_unix(sshd:auth): authentication failure; logname= uid=0 euid=0 tty=ssh ruser= rhost=109.160.32.46
2026-09-13T13:25:52.586628+02:00 vmi3427693 sshd[633193]: Failed password for root from 159.223.173.125 port 43878 ssh2
2026-09-13T13:25:53.810730+02:00 vmi3427693 sshd[633206]: Invalid user deploy from 46.8.31.84 port 44702
2026-09-13T13:25:53.817002+02:00 vmi3427693 sshd[633206]: pam_unix(sshd:auth): check pass; user unknown
2026-09-13T13:25:53.817311+02:00 vmi3427693 sshd[633206]: pam_unix(sshd:auth): authentication failure; logname= uid=0 euid=0 tty=ssh ruser= rhost=46.8.31.84
2026-09-13T13:25:54.054582+02:00 vmi3427693 sshd[633202]: Failed password for invalid user service from 109.160.32.46 port 37854 ssh2
2026-09-13T13:25:54.136331+02:00 vmi3427693 sshd[633202]: Connection closed by invalid user service 109.160.32.46 port 37854 [preauth]
2026-09-13T13:25:54.570077+02:00 vmi3427693 sshd[633193]: Connection closed by authenticating user root 159.223.173.125 port 43878 [preauth]
2026-09-13T13:25:55.222781+02:00 vmi3427693 sshd[633210]: pam_unix(sshd:auth): authentication failure; logname= uid=0 euid=0 tty=ssh ruser= rhost=159.223.173.125 user=root
2026-09-13T13:25:55.643042+02:00 vmi3427693 sshd[633206]: Failed password for invalid user deploy from 46.8.31.84 port 44702 ssh2
2026-09-13T13:25:56.824873+02:00 vmi3427693 sshd[633206]: Connection closed by invalid user deploy 46.8.31.84 port 44702 [preauth]
2026-09-13T13:25:57.324132+02:00 vmi3427693 sshd[633210]: Failed password for root from 159.223.173.125 port 41642 ssh2
2026-09-13T13:25:57.506174+02:00 vmi3427693 sshd[633218]: Invalid user service from 109.160.32.46 port 56154
2026-09-13T13:25:57.522182+02:00 vmi3427693 sshd[633218]: pam_unix(sshd:auth): check pass; user unknown
2026-09-13T13:25:57.522459+02:00 vmi3427693 sshd[633218]: pam_unix(sshd:auth): authentication failure; logname= uid=0 euid=0 tty=ssh ruser= rhost=109.160.32.46
2026-09-13T13:25:57.549850+02:00 vmi3427693 sshd[633210]: Connection closed by authenticating user root 159.223.173.125 port 41642 [preauth]
2026-09-13T13:25:58.267103+02:00 vmi3427693 sshd[633220]: pam_unix(sshd:auth): authentication failure; logname= uid=0 euid=0 tty=ssh ruser= rhost=159.223.173.125 user=root
2026-09-13T13:25:58.640205+02:00 vmi3427693 sshd[633223]: Invalid user admin from 20.127.185.37 port 41758
2026-09-13T13:25:58.647769+02:00 vmi3427693 sshd[633223]: pam_unix(sshd:auth): check pass; user unknown
2026-09-13T13:25:58.648000+02:00 vmi3427693 sshd[633223]: pam_unix(sshd:auth): authentication failure; logname= uid=0 euid=0 tty=ssh ruser= rhost=20.127.185.37
2026-09-13T13:25:58.896371+02:00 vmi3427693 sshd[633218]: Failed password for invalid user service from 109.160.32.46 port 56154 ssh2
2026-09-13T13:25:59.289906+02:00 vmi3427693 sshd[633218]: Connection closed by invalid user service 109.160.32.46 port 56154 [preauth]
2026-09-13T13:26:00.111025+02:00 vmi3427693 sshd[633220]: Failed password for root from 159.223.173.125 port 41658 ssh2
2026-09-13T13:26:00.493283+02:00 vmi3427693 sshd[633223]: Failed password for invalid user admin from 20.127.185.37 port 41758 ssh2
2026-09-13T13:26:00.710433+02:00 vmi3427693 sshd[633220]: Connection closed by authenticating user root 159.223.173.125 port 41658 [preauth]
2026-09-13T13:26:01.418029+02:00 vmi3427693 sshd[633223]: Received disconnect from 20.127.185.37 port 41758:11: Bye Bye [preauth]
2026-09-13T13:26:01.418302+02:00 vmi3427693 sshd[633223]: Disconnected from invalid user admin 20.127.185.37 port 41758 [preauth]
2026-09-13T13:26:01.571875+02:00 vmi3427693 sshd[633231]: pam_unix(sshd:auth): authentication failure; logname= uid=0 euid=0 tty=ssh ruser= rhost=159.223.173.125 user=root
2026-09-13T13:26:01.671100+02:00 vmi3427693 CRON[633234]: pam_unix(cron:session): session opened for user root(uid=0) by root(uid=0)
2026-09-13T13:26:01.736994+02:00 vmi3427693 CRON[633234]: pam_unix(cron:session): session closed for user root
2026-09-13T13:26:02.263220+02:00 vmi3427693 sshd[633238]: Invalid user claude from 109.160.32.46 port 56214
2026-09-13T13:26:02.286408+02:00 vmi3427693 sshd[633238]: pam_unix(sshd:auth): check pass; user unknown
2026-09-13T13:26:02.286599+02:00 vmi3427693 sshd[633238]: pam_unix(sshd:auth): authentication failure; logname= uid=0 euid=0 tty=ssh ruser= rhost=109.160.32.46
2026-09-13T13:26:03.828951+02:00 vmi3427693 sshd[633231]: Failed password for root from 159.223.173.125 port 41674 ssh2
2026-09-13T13:26:04.681323+02:00 vmi3427693 sshd[633238]: Failed password for invalid user claude from 109.160.32.46 port 56214 ssh2
2026-09-13T13:26:06.235330+02:00 vmi3427693 sshd[633231]: Connection closed by authenticating user root 159.223.173.125 port 41674 [preauth]
2026-09-13T13:26:06.562627+02:00 vmi3427693 sshd[633238]: Connection closed by invalid user claude 109.160.32.46 port 56214 [preauth]
2026-09-13T13:26:07.056539+02:00 vmi3427693 sshd[633248]: pam_unix(sshd:auth): authentication failure; logname= uid=0 euid=0 tty=ssh ruser= rhost=159.223.173.125 user=root
2026-09-13T13:26:07.374479+02:00 vmi3427693 sshd[633251]: Invalid user claude from 109.160.32.46 port 40850
2026-09-13T13:26:07.394934+02:00 vmi3427693 sshd[633251]: pam_unix(sshd:auth): check pass; user unknown
2026-09-13T13:26:07.395104+02:00 vmi3427693 sshd[633251]: pam_unix(sshd:auth): authentication failure; logname= uid=0 euid=0 tty=ssh ruser= rhost=109.160.32.46
2026-09-13T13:26:08.666100+02:00 vmi3427693 sshd[633248]: Failed password for root from 159.223.173.125 port 48396 ssh2
2026-09-13T13:26:09.378410+02:00 vmi3427693 sshd[633248]: Connection closed by authenticating user root 159.223.173.125 port 48396 [preauth]
2026-09-13T13:26:09.489030+02:00 vmi3427693 sshd[633251]: Failed password for invalid user claude from 109.160.32.46 port 40850 ssh2
2026-09-13T13:26:10.058232+02:00 vmi3427693 sshd[633257]: pam_unix(sshd:auth): authentication failure; logname= uid=0 euid=0 tty=ssh ruser= rhost=159.223.173.125 user=root
2026-09-13T13:26:11.413147+02:00 vmi3427693 sshd[633257]: Failed password for root from 159.223.173.125 port 48402 ssh2
2026-09-13T13:26:11.591889+02:00 vmi3427693 sshd[633251]: Connection closed by invalid user claude 109.160.32.46 port 40850 [preauth]
2026-09-13T13:26:12.414402+02:00 vmi3427693 sshd[633264]: Invalid user vagrant from 109.160.32.46 port 40944
2026-09-13T13:26:12.430109+02:00 vmi3427693 sshd[633257]: Connection closed by authenticating user root 159.223.173.125 port 48402 [preauth]
2026-09-13T13:26:12.437141+02:00 vmi3427693 sshd[633264]: pam_unix(sshd:auth): check pass; user unknown
2026-09-13T13:26:12.437313+02:00 vmi3427693 sshd[633264]: pam_unix(sshd:auth): authentication failure; logname= uid=0 euid=0 tty=ssh ruser= rhost=109.160.32.46
2026-09-13T13:26:13.158440+02:00 vmi3427693 sshd[633266]: pam_unix(sshd:auth): authentication failure; logname= uid=0 euid=0 tty=ssh ruser= rhost=159.223.173.125 user=root
2026-09-13T13:26:14.869925+02:00 vmi3427693 sshd[633264]: Failed password for invalid user vagrant from 109.160.32.46 port 40944 ssh2
2026-09-13T13:26:15.395307+02:00 vmi3427693 sshd[633266]: Failed password for root from 159.223.173.125 port 42838 ssh2
2026-09-13T13:26:15.923446+02:00 vmi3427693 sshd[633264]: Connection closed by invalid user vagrant 109.160.32.46 port 40944 [preauth]
2026-09-13T13:26:17.641745+02:00 vmi3427693 sshd[633278]: Invalid user vagrant from 109.160.32.46 port 41158
2026-09-13T13:26:17.663101+02:00 vmi3427693 sshd[633278]: pam_unix(sshd:auth): check pass; user unknown
2026-09-13T13:26:17.663334+02:00 vmi3427693 sshd[633278]: pam_unix(sshd:auth): authentication failure; logname= uid=0 euid=0 tty=ssh ruser= rhost=109.160.32.46
2026-09-13T13:26:17.814858+02:00 vmi3427693 sshd[633266]: Connection closed by authenticating user root 159.223.173.125 port 42838 [preauth]
2026-09-13T13:26:18.678242+02:00 vmi3427693 sshd[633281]: pam_unix(sshd:auth): authentication failure; logname= uid=0 euid=0 tty=ssh ruser= rhost=159.223.173.125 user=root
2026-09-13T13:26:19.116864+02:00 vmi3427693 sshd[633278]: Failed password for invalid user vagrant from 109.160.32.46 port 41158 ssh2
2026-09-13T13:26:19.413510+02:00 vmi3427693 sshd[633278]: Connection closed by invalid user vagrant 109.160.32.46 port 41158 [preauth]
2026-09-13T13:26:20.267638+02:00 vmi3427693 sshd[633281]: Failed password for root from 159.223.173.125 port 42842 ssh2
2026-09-13T13:26:20.994073+02:00 vmi3427693 sshd[633281]: Connection closed by authenticating user root 159.223.173.125 port 42842 [preauth]
2026-09-13T13:26:21.740782+02:00 vmi3427693 sshd[633290]: pam_unix(sshd:auth): authentication failure; logname= uid=0 euid=0 tty=ssh ruser= rhost=159.223.173.125 user=root
2026-09-13T13:26:22.509403+02:00 vmi3427693 sshd[633294]: pam_unix(sshd:auth): authentication failure; logname= uid=0 euid=0 tty=ssh ruser= rhost=109.160.32.46 user=root
2026-09-13T13:26:23.075249+02:00 vmi3427693 sshd[633290]: Failed password for root from 159.223.173.125 port 42850 ssh2
2026-09-13T13:26:24.110201+02:00 vmi3427693 sshd[633290]: Connection closed by authenticating user root 159.223.173.125 port 42850 [preauth]
2026-09-13T13:26:24.982583+02:00 vmi3427693 sshd[633294]: Failed password for root from 109.160.32.46 port 41218 ssh2
2026-09-13T13:26:25.060065+02:00 vmi3427693 sshd[633300]: pam_unix(sshd:auth): authentication failure; logname= uid=0 euid=0 tty=ssh ruser= rhost=159.223.173.125 user=root
2026-09-13T13:26:27.031468+02:00 vmi3427693 sshd[633294]: Connection closed by authenticating user root 109.160.32.46 port 41218 [preauth]
2026-09-13T13:26:27.474565+02:00 vmi3427693 sshd[633300]: Failed password for root from 159.223.173.125 port 49484 ssh2
2026-09-13T13:26:27.498618+02:00 vmi3427693 sshd[633308]: Invalid user zhuangyue from 109.160.32.46 port 58804
2026-09-13T13:26:27.514592+02:00 vmi3427693 sshd[633308]: pam_unix(sshd:auth): check pass; user unknown
2026-09-13T13:26:27.514849+02:00 vmi3427693 sshd[633308]: pam_unix(sshd:auth): authentication failure; logname= uid=0 euid=0 tty=ssh ruser= rhost=109.160.32.46
2026-09-13T13:26:29.341103+02:00 vmi3427693 sshd[633308]: Failed password for invalid user zhuangyue from 109.160.32.46 port 58804 ssh2
2026-09-13T13:26:29.753294+02:00 vmi3427693 sshd[633300]: Connection closed by authenticating user root 159.223.173.125 port 49484 [preauth]
2026-09-13T13:26:30.207238+02:00 vmi3427693 sshd[633308]: Connection closed by invalid user zhuangyue 109.160.32.46 port 58804 [preauth]
2026-09-13T13:26:31.000737+02:00 vmi3427693 sshd[633315]: pam_unix(sshd:auth): authentication failure; logname= uid=0 euid=0 tty=ssh ruser= rhost=159.223.173.125 user=root
2026-09-13T13:26:32.433423+02:00 vmi3427693 sshd[633322]: pam_unix(sshd:auth): authentication failure; logname= uid=0 euid=0 tty=ssh ruser= rhost=109.160.32.46 user=root
2026-09-13T13:26:32.905950+02:00 vmi3427693 sshd[633315]: Failed password for root from 159.223.173.125 port 49498 ssh2
2026-09-13T13:26:33.315618+02:00 vmi3427693 sshd[633315]: Connection closed by authenticating user root 159.223.173.125 port 49498 [preauth]
2026-09-13T13:26:33.997418+02:00 vmi3427693 sshd[633326]: pam_unix(sshd:auth): authentication failure; logname= uid=0 euid=0 tty=ssh ruser= rhost=159.223.173.125 user=root
2026-09-13T13:26:34.279801+02:00 vmi3427693 sshd[633322]: Failed password for root from 109.160.32.46 port 58816 ssh2
2026-09-13T13:26:34.667666+02:00 vmi3427693 sshd[633322]: Connection closed by authenticating user root 109.160.32.46 port 58816 [preauth]
2026-09-13T13:26:35.647590+02:00 vmi3427693 sshd[633326]: Failed password for root from 159.223.173.125 port 35370 ssh2
2026-09-13T13:26:36.495630+02:00 vmi3427693 sshd[633326]: Connection closed by authenticating user root 159.223.173.125 port 35370 [preauth]
2026-09-13T13:26:37.281872+02:00 vmi3427693 sshd[633337]: pam_unix(sshd:auth): authentication failure; logname= uid=0 euid=0 tty=ssh ruser= rhost=159.223.173.125 user=root
2026-09-13T13:26:37.455023+02:00 vmi3427693 sshd[633334]: pam_unix(sshd:auth): authentication failure; logname= uid=0 euid=0 tty=ssh ruser= rhost=80.94.92.55 user=backup
2026-09-13T13:26:37.508558+02:00 vmi3427693 sshd[633340]: Invalid user guest from 109.160.32.46 port 38574
2026-09-13T13:26:37.529001+02:00 vmi3427693 sshd[633340]: pam_unix(sshd:auth): check pass; user unknown
2026-09-13T13:26:37.529300+02:00 vmi3427693 sshd[633340]: pam_unix(sshd:auth): authentication failure; logname= uid=0 euid=0 tty=ssh ruser= rhost=109.160.32.46
2026-09-13T13:26:39.147414+02:00 vmi3427693 sshd[633337]: Failed password for root from 159.223.173.125 port 35380 ssh2
2026-09-13T13:26:39.319576+02:00 vmi3427693 sshd[633334]: Failed password for backup from 80.94.92.55 port 41686 ssh2
2026-09-13T13:26:39.396028+02:00 vmi3427693 sshd[633340]: Failed password for invalid user guest from 109.160.32.46 port 38574 ssh2
2026-09-13T13:26:39.577754+02:00 vmi3427693 sshd[633334]: Connection closed by authenticating user backup 80.94.92.55 port 41686 [preauth]
2026-09-13T13:26:39.582515+02:00 vmi3427693 sshd[633340]: Connection closed by invalid user guest 109.160.32.46 port 38574 [preauth]
2026-09-13T13:26:39.642059+02:00 vmi3427693 sshd[633337]: Connection closed by authenticating user root 159.223.173.125 port 35380 [preauth]
2026-09-13T13:26:40.720329+02:00 vmi3427693 sshd[633348]: pam_unix(sshd:auth): authentication failure; logname= uid=0 euid=0 tty=ssh ruser= rhost=159.223.173.125 user=root
2026-09-13T13:26:42.330399+02:00 vmi3427693 sshd[633348]: Failed password for root from 159.223.173.125 port 35382 ssh2
2026-09-13T13:26:42.844607+02:00 vmi3427693 sshd[633355]: Invalid user guest from 109.160.32.46 port 38642
2026-09-13T13:26:42.904931+02:00 vmi3427693 sshd[633355]: pam_unix(sshd:auth): check pass; user unknown
2026-09-13T13:26:42.905858+02:00 vmi3427693 sshd[633355]: pam_unix(sshd:auth): authentication failure; logname= uid=0 euid=0 tty=ssh ruser= rhost=109.160.32.46
2026-09-13T13:26:43.053756+02:00 vmi3427693 sshd[633348]: Connection closed by authenticating user root 159.223.173.125 port 35382 [preauth]
2026-09-13T13:26:43.988888+02:00 vmi3427693 sshd[633359]: pam_unix(sshd:auth): authentication failure; logname= uid=0 euid=0 tty=ssh ruser= rhost=159.223.173.125 user=root
2026-09-13T13:26:44.790970+02:00 vmi3427693 sshd[633355]: Failed password for invalid user guest from 109.160.32.46 port 38642 ssh2
2026-09-13T13:26:44.932284+02:00 vmi3427693 sshd[633355]: Connection closed by invalid user guest 109.160.32.46 port 38642 [preauth]
2026-09-13T13:26:46.011318+02:00 vmi3427693 sshd[633359]: Failed password for root from 159.223.173.125 port 49568 ssh2
2026-09-13T13:26:46.301015+02:00 vmi3427693 sshd[633359]: Connection closed by authenticating user root 159.223.173.125 port 49568 [preauth]
2026-09-13T13:26:47.043508+02:00 vmi3427693 sshd[633368]: pam_unix(sshd:auth): authentication failure; logname= uid=0 euid=0 tty=ssh ruser= rhost=159.223.173.125 user=root
2026-09-13T13:26:47.471382+02:00 vmi3427693 sshd[633367]: pam_unix(sshd:auth): authentication failure; logname= uid=0 euid=0 tty=ssh ruser= rhost=202.152.148.30 user=root
2026-09-13T13:26:47.589703+02:00 vmi3427693 sshd[633374]: Invalid user minecraft from 109.160.32.46 port 34014
2026-09-13T13:26:47.608494+02:00 vmi3427693 sshd[633374]: pam_unix(sshd:auth): check pass; user unknown
2026-09-13T13:26:47.608753+02:00 vmi3427693 sshd[633374]: pam_unix(sshd:auth): authentication failure; logname= uid=0 euid=0 tty=ssh ruser= rhost=109.160.32.46
2026-09-13T13:26:49.376993+02:00 vmi3427693 sshd[633367]: Failed password for root from 202.152.148.30 port 52518 ssh2
2026-09-13T13:26:49.475937+02:00 vmi3427693 sshd[633368]: Failed password for root from 159.223.173.125 port 49576 ssh2
2026-09-13T13:26:49.512640+02:00 vmi3427693 sshd[633374]: Failed password for invalid user minecraft from 109.160.32.46 port 34014 ssh2
2026-09-13T13:26:49.862097+02:00 vmi3427693 sshd[633367]: Received disconnect from 202.152.148.30 port 52518:11: Bye Bye [preauth]
2026-09-13T13:26:49.862900+02:00 vmi3427693 sshd[633367]: Disconnected from authenticating user root 202.152.148.30 port 52518 [preauth]
2026-09-13T13:26:51.154706+02:00 vmi3427693 sshd[633374]: Connection closed by invalid user minecraft 109.160.32.46 port 34014 [preauth]
