2026-09-13T13:05:21.101987+02:00 vmi3427693 sshd[629226]: pam_unix(sshd:auth): authentication failure; logname= uid=0 euid=0 tty=ssh ruser= rhost=109.160.32.46
2026-09-13T13:05:21.496462+02:00 vmi3427693 sshd[629224]: pam_unix(sshd:auth): authentication failure; logname= uid=0 euid=0 tty=ssh ruser= rhost=178.128.238.243 user=root
2026-09-13T13:05:23.795367+02:00 vmi3427693 sshd[629226]: Failed password for invalid user hu from 109.160.32.46 port 54252 ssh2
2026-09-13T13:05:24.189914+02:00 vmi3427693 sshd[629224]: Failed password for root from 178.128.238.243 port 35464 ssh2
2026-09-13T13:05:25.332715+02:00 vmi3427693 sshd[629226]: Connection closed by invalid user hu 109.160.32.46 port 54252 [preauth]
2026-09-13T13:05:26.037349+02:00 vmi3427693 sshd[629240]: Invalid user hu from 109.160.32.46 port 34556
2026-09-13T13:05:26.061842+02:00 vmi3427693 sshd[629240]: pam_unix(sshd:auth): check pass; user unknown
2026-09-13T13:05:26.062119+02:00 vmi3427693 sshd[629240]: pam_unix(sshd:auth): authentication failure; logname= uid=0 euid=0 tty=ssh ruser= rhost=109.160.32.46
2026-09-13T13:05:26.083389+02:00 vmi3427693 sshd[629224]: Connection closed by authenticating user root 178.128.238.243 port 35464 [preauth]
2026-09-13T13:05:27.419012+02:00 vmi3427693 sshd[629236]: pam_unix(sshd:auth): authentication failure; logname= uid=0 euid=0 tty=ssh ruser= rhost=43.137.217.156 user=root
2026-09-13T13:05:28.437163+02:00 vmi3427693 sshd[629240]: Failed password for invalid user hu from 109.160.32.46 port 34556 ssh2
2026-09-13T13:05:29.600600+02:00 vmi3427693 sshd[629236]: Failed password for root from 43.137.217.156 port 41424 ssh2
2026-09-13T13:05:30.337944+02:00 vmi3427693 sshd[629240]: Connection closed by invalid user hu 109.160.32.46 port 34556 [preauth]
2026-09-13T13:05:31.435034+02:00 vmi3427693 sshd[629256]: pam_unix(sshd:auth): authentication failure; logname= uid=0 euid=0 tty=ssh ruser= rhost=109.160.32.46 user=root
2026-09-13T13:05:32.816845+02:00 vmi3427693 sshd[629252]: pam_unix(sshd:auth): authentication failure; logname= uid=0 euid=0 tty=ssh ruser= rhost=43.137.217.156 user=root
2026-09-13T13:05:33.832745+02:00 vmi3427693 sshd[629256]: Failed password for root from 109.160.32.46 port 34604 ssh2
2026-09-13T13:05:35.020579+02:00 vmi3427693 sshd[629252]: Failed password for root from 43.137.217.156 port 41430 ssh2
2026-09-13T13:05:35.333429+02:00 vmi3427693 sshd[629252]: Connection closed by authenticating user root 43.137.217.156 port 41430 [preauth]
2026-09-13T13:05:35.926501+02:00 vmi3427693 sshd[629256]: Connection closed by authenticating user root 109.160.32.46 port 34604 [preauth]
2026-09-13T13:05:37.101763+02:00 vmi3427693 sshd[629269]: pam_unix(sshd:auth): authentication failure; logname= uid=0 euid=0 tty=ssh ruser= rhost=109.160.32.46 user=root
2026-09-13T13:05:38.104059+02:00 vmi3427693 sshd[629273]: pam_unix(sshd:auth): authentication failure; logname= uid=0 euid=0 tty=ssh ruser= rhost=62.60.130.253 user=root
2026-09-13T13:05:39.324651+02:00 vmi3427693 sshd[629269]: Failed password for root from 109.160.32.46 port 55780 ssh2
2026-09-13T13:05:40.462294+02:00 vmi3427693 sshd[629273]: Failed password for root from 62.60.130.253 port 18278 ssh2
2026-09-13T13:05:41.380562+02:00 vmi3427693 sshd[629236]: Connection closed by authenticating user root 43.137.217.156 port 41424 [preauth]
2026-09-13T13:05:41.604501+02:00 vmi3427693 sshd[629269]: Connection closed by authenticating user root 109.160.32.46 port 55780 [preauth]
2026-09-13T13:05:41.994987+02:00 vmi3427693 sshd[629287]: pam_unix(sshd:auth): authentication failure; logname= uid=0 euid=0 tty=ssh ruser= rhost=109.160.32.46 user=root
2026-09-13T13:05:43.764649+02:00 vmi3427693 sshd[629287]: Failed password for root from 109.160.32.46 port 55820 ssh2
2026-09-13T13:05:44.237982+02:00 vmi3427693 sshd[629287]: Connection closed by authenticating user root 109.160.32.46 port 55820 [preauth]
2026-09-13T13:05:44.308596+02:00 vmi3427693 sshd[629285]: Connection closed by 43.137.217.156 port 44402 [preauth]
2026-09-13T13:05:44.952432+02:00 vmi3427693 sshd[629273]: Failed password for root from 62.60.130.253 port 18278 ssh2
2026-09-13T13:05:47.122405+02:00 vmi3427693 sshd[629300]: Invalid user default from 109.160.32.46 port 37022
2026-09-13T13:05:47.139002+02:00 vmi3427693 sshd[629300]: pam_unix(sshd:auth): check pass; user unknown
2026-09-13T13:05:47.139514+02:00 vmi3427693 sshd[629300]: pam_unix(sshd:auth): authentication failure; logname= uid=0 euid=0 tty=ssh ruser= rhost=109.160.32.46
2026-09-13T13:05:49.066020+02:00 vmi3427693 sshd[629300]: Failed password for invalid user default from 109.160.32.46 port 37022 ssh2
2026-09-13T13:05:49.246066+02:00 vmi3427693 sshd[629273]: Failed password for root from 62.60.130.253 port 18278 ssh2
2026-09-13T13:05:49.783228+02:00 vmi3427693 sshd[629300]: Connection closed by invalid user default 109.160.32.46 port 37022 [preauth]
2026-09-13T13:05:51.313504+02:00 vmi3427693 sshd[629308]: pam_unix(sshd:auth): authentication failure; logname= uid=0 euid=0 tty=ssh ruser= rhost=45.182.206.203 user=root
2026-09-13T13:05:51.824654+02:00 vmi3427693 sshd[629273]: Failed password for root from 62.60.130.253 port 18278 ssh2
2026-09-13T13:05:52.150004+02:00 vmi3427693 sshd[629314]: pam_unix(sshd:auth): authentication failure; logname= uid=0 euid=0 tty=ssh ruser= rhost=109.160.32.46 user=root
2026-09-13T13:05:53.124445+02:00 vmi3427693 sshd[629308]: Failed password for root from 45.182.206.203 port 43866 ssh2
2026-09-13T13:05:53.708747+02:00 vmi3427693 sshd[629308]: Received disconnect from 45.182.206.203 port 43866:11: Bye Bye [preauth]
2026-09-13T13:05:53.709000+02:00 vmi3427693 sshd[629308]: Disconnected from authenticating user root 45.182.206.203 port 43866 [preauth]
2026-09-13T13:05:53.748489+02:00 vmi3427693 sshd[629273]: Failed password for root from 62.60.130.253 port 18278 ssh2
2026-09-13T13:05:53.764124+02:00 vmi3427693 sshd[629314]: Failed password for root from 109.160.32.46 port 37106 ssh2
2026-09-13T13:05:54.198694+02:00 vmi3427693 sshd[629273]: Connection reset by authenticating user root 62.60.130.253 port 18278 [preauth]
2026-09-13T13:05:54.199792+02:00 vmi3427693 sshd[629273]: PAM 4 more authentication failures; logname= uid=0 euid=0 tty=ssh ruser= rhost=62.60.130.253 user=root
2026-09-13T13:05:54.200413+02:00 vmi3427693 sshd[629273]: PAM service(sshd) ignoring max retries; 5 > 3
2026-09-13T13:05:54.338099+02:00 vmi3427693 sshd[629314]: Connection closed by authenticating user root 109.160.32.46 port 37106 [preauth]
2026-09-13T13:05:57.290110+02:00 vmi3427693 sshd[629332]: Invalid user deployer from 109.160.32.46 port 36936
2026-09-13T13:05:57.320109+02:00 vmi3427693 sshd[629332]: pam_unix(sshd:auth): check pass; user unknown
2026-09-13T13:05:57.320580+02:00 vmi3427693 sshd[629332]: pam_unix(sshd:auth): authentication failure; logname= uid=0 euid=0 tty=ssh ruser= rhost=109.160.32.46
2026-09-13T13:05:57.641448+02:00 vmi3427693 sshd[629326]: pam_unix(sshd:auth): authentication failure; logname= uid=0 euid=0 tty=ssh ruser= rhost=58.152.42.212 user=root
2026-09-13T13:05:57.849073+02:00 vmi3427693 sshd[629329]: pam_unix(sshd:auth): authentication failure; logname= uid=0 euid=0 tty=ssh ruser= rhost=46.8.31.84 user=root
2026-09-13T13:05:59.953878+02:00 vmi3427693 sshd[629332]: Failed password for invalid user deployer from 109.160.32.46 port 36936 ssh2
2026-09-13T13:06:00.274785+02:00 vmi3427693 sshd[629326]: Failed password for root from 58.152.42.212 port 47280 ssh2
2026-09-13T13:06:00.482048+02:00 vmi3427693 sshd[629329]: Failed password for root from 46.8.31.84 port 55714 ssh2
2026-09-13T13:06:00.827005+02:00 vmi3427693 sshd[629332]: Connection closed by invalid user deployer 109.160.32.46 port 36936 [preauth]
2026-09-13T13:06:01.953157+02:00 vmi3427693 CRON[629349]: pam_unix(cron:session): session opened for user root(uid=0) by root(uid=0)
2026-09-13T13:06:02.159626+02:00 vmi3427693 CRON[629349]: pam_unix(cron:session): session closed for user root
2026-09-13T13:06:02.453577+02:00 vmi3427693 sshd[629326]: Received disconnect from 58.152.42.212 port 47280:11: Bye Bye [preauth]
2026-09-13T13:06:02.453808+02:00 vmi3427693 sshd[629326]: Disconnected from authenticating user root 58.152.42.212 port 47280 [preauth]
2026-09-13T13:06:02.573477+02:00 vmi3427693 sshd[629329]: Connection closed by authenticating user root 46.8.31.84 port 55714 [preauth]
2026-09-13T13:06:02.698406+02:00 vmi3427693 sshd[629353]: pam_unix(sshd:auth): authentication failure; logname= uid=0 euid=0 tty=ssh ruser= rhost=109.160.32.46 user=root
2026-09-13T13:06:04.354204+02:00 vmi3427693 sshd[629353]: Failed password for root from 109.160.32.46 port 36984 ssh2
2026-09-13T13:06:04.886011+02:00 vmi3427693 sshd[629353]: Connection closed by authenticating user root 109.160.32.46 port 36984 [preauth]
2026-09-13T13:06:07.613348+02:00 vmi3427693 sshd[629376]: Invalid user user18 from 109.160.32.46 port 42738
2026-09-13T13:06:07.632268+02:00 vmi3427693 sshd[629376]: pam_unix(sshd:auth): check pass; user unknown
2026-09-13T13:06:07.632451+02:00 vmi3427693 sshd[629376]: pam_unix(sshd:auth): authentication failure; logname= uid=0 euid=0 tty=ssh ruser= rhost=109.160.32.46
2026-09-13T13:06:07.638362+02:00 vmi3427693 sshd[629372]: Invalid user newuser from 202.152.148.30 port 45138
2026-09-13T13:06:07.645237+02:00 vmi3427693 sshd[629372]: pam_unix(sshd:auth): check pass; user unknown
2026-09-13T13:06:07.645421+02:00 vmi3427693 sshd[629372]: pam_unix(sshd:auth): authentication failure; logname= uid=0 euid=0 tty=ssh ruser= rhost=202.152.148.30
2026-09-13T13:06:09.638598+02:00 vmi3427693 sshd[629376]: Failed password for invalid user user18 from 109.160.32.46 port 42738 ssh2
2026-09-13T13:06:09.651835+02:00 vmi3427693 sshd[629372]: Failed password for invalid user newuser from 202.152.148.30 port 45138 ssh2
2026-09-13T13:06:10.587739+02:00 vmi3427693 sshd[629376]: Connection closed by invalid user user18 109.160.32.46 port 42738 [preauth]
2026-09-13T13:06:10.721711+02:00 vmi3427693 sshd[629372]: Received disconnect from 202.152.148.30 port 45138:11: Bye Bye [preauth]
2026-09-13T13:06:10.722229+02:00 vmi3427693 sshd[629372]: Disconnected from invalid user newuser 202.152.148.30 port 45138 [preauth]
2026-09-13T13:06:12.536073+02:00 vmi3427693 sshd[629391]: Invalid user myuser from 109.160.32.46 port 42780
2026-09-13T13:06:12.556871+02:00 vmi3427693 sshd[629391]: pam_unix(sshd:auth): check pass; user unknown
2026-09-13T13:06:12.557435+02:00 vmi3427693 sshd[629391]: pam_unix(sshd:auth): authentication failure; logname= uid=0 euid=0 tty=ssh ruser= rhost=109.160.32.46
2026-09-13T13:06:14.251930+02:00 vmi3427693 sshd[629391]: Failed password for invalid user myuser from 109.160.32.46 port 42780 ssh2
2026-09-13T13:06:15.401292+02:00 vmi3427693 sshd[629391]: Connection closed by invalid user myuser 109.160.32.46 port 42780 [preauth]
2026-09-13T13:06:17.101187+02:00 vmi3427693 sshd[629401]: Invalid user grid from 109.160.32.46 port 51678
2026-09-13T13:06:17.116929+02:00 vmi3427693 sshd[629401]: pam_unix(sshd:auth): check pass; user unknown
2026-09-13T13:06:17.117113+02:00 vmi3427693 sshd[629401]: pam_unix(sshd:auth): authentication failure; logname= uid=0 euid=0 tty=ssh ruser= rhost=109.160.32.46
2026-09-13T13:06:19.163997+02:00 vmi3427693 sshd[629401]: Failed password for invalid user grid from 109.160.32.46 port 51678 ssh2
2026-09-13T13:06:20.908268+02:00 vmi3427693 sshd[629401]: Connection closed by invalid user grid 109.160.32.46 port 51678 [preauth]
2026-09-13T13:06:22.478535+02:00 vmi3427693 sshd[629415]: pam_unix(sshd:auth): authentication failure; logname= uid=0 euid=0 tty=ssh ruser= rhost=109.160.32.46 user=root
2026-09-13T13:06:22.830292+02:00 vmi3427693 sshd[629410]: pam_unix(sshd:auth): authentication failure; logname= uid=0 euid=0 tty=ssh ruser= rhost=43.137.217.156 user=root
2026-09-13T13:06:24.189384+02:00 vmi3427693 sshd[629415]: Failed password for root from 109.160.32.46 port 51764 ssh2
2026-09-13T13:06:24.561143+02:00 vmi3427693 sshd[629410]: Failed password for root from 43.137.217.156 port 49476 ssh2
2026-09-13T13:06:24.921130+02:00 vmi3427693 sshd[629415]: Connection closed by authenticating user root 109.160.32.46 port 51764 [preauth]
2026-09-13T13:06:25.340781+02:00 vmi3427693 sshd[629410]: Connection closed by authenticating user root 43.137.217.156 port 49476 [preauth]
2026-09-13T13:06:27.293481+02:00 vmi3427693 sshd[629427]: pam_unix(sshd:auth): authentication failure; logname= uid=0 euid=0 tty=ssh ruser= rhost=109.160.32.46 user=root
2026-09-13T13:06:29.380579+02:00 vmi3427693 sshd[629427]: Failed password for root from 109.160.32.46 port 33570 ssh2
2026-09-13T13:06:29.557703+02:00 vmi3427693 sshd[629427]: Connection closed by authenticating user root 109.160.32.46 port 33570 [preauth]
2026-09-13T13:06:32.346278+02:00 vmi3427693 sshd[629441]: pam_unix(sshd:auth): authentication failure; logname= uid=0 euid=0 tty=ssh ruser= rhost=109.160.32.46 user=root
2026-09-13T13:06:32.789512+02:00 vmi3427693 sshd[629443]: Invalid user squid from 20.127.185.37 port 58176
2026-09-13T13:06:32.795925+02:00 vmi3427693 sshd[629443]: pam_unix(sshd:auth): check pass; user unknown
2026-09-13T13:06:32.796135+02:00 vmi3427693 sshd[629443]: pam_unix(sshd:auth): authentication failure; logname= uid=0 euid=0 tty=ssh ruser= rhost=20.127.185.37
2026-09-13T13:06:34.782440+02:00 vmi3427693 sshd[629441]: Failed password for root from 109.160.32.46 port 33646 ssh2
2026-09-13T13:06:35.233946+02:00 vmi3427693 sshd[629443]: Failed password for invalid user squid from 20.127.185.37 port 58176 ssh2
2026-09-13T13:06:36.467467+02:00 vmi3427693 sshd[629447]: pam_unix(sshd:auth): authentication failure; logname= uid=0 euid=0 tty=ssh ruser= rhost=43.137.217.156 user=root
2026-09-13T13:06:36.593854+02:00 vmi3427693 sshd[629443]: Received disconnect from 20.127.185.37 port 58176:11: Bye Bye [preauth]
2026-09-13T13:06:36.594205+02:00 vmi3427693 sshd[629443]: Disconnected from invalid user squid 20.127.185.37 port 58176 [preauth]
2026-09-13T13:06:36.859302+02:00 vmi3427693 sshd[629441]: Connection closed by authenticating user root 109.160.32.46 port 33646 [preauth]
2026-09-13T13:06:37.277227+02:00 vmi3427693 sshd[629457]: pam_unix(sshd:auth): authentication failure; logname= uid=0 euid=0 tty=ssh ruser= rhost=109.160.32.46 user=root
2026-09-13T13:06:38.122712+02:00 vmi3427693 sshd[629447]: Failed password for root from 43.137.217.156 port 53522 ssh2
2026-09-13T13:06:38.736631+02:00 vmi3427693 sshd[629457]: Failed password for root from 109.160.32.46 port 43572 ssh2
2026-09-13T13:06:39.513566+02:00 vmi3427693 sshd[629457]: Connection closed by authenticating user root 109.160.32.46 port 43572 [preauth]
2026-09-13T13:06:42.427656+02:00 vmi3427693 sshd[629472]: pam_unix(sshd:auth): authentication failure; logname= uid=0 euid=0 tty=ssh ruser= rhost=109.160.32.46 user=root
2026-09-13T13:06:44.906024+02:00 vmi3427693 sshd[629472]: Failed password for root from 109.160.32.46 port 43608 ssh2
2026-09-13T13:06:47.177191+02:00 vmi3427693 sshd[629472]: Connection closed by authenticating user root 109.160.32.46 port 43608 [preauth]
2026-09-13T13:06:47.602307+02:00 vmi3427693 sshd[629486]: pam_unix(sshd:auth): authentication failure; logname= uid=0 euid=0 tty=ssh ruser= rhost=109.160.32.46 user=root
2026-09-13T13:06:49.100608+02:00 vmi3427693 sshd[629486]: Failed password for root from 109.160.32.46 port 44094 ssh2
2026-09-13T13:06:49.836611+02:00 vmi3427693 sshd[629486]: Connection closed by authenticating user root 109.160.32.46 port 44094 [preauth]
2026-09-13T13:06:50.627030+02:00 vmi3427693 sshd[629481]: Connection closed by 43.137.217.156 port 56178 [preauth]
2026-09-13T13:06:52.266972+02:00 vmi3427693 sshd[629499]: Invalid user user1 from 109.160.32.46 port 44146
2026-09-13T13:06:52.291574+02:00 vmi3427693 sshd[629499]: pam_unix(sshd:auth): check pass; user unknown
2026-09-13T13:06:52.291828+02:00 vmi3427693 sshd[629499]: pam_unix(sshd:auth): authentication failure; logname= uid=0 euid=0 tty=ssh ruser= rhost=109.160.32.46
2026-09-13T13:06:54.810065+02:00 vmi3427693 sshd[629499]: Failed password for invalid user user1 from 109.160.32.46 port 44146 ssh2
2026-09-13T13:06:56.138083+02:00 vmi3427693 sshd[629509]: Invalid user admin from 80.94.92.55 port 41912
2026-09-13T13:06:56.163398+02:00 vmi3427693 sshd[629499]: Connection closed by invalid user user1 109.160.32.46 port 44146 [preauth]
2026-09-13T13:06:56.219926+02:00 vmi3427693 sshd[629509]: pam_unix(sshd:auth): check pass; user unknown
2026-09-13T13:06:56.220126+02:00 vmi3427693 sshd[629509]: pam_unix(sshd:auth): authentication failure; logname= uid=0 euid=0 tty=ssh ruser= rhost=80.94.92.55
2026-09-13T13:06:57.449237+02:00 vmi3427693 sshd[629514]: Invalid user developer from 109.160.32.46 port 51864
2026-09-13T13:06:57.485471+02:00 vmi3427693 sshd[629514]: pam_unix(sshd:auth): check pass; user unknown
2026-09-13T13:06:57.486158+02:00 vmi3427693 sshd[629514]: pam_unix(sshd:auth): authentication failure; logname= uid=0 euid=0 tty=ssh ruser= rhost=109.160.32.46
2026-09-13T13:06:57.955194+02:00 vmi3427693 sshd[629509]: Failed password for invalid user admin from 80.94.92.55 port 41912 ssh2
2026-09-13T13:06:59.095795+02:00 vmi3427693 sshd[629509]: Connection closed by invalid user admin 80.94.92.55 port 41912 [preauth]
2026-09-13T13:06:59.356794+02:00 vmi3427693 sshd[629514]: Failed password for invalid user developer from 109.160.32.46 port 51864 ssh2
2026-09-13T13:06:59.650707+02:00 vmi3427693 sshd[629514]: Connection closed by invalid user developer 109.160.32.46 port 51864 [preauth]
2026-09-13T13:07:01.243952+02:00 vmi3427693 CRON[629524]: pam_unix(cron:session): session opened for user root(uid=0) by root(uid=0)
2026-09-13T13:07:01.323263+02:00 vmi3427693 CRON[629524]: pam_unix(cron:session): session closed for user root
2026-09-13T13:07:02.240249+02:00 vmi3427693 sshd[629529]: Invalid user developer from 109.160.32.46 port 51910
2026-09-13T13:07:02.259733+02:00 vmi3427693 sshd[629529]: pam_unix(sshd:auth): check pass; user unknown
2026-09-13T13:07:02.259948+02:00 vmi3427693 sshd[629529]: pam_unix(sshd:auth): authentication failure; logname= uid=0 euid=0 tty=ssh ruser= rhost=109.160.32.46
2026-09-13T13:07:04.159025+02:00 vmi3427693 sshd[629529]: Failed password for invalid user developer from 109.160.32.46 port 51910 ssh2
2026-09-13T13:07:04.413832+02:00 vmi3427693 sshd[629529]: Connection closed by invalid user developer 109.160.32.46 port 51910 [preauth]
2026-09-13T13:07:06.627369+02:00 vmi3427693 sshd[629533]: Connection closed by 43.137.217.156 port 42940 [preauth]
2026-09-13T13:07:07.430832+02:00 vmi3427693 sshd[629512]: Connection closed by 43.137.217.156 port 53260 [preauth]
2026-09-13T13:07:07.700474+02:00 vmi3427693 sshd[629544]: pam_unix(sshd:auth): authentication failure; logname= uid=0 euid=0 tty=ssh ruser= rhost=109.160.32.46 user=root
2026-09-13T13:07:09.610643+02:00 vmi3427693 sshd[629544]: Failed password for root from 109.160.32.46 port 45412 ssh2
2026-09-13T13:07:09.954789+02:00 vmi3427693 sshd[629544]: Connection closed by authenticating user root 109.160.32.46 port 45412 [preauth]
2026-09-13T13:07:11.190291+02:00 vmi3427693 sshd[629555]: pam_unix(sshd:auth): authentication failure; logname= uid=0 euid=0 tty=ssh ruser= rhost=58.152.42.212 user=root
2026-09-13T13:07:12.291733+02:00 vmi3427693 sshd[629561]: Invalid user liuyan from 109.160.32.46 port 45462
2026-09-13T13:07:12.308209+02:00 vmi3427693 sshd[629561]: pam_unix(sshd:auth): check pass; user unknown
2026-09-13T13:07:12.308494+02:00 vmi3427693 sshd[629561]: pam_unix(sshd:auth): authentication failure; logname= uid=0 euid=0 tty=ssh ruser= rhost=109.160.32.46
2026-09-13T13:07:12.479187+02:00 vmi3427693 sshd[629535]: error: kex_exchange_identification: read: Connection reset by peer
2026-09-13T13:07:12.479499+02:00 vmi3427693 sshd[629535]: Connection reset by 43.137.217.156 port 53274
2026-09-13T13:07:12.649787+02:00 vmi3427693 sshd[629555]: Failed password for root from 58.152.42.212 port 52588 ssh2
2026-09-13T13:07:13.588632+02:00 vmi3427693 sshd[629555]: Received disconnect from 58.152.42.212 port 52588:11: Bye Bye [preauth]
2026-09-13T13:07:13.588906+02:00 vmi3427693 sshd[629555]: Disconnected from authenticating user root 58.152.42.212 port 52588 [preauth]
2026-09-13T13:07:14.239588+02:00 vmi3427693 sshd[629561]: Failed password for invalid user liuyan from 109.160.32.46 port 45462 ssh2
2026-09-13T13:07:14.829391+02:00 vmi3427693 sshd[629549]: pam_unix(sshd:auth): authentication failure; logname= uid=0 euid=0 tty=ssh ruser= rhost=43.137.217.156 user=root
2026-09-13T13:07:16.140128+02:00 vmi3427693 sshd[629561]: Connection closed by invalid user liuyan 109.160.32.46 port 45462 [preauth]
2026-09-13T13:07:16.700356+02:00 vmi3427693 sshd[629549]: Failed password for root from 43.137.217.156 port 42964 ssh2
2026-09-13T13:07:17.274721+02:00 vmi3427693 sshd[629575]: pam_unix(sshd:auth): authentication failure; logname= uid=0 euid=0 tty=ssh ruser= rhost=109.160.32.46 user=root
2026-09-13T13:07:17.345637+02:00 vmi3427693 sshd[629549]: Connection closed by authenticating user root 43.137.217.156 port 42964 [preauth]
2026-09-13T13:07:17.789063+02:00 vmi3427693 sshd[629572]: Invalid user steam from 202.152.148.30 port 47274
2026-09-13T13:07:17.797194+02:00 vmi3427693 sshd[629572]: pam_unix(sshd:auth): check pass; user unknown
2026-09-13T13:07:17.797426+02:00 vmi3427693 sshd[629572]: pam_unix(sshd:auth): authentication failure; logname= uid=0 euid=0 tty=ssh ruser= rhost=202.152.148.30
2026-09-13T13:07:19.557041+02:00 vmi3427693 sshd[629575]: Failed password for root from 109.160.32.46 port 36240 ssh2
2026-09-13T13:07:20.079811+02:00 vmi3427693 sshd[629572]: Failed password for invalid user steam from 202.152.148.30 port 47274 ssh2
2026-09-13T13:07:21.520787+02:00 vmi3427693 sshd[629572]: Received disconnect from 202.152.148.30 port 47274:11: Bye Bye [preauth]
2026-09-13T13:07:21.521050+02:00 vmi3427693 sshd[629572]: Disconnected from invalid user steam 202.152.148.30 port 47274 [preauth]
2026-09-13T13:07:21.789197+02:00 vmi3427693 sshd[629575]: Connection closed by authenticating user root 109.160.32.46 port 36240 [preauth]
2026-09-13T13:07:22.153115+02:00 vmi3427693 sshd[629589]: pam_unix(sshd:auth): authentication failure; logname= uid=0 euid=0 tty=ssh ruser= rhost=109.160.32.46 user=root
2026-09-13T13:07:22.374627+02:00 vmi3427693 sshd[629578]: Connection reset by 43.137.217.156 port 48616 [preauth]
2026-09-13T13:07:24.455631+02:00 vmi3427693 sshd[629589]: Failed password for root from 109.160.32.46 port 36304 ssh2
2026-09-13T13:07:26.659389+02:00 vmi3427693 sshd[629589]: Connection closed by authenticating user root 109.160.32.46 port 36304 [preauth]
2026-09-13T13:07:26.868956+02:00 vmi3427693 sshd[629593]: pam_unix(sshd:auth): authentication failure; logname= uid=0 euid=0 tty=ssh ruser= rhost=43.137.217.156 user=root
2026-09-13T13:07:27.006442+02:00 vmi3427693 sshd[629604]: Invalid user kali from 109.160.32.46 port 45344
2026-09-13T13:07:27.046181+02:00 vmi3427693 sshd[629604]: pam_unix(sshd:auth): check pass; user unknown
2026-09-13T13:07:27.046409+02:00 vmi3427693 sshd[629604]: pam_unix(sshd:auth): authentication failure; logname= uid=0 euid=0 tty=ssh ruser= rhost=109.160.32.46
2026-09-13T13:07:28.720137+02:00 vmi3427693 sshd[629593]: Failed password for root from 43.137.217.156 port 42966 ssh2
2026-09-13T13:07:29.369155+02:00 vmi3427693 sshd[629604]: Failed password for invalid user kali from 109.160.32.46 port 45344 ssh2
2026-09-13T13:07:29.390660+02:00 vmi3427693 sshd[629593]: Connection closed by authenticating user root 43.137.217.156 port 42966 [preauth]
2026-09-13T13:07:30.874752+02:00 vmi3427693 sshd[629604]: Connection closed by invalid user kali 109.160.32.46 port 45344 [preauth]
2026-09-13T13:07:32.219851+02:00 vmi3427693 sshd[629616]: Invalid user kali from 109.160.32.46 port 45430
2026-09-13T13:07:32.247494+02:00 vmi3427693 sshd[629616]: pam_unix(sshd:auth): check pass; user unknown
2026-09-13T13:07:32.248197+02:00 vmi3427693 sshd[629616]: pam_unix(sshd:auth): authentication failure; logname= uid=0 euid=0 tty=ssh ruser= rhost=109.160.32.46
2026-09-13T13:07:33.922993+02:00 vmi3427693 sshd[629616]: Failed password for invalid user kali from 109.160.32.46 port 45430 ssh2
2026-09-13T13:07:34.163196+02:00 vmi3427693 sshd[629616]: Connection closed by invalid user kali 109.160.32.46 port 45430 [preauth]
2026-09-13T13:07:37.263924+02:00 vmi3427693 sshd[629630]: Invalid user guest from 109.160.32.46 port 47276
2026-09-13T13:07:37.282833+02:00 vmi3427693 sshd[629630]: pam_unix(sshd:auth): check pass; user unknown
2026-09-13T13:07:37.283132+02:00 vmi3427693 sshd[629630]: pam_unix(sshd:auth): authentication failure; logname= uid=0 euid=0 tty=ssh ruser= rhost=109.160.32.46
2026-09-13T13:07:38.032117+02:00 vmi3427693 sshd[629623]: pam_unix(sshd:auth): authentication failure; logname= uid=0 euid=0 tty=ssh ruser= rhost=43.137.217.156 user=root
2026-09-13T13:07:38.978376+02:00 vmi3427693 sshd[629630]: Failed password for invalid user guest from 109.160.32.46 port 47276 ssh2
2026-09-13T13:07:39.345641+02:00 vmi3427693 sshd[629630]: Connection closed by invalid user guest 109.160.32.46 port 47276 [preauth]
2026-09-13T13:07:39.726971+02:00 vmi3427693 sshd[629623]: Failed password for root from 43.137.217.156 port 56268 ssh2
2026-09-13T13:07:40.541448+02:00 vmi3427693 sshd[629623]: Connection closed by authenticating user root 43.137.217.156 port 56268 [preauth]
2026-09-13T13:07:42.258983+02:00 vmi3427693 sshd[629643]: Invalid user guest from 109.160.32.46 port 47326
2026-09-13T13:07:42.274175+02:00 vmi3427693 sshd[629643]: pam_unix(sshd:auth): check pass; user unknown
2026-09-13T13:07:42.274565+02:00 vmi3427693 sshd[629643]: pam_unix(sshd:auth): authentication failure; logname= uid=0 euid=0 tty=ssh ruser= rhost=109.160.32.46
2026-09-13T13:07:43.990167+02:00 vmi3427693 sshd[629643]: Failed password for invalid user guest from 109.160.32.46 port 47326 ssh2
2026-09-13T13:07:44.300719+02:00 vmi3427693 sshd[629643]: Connection closed by invalid user guest 109.160.32.46 port 47326 [preauth]
2026-09-13T13:07:47.203239+02:00 vmi3427693 sshd[629659]: Invalid user username from 109.160.32.46 port 40750
2026-09-13T13:07:47.221032+02:00 vmi3427693 sshd[629659]: pam_unix(sshd:auth): check pass; user unknown
2026-09-13T13:07:47.221289+02:00 vmi3427693 sshd[629659]: pam_unix(sshd:auth): authentication failure; logname= uid=0 euid=0 tty=ssh ruser= rhost=109.160.32.46
2026-09-13T13:07:47.465208+02:00 vmi3427693 sshd[629656]: pam_unix(sshd:auth): authentication failure; logname= uid=0 euid=0 tty=ssh ruser= rhost=46.8.31.84 user=root
2026-09-13T13:07:47.564077+02:00 vmi3427693 sshd[629654]: Invalid user vishal from 45.182.206.203 port 47438
2026-09-13T13:07:47.570158+02:00 vmi3427693 sshd[629654]: pam_unix(sshd:auth): check pass; user unknown
2026-09-13T13:07:47.570363+02:00 vmi3427693 sshd[629654]: pam_unix(sshd:auth): authentication failure; logname= uid=0 euid=0 tty=ssh ruser= rhost=45.182.206.203
2026-09-13T13:07:48.956952+02:00 vmi3427693 sshd[629659]: Failed password for invalid user username from 109.160.32.46 port 40750 ssh2
2026-09-13T13:07:49.200374+02:00 vmi3427693 sshd[629656]: Failed password for root from 46.8.31.84 port 32838 ssh2
2026-09-13T13:07:49.307927+02:00 vmi3427693 sshd[629654]: Failed password for invalid user vishal from 45.182.206.203 port 47438 ssh2
2026-09-13T13:07:49.328586+02:00 vmi3427693 sshd[629659]: Connection closed by invalid user username 109.160.32.46 port 40750 [preauth]
2026-09-13T13:07:49.633589+02:00 vmi3427693 sshd[629654]: Received disconnect from 45.182.206.203 port 47438:11: Bye Bye [preauth]
2026-09-13T13:07:49.633855+02:00 vmi3427693 sshd[629654]: Disconnected from invalid user vishal 45.182.206.203 port 47438 [preauth]
2026-09-13T13:07:49.858271+02:00 vmi3427693 sshd[629656]: Connection closed by authenticating user root 46.8.31.84 port 32838 [preauth]
2026-09-13T13:07:52.631399+02:00 vmi3427693 sshd[629673]: pam_unix(sshd:auth): authentication failure; logname= uid=0 euid=0 tty=ssh ruser= rhost=109.160.32.46 user=root
2026-09-13T13:07:55.053422+02:00 vmi3427693 sshd[629673]: Failed password for root from 109.160.32.46 port 40828 ssh2
2026-09-13T13:07:57.146430+02:00 vmi3427693 sshd[629673]: Connection closed by authenticating user root 109.160.32.46 port 40828 [preauth]
2026-09-13T13:07:57.374009+02:00 vmi3427693 sshd[629686]: Invalid user ubuntu from 109.160.32.46 port 49114
2026-09-13T13:07:57.398505+02:00 vmi3427693 sshd[629686]: pam_unix(sshd:auth): check pass; user unknown
2026-09-13T13:07:57.398936+02:00 vmi3427693 sshd[629686]: pam_unix(sshd:auth): authentication failure; logname= uid=0 euid=0 tty=ssh ruser= rhost=109.160.32.46
2026-09-13T13:07:59.506037+02:00 vmi3427693 sshd[629686]: Failed password for invalid user ubuntu from 109.160.32.46 port 49114 ssh2
2026-09-13T13:08:01.294817+02:00 vmi3427693 sshd[629686]: Connection closed by invalid user ubuntu 109.160.32.46 port 49114 [preauth]
2026-09-13T13:08:01.332654+02:00 vmi3427693 CRON[629695]: pam_unix(cron:session): session opened for user root(uid=0) by root(uid=0)
2026-09-13T13:08:01.395690+02:00 vmi3427693 CRON[629695]: pam_unix(cron:session): session closed for user root
2026-09-13T13:08:02.198892+02:00 vmi3427693 sshd[629700]: Invalid user ubuntu from 109.160.32.46 port 49170
2026-09-13T13:08:02.222032+02:00 vmi3427693 sshd[629700]: pam_unix(sshd:auth): check pass; user unknown
2026-09-13T13:08:02.222693+02:00 vmi3427693 sshd[629700]: pam_unix(sshd:auth): authentication failure; logname= uid=0 euid=0 tty=ssh ruser= rhost=109.160.32.46
2026-09-13T13:08:04.018437+02:00 vmi3427693 sshd[629700]: Failed password for invalid user ubuntu from 109.160.32.46 port 49170 ssh2
2026-09-13T13:08:04.182818+02:00 vmi3427693 sshd[629700]: Connection closed by invalid user ubuntu 109.160.32.46 port 49170 [preauth]
2026-09-13T13:08:07.504489+02:00 vmi3427693 sshd[629712]: Invalid user sam from 109.160.32.46 port 38686
2026-09-13T13:08:07.528186+02:00 vmi3427693 sshd[629712]: pam_unix(sshd:auth): check pass; user unknown
2026-09-13T13:08:07.528388+02:00 vmi3427693 sshd[629712]: pam_unix(sshd:auth): authentication failure; logname= uid=0 euid=0 tty=ssh ruser= rhost=109.160.32.46
2026-09-13T13:08:09.675581+02:00 vmi3427693 sshd[629712]: Failed password for invalid user sam from 109.160.32.46 port 38686 ssh2
2026-09-13T13:08:10.763836+02:00 vmi3427693 sshd[629712]: Connection closed by invalid user sam 109.160.32.46 port 38686 [preauth]
2026-09-13T13:08:12.795315+02:00 vmi3427693 sshd[629725]: pam_unix(sshd:auth): authentication failure; logname= uid=0 euid=0 tty=ssh ruser= rhost=109.160.32.46 user=root
2026-09-13T13:08:14.295223+02:00 vmi3427693 sshd[629725]: Failed password for root from 109.160.32.46 port 38710 ssh2
2026-09-13T13:08:15.053977+02:00 vmi3427693 sshd[629725]: Connection closed by authenticating user root 109.160.32.46 port 38710 [preauth]
2026-09-13T13:08:17.542218+02:00 vmi3427693 sshd[629737]: Invalid user deployer from 109.160.32.46 port 51612
2026-09-13T13:08:17.564926+02:00 vmi3427693 sshd[629737]: pam_unix(sshd:auth): check pass; user unknown
2026-09-13T13:08:17.565170+02:00 vmi3427693 sshd[629737]: pam_unix(sshd:auth): authentication failure; logname= uid=0 euid=0 tty=ssh ruser= rhost=109.160.32.46
2026-09-13T13:08:19.084814+02:00 vmi3427693 sshd[629737]: Failed password for invalid user deployer from 109.160.32.46 port 51612 ssh2
2026-09-13T13:08:19.327281+02:00 vmi3427693 sshd[629737]: Connection closed by invalid user deployer 109.160.32.46 port 51612 [preauth]
2026-09-13T13:08:22.810902+02:00 vmi3427693 sshd[629750]: Invalid user root1 from 109.160.32.46 port 51658
2026-09-13T13:08:22.839816+02:00 vmi3427693 sshd[629750]: pam_unix(sshd:auth): check pass; user unknown
2026-09-13T13:08:22.841715+02:00 vmi3427693 sshd[629750]: pam_unix(sshd:auth): authentication failure; logname= uid=0 euid=0 tty=ssh ruser= rhost=109.160.32.46
2026-09-13T13:08:25.050778+02:00 vmi3427693 sshd[629750]: Failed password for invalid user root1 from 109.160.32.46 port 51658 ssh2
2026-09-13T13:08:25.372816+02:00 vmi3427693 sshd[629750]: Connection closed by invalid user root1 109.160.32.46 port 51658 [preauth]
2026-09-13T13:08:27.885500+02:00 vmi3427693 sshd[629763]: pam_unix(sshd:auth): authentication failure; logname= uid=0 euid=0 tty=ssh ruser= rhost=109.160.32.46 user=root
2026-09-13T13:08:30.067718+02:00 vmi3427693 sshd[629767]: Invalid user hp from 58.152.42.212 port 41628
2026-09-13T13:08:30.075756+02:00 vmi3427693 sshd[629767]: pam_unix(sshd:auth): check pass; user unknown
2026-09-13T13:08:30.076225+02:00 vmi3427693 sshd[629767]: pam_unix(sshd:auth): authentication failure; logname= uid=0 euid=0 tty=ssh ruser= rhost=58.152.42.212
2026-09-13T13:08:30.112140+02:00 vmi3427693 sshd[629763]: Failed password for root from 109.160.32.46 port 48284 ssh2
2026-09-13T13:08:32.047721+02:00 vmi3427693 sshd[629767]: Failed password for invalid user hp from 58.152.42.212 port 41628 ssh2
2026-09-13T13:08:32.397056+02:00 vmi3427693 sshd[629763]: Connection closed by authenticating user root 109.160.32.46 port 48284 [preauth]
2026-09-13T13:08:33.113054+02:00 vmi3427693 sshd[629788]: Invalid user zfh from 109.160.32.46 port 48344
2026-09-13T13:08:33.129561+02:00 vmi3427693 sshd[629788]: pam_unix(sshd:auth): check pass; user unknown
2026-09-13T13:08:33.129815+02:00 vmi3427693 sshd[629788]: pam_unix(sshd:auth): authentication failure; logname= uid=0 euid=0 tty=ssh ruser= rhost=109.160.32.46
2026-09-13T13:08:33.551363+02:00 vmi3427693 sshd[629767]: Received disconnect from 58.152.42.212 port 41628:11: Bye Bye [preauth]
2026-09-13T13:08:33.551740+02:00 vmi3427693 sshd[629767]: Disconnected from invalid user hp 58.152.42.212 port 41628 [preauth]
2026-09-13T13:08:33.716598+02:00 vmi3427693 sshd[629786]: pam_unix(sshd:auth): authentication failure; logname= uid=0 euid=0 tty=ssh ruser= rhost=202.152.148.30 user=root
2026-09-13T13:08:34.846149+02:00 vmi3427693 sshd[629788]: Failed password for invalid user zfh from 109.160.32.46 port 48344 ssh2
2026-09-13T13:08:35.357183+02:00 vmi3427693 sshd[629788]: Connection closed by invalid user zfh 109.160.32.46 port 48344 [preauth]
2026-09-13T13:08:35.437365+02:00 vmi3427693 sshd[629786]: Failed password for root from 202.152.148.30 port 46070 ssh2
2026-09-13T13:08:36.102604+02:00 vmi3427693 sshd[629786]: Received disconnect from 202.152.148.30 port 46070:11: Bye Bye [preauth]
2026-09-13T13:08:36.102862+02:00 vmi3427693 sshd[629786]: Disconnected from authenticating user root 202.152.148.30 port 46070 [preauth]
2026-09-13T13:08:38.615442+02:00 vmi3427693 sshd[629804]: Invalid user ec2-user from 109.160.32.46 port 37964
2026-09-13T13:08:38.686354+02:00 vmi3427693 sshd[629804]: pam_unix(sshd:auth): check pass; user unknown
2026-09-13T13:08:38.687037+02:00 vmi3427693 sshd[629804]: pam_unix(sshd:auth): authentication failure; logname= uid=0 euid=0 tty=ssh ruser= rhost=109.160.32.46
2026-09-13T13:08:40.758687+02:00 vmi3427693 sshd[629804]: Failed password for invalid user ec2-user from 109.160.32.46 port 37964 ssh2
2026-09-13T13:08:42.770899+02:00 vmi3427693 sshd[629804]: Connection closed by invalid user ec2-user 109.160.32.46 port 37964 [preauth]
2026-09-13T13:08:43.279890+02:00 vmi3427693 sshd[629817]: Invalid user openclaw from 109.160.32.46 port 38028
2026-09-13T13:08:43.299911+02:00 vmi3427693 sshd[629817]: pam_unix(sshd:auth): check pass; user unknown
2026-09-13T13:08:43.300161+02:00 vmi3427693 sshd[629817]: pam_unix(sshd:auth): authentication failure; logname= uid=0 euid=0 tty=ssh ruser= rhost=109.160.32.46
2026-09-13T13:08:45.056239+02:00 vmi3427693 sshd[629817]: Failed password for invalid user openclaw from 109.160.32.46 port 38028 ssh2
2026-09-13T13:08:45.378067+02:00 vmi3427693 sshd[629817]: Connection closed by invalid user openclaw 109.160.32.46 port 38028 [preauth]
2026-09-13T13:08:48.504394+02:00 vmi3427693 sshd[629829]: pam_unix(sshd:auth): authentication failure; logname= uid=0 euid=0 tty=ssh ruser= rhost=109.160.32.46 user=root
2026-09-13T13:08:50.281071+02:00 vmi3427693 sshd[629829]: Failed password for root from 109.160.32.46 port 42706 ssh2
2026-09-13T13:08:50.718251+02:00 vmi3427693 sshd[629829]: Connection closed by authenticating user root 109.160.32.46 port 42706 [preauth]
2026-09-13T13:08:53.303610+02:00 vmi3427693 sshd[629841]: pam_unix(sshd:auth): authentication failure; logname= uid=0 euid=0 tty=ssh ruser= rhost=109.160.32.46 user=root
2026-09-13T13:08:55.099086+02:00 vmi3427693 sshd[629841]: Failed password for root from 109.160.32.46 port 42740 ssh2
2026-09-13T13:08:55.489723+02:00 vmi3427693 sshd[629841]: Connection closed by authenticating user root 109.160.32.46 port 42740 [preauth]
2026-09-13T13:08:56.312482+02:00 vmi3427693 sshd[629849]: Connection closed by 14.225.23.94 port 15242
2026-09-13T13:08:58.119201+02:00 vmi3427693 sshd[629851]: pam_unix(sshd:auth): authentication failure; logname= uid=0 euid=0 tty=ssh ruser= rhost=14.225.23.94 user=root
2026-09-13T13:08:58.356160+02:00 vmi3427693 sshd[629856]: Invalid user hduser from 109.160.32.46 port 45812
2026-09-13T13:08:58.391180+02:00 vmi3427693 sshd[629856]: pam_unix(sshd:auth): check pass; user unknown
2026-09-13T13:08:58.391577+02:00 vmi3427693 sshd[629856]: pam_unix(sshd:auth): authentication failure; logname= uid=0 euid=0 tty=ssh ruser= rhost=109.160.32.46
2026-09-13T13:09:00.601459+02:00 vmi3427693 sshd[629851]: Failed password for root from 14.225.23.94 port 15828 ssh2
2026-09-13T13:09:00.874688+02:00 vmi3427693 sshd[629856]: Failed password for invalid user hduser from 109.160.32.46 port 45812 ssh2
2026-09-13T13:09:01.415012+02:00 vmi3427693 CRON[629865]: pam_unix(cron:session): session opened for user root(uid=0) by root(uid=0)
2026-09-13T13:09:01.502497+02:00 vmi3427693 CRON[629865]: pam_unix(cron:session): session closed for user root
2026-09-13T13:09:02.596344+02:00 vmi3427693 sshd[629856]: Connection closed by invalid user hduser 109.160.32.46 port 45812 [preauth]
2026-09-13T13:09:02.739409+02:00 vmi3427693 sshd[629869]: Invalid user admin from 80.94.92.55 port 45028
2026-09-13T13:09:02.884282+02:00 vmi3427693 sshd[629851]: Connection closed by authenticating user root 14.225.23.94 port 15828 [preauth]
2026-09-13T13:09:02.944992+02:00 vmi3427693 sshd[629869]: pam_unix(sshd:auth): check pass; user unknown
2026-09-13T13:09:02.945184+02:00 vmi3427693 sshd[629869]: pam_unix(sshd:auth): authentication failure; logname= uid=0 euid=0 tty=ssh ruser= rhost=80.94.92.55
2026-09-13T13:09:03.504503+02:00 vmi3427693 sshd[629874]: Invalid user hduser from 109.160.32.46 port 45926
2026-09-13T13:09:03.531429+02:00 vmi3427693 sshd[629874]: pam_unix(sshd:auth): check pass; user unknown
2026-09-13T13:09:03.531662+02:00 vmi3427693 sshd[629874]: pam_unix(sshd:auth): authentication failure; logname= uid=0 euid=0 tty=ssh ruser= rhost=109.160.32.46
2026-09-13T13:09:04.976886+02:00 vmi3427693 sshd[629869]: Failed password for invalid user admin from 80.94.92.55 port 45028 ssh2
2026-09-13T13:09:05.366727+02:00 vmi3427693 sshd[629874]: Failed password for invalid user hduser from 109.160.32.46 port 45926 ssh2
2026-09-13T13:09:05.641141+02:00 vmi3427693 sshd[629874]: Connection closed by invalid user hduser 109.160.32.46 port 45926 [preauth]
2026-09-13T13:09:05.742278+02:00 vmi3427693 sshd[629869]: Connection closed by invalid user admin 80.94.92.55 port 45028 [preauth]
2026-09-13T13:09:08.661268+02:00 vmi3427693 sshd[629886]: Invalid user vps from 109.160.32.46 port 59006
2026-09-13T13:09:08.683403+02:00 vmi3427693 sshd[629886]: pam_unix(sshd:auth): check pass; user unknown
2026-09-13T13:09:08.684919+02:00 vmi3427693 sshd[629886]: pam_unix(sshd:auth): authentication failure; logname= uid=0 euid=0 tty=ssh ruser= rhost=109.160.32.46
2026-09-13T13:09:11.207633+02:00 vmi3427693 sshd[629886]: Failed password for invalid user vps from 109.160.32.46 port 59006 ssh2
2026-09-13T13:09:13.410470+02:00 vmi3427693 sshd[629898]: Invalid user oracle from 109.160.32.46 port 59080
2026-09-13T13:09:13.432863+02:00 vmi3427693 sshd[629898]: pam_unix(sshd:auth): check pass; user unknown
2026-09-13T13:09:13.433204+02:00 vmi3427693 sshd[629898]: pam_unix(sshd:auth): authentication failure; logname= uid=0 euid=0 tty=ssh ruser= rhost=109.160.32.46
2026-09-13T13:09:13.441679+02:00 vmi3427693 sshd[629886]: Connection closed by invalid user vps 109.160.32.46 port 59006 [preauth]
2026-09-13T13:09:15.640274+02:00 vmi3427693 sshd[629898]: Failed password for invalid user oracle from 109.160.32.46 port 59080 ssh2
2026-09-13T13:09:15.682265+02:00 vmi3427693 sshd[629898]: Connection closed by invalid user oracle 109.160.32.46 port 59080 [preauth]
2026-09-13T13:09:18.406030+02:00 vmi3427693 sshd[629910]: Invalid user oracle from 109.160.32.46 port 46126
2026-09-13T13:09:18.427460+02:00 vmi3427693 sshd[629910]: pam_unix(sshd:auth): check pass; user unknown
2026-09-13T13:09:18.428342+02:00 vmi3427693 sshd[629910]: pam_unix(sshd:auth): authentication failure; logname= uid=0 euid=0 tty=ssh ruser= rhost=109.160.32.46
2026-09-13T13:09:18.956451+02:00 vmi3427693 sshd[629913]: Connection closed by 128.199.189.224 port 47400
2026-09-13T13:09:19.831911+02:00 vmi3427693 sshd[629915]: Invalid user sea from 128.199.189.224 port 47858
2026-09-13T13:09:19.988496+02:00 vmi3427693 sshd[629910]: Failed password for invalid user oracle from 109.160.32.46 port 46126 ssh2
2026-09-13T13:09:20.002355+02:00 vmi3427693 sshd[629915]: pam_unix(sshd:auth): check pass; user unknown
2026-09-13T13:09:20.002577+02:00 vmi3427693 sshd[629915]: pam_unix(sshd:auth): authentication failure; logname= uid=0 euid=0 tty=ssh ruser= rhost=128.199.189.224
2026-09-13T13:09:20.727694+02:00 vmi3427693 sshd[629910]: Connection closed by invalid user oracle 109.160.32.46 port 46126 [preauth]
2026-09-13T13:09:22.370485+02:00 vmi3427693 sshd[629915]: Failed password for invalid user sea from 128.199.189.224 port 47858 ssh2
2026-09-13T13:09:22.836133+02:00 vmi3427693 sshd[629925]: Connection closed by 45.180.44.182 port 55466
2026-09-13T13:09:23.385469+02:00 vmi3427693 sshd[629927]: Invalid user support from 109.160.32.46 port 46184
2026-09-13T13:09:23.409774+02:00 vmi3427693 sshd[629927]: pam_unix(sshd:auth): check pass; user unknown
2026-09-13T13:09:23.409928+02:00 vmi3427693 sshd[629927]: pam_unix(sshd:auth): authentication failure; logname= uid=0 euid=0 tty=ssh ruser= rhost=109.160.32.46
2026-09-13T13:09:24.869747+02:00 vmi3427693 sshd[629915]: Connection closed by invalid user sea 128.199.189.224 port 47858 [preauth]
2026-09-13T13:09:24.990931+02:00 vmi3427693 sshd[629927]: Failed password for invalid user support from 109.160.32.46 port 46184 ssh2
2026-09-13T13:09:25.231071+02:00 vmi3427693 sshd[629927]: Connection closed by invalid user support 109.160.32.46 port 46184 [preauth]
2026-09-13T13:09:28.309068+02:00 vmi3427693 sshd[629939]: Invalid user odoo14 from 109.160.32.46 port 41566
2026-09-13T13:09:28.345447+02:00 vmi3427693 sshd[629939]: pam_unix(sshd:auth): check pass; user unknown
2026-09-13T13:09:28.346348+02:00 vmi3427693 sshd[629939]: pam_unix(sshd:auth): authentication failure; logname= uid=0 euid=0 tty=ssh ruser= rhost=109.160.32.46
2026-09-13T13:09:30.613043+02:00 vmi3427693 sshd[629939]: Failed password for invalid user odoo14 from 109.160.32.46 port 41566 ssh2
2026-09-13T13:09:32.431801+02:00 vmi3427693 sshd[629939]: Connection closed by invalid user odoo14 109.160.32.46 port 41566 [preauth]
2026-09-13T13:09:33.293017+02:00 vmi3427693 sshd[629953]: pam_unix(sshd:auth): authentication failure; logname= uid=0 euid=0 tty=ssh ruser= rhost=109.160.32.46 user=root
2026-09-13T13:09:34.134575+02:00 vmi3427693 sshd[629949]: pam_unix(sshd:auth): authentication failure; logname= uid=0 euid=0 tty=ssh ruser= rhost=46.8.31.84 user=root
2026-09-13T13:09:35.580241+02:00 vmi3427693 sshd[629953]: Failed password for root from 109.160.32.46 port 41596 ssh2
2026-09-13T13:09:36.226597+02:00 vmi3427693 sshd[629949]: Failed password for root from 46.8.31.84 port 52318 ssh2
2026-09-13T13:09:36.514839+02:00 vmi3427693 sshd[629949]: Connection closed by authenticating user root 46.8.31.84 port 52318 [preauth]
2026-09-13T13:09:37.807387+02:00 vmi3427693 sshd[629953]: Connection closed by authenticating user root 109.160.32.46 port 41596 [preauth]
2026-09-13T13:09:38.597659+02:00 vmi3427693 sshd[629965]: pam_unix(sshd:auth): authentication failure; logname= uid=0 euid=0 tty=ssh ruser= rhost=109.160.32.46 user=root
2026-09-13T13:09:40.905140+02:00 vmi3427693 sshd[629965]: Failed password for root from 109.160.32.46 port 48098 ssh2
2026-09-13T13:09:43.152308+02:00 vmi3427693 sshd[629965]: Connection closed by authenticating user root 109.160.32.46 port 48098 [preauth]
2026-09-13T13:09:43.531137+02:00 vmi3427693 sshd[629980]: pam_unix(sshd:auth): authentication failure; logname= uid=0 euid=0 tty=ssh ruser= rhost=109.160.32.46 user=root
2026-09-13T13:09:44.280728+02:00 vmi3427693 sshd[629977]: Invalid user gituser from 58.152.42.212 port 52384
2026-09-13T13:09:44.284345+02:00 vmi3427693 sshd[629977]: pam_unix(sshd:auth): check pass; user unknown
2026-09-13T13:09:44.284569+02:00 vmi3427693 sshd[629977]: pam_unix(sshd:auth): authentication failure; logname= uid=0 euid=0 tty=ssh ruser= rhost=58.152.42.212
2026-09-13T13:09:45.735578+02:00 vmi3427693 sshd[629985]: Invalid user bla from 45.182.206.203 port 33710
2026-09-13T13:09:45.741273+02:00 vmi3427693 sshd[629985]: pam_unix(sshd:auth): check pass; user unknown
2026-09-13T13:09:45.741471+02:00 vmi3427693 sshd[629985]: pam_unix(sshd:auth): authentication failure; logname= uid=0 euid=0 tty=ssh ruser= rhost=45.182.206.203
2026-09-13T13:09:45.858389+02:00 vmi3427693 sshd[629980]: Failed password for root from 109.160.32.46 port 48162 ssh2
2026-09-13T13:09:46.416673+02:00 vmi3427693 sshd[629977]: Failed password for invalid user gituser from 58.152.42.212 port 52384 ssh2
2026-09-13T13:09:48.009029+02:00 vmi3427693 sshd[629985]: Failed password for invalid user bla from 45.182.206.203 port 33710 ssh2
2026-09-13T13:09:48.034615+02:00 vmi3427693 sshd[629980]: Connection closed by authenticating user root 109.160.32.46 port 48162 [preauth]
2026-09-13T13:09:48.126369+02:00 vmi3427693 sshd[629977]: Received disconnect from 58.152.42.212 port 52384:11: Bye Bye [preauth]
2026-09-13T13:09:48.126765+02:00 vmi3427693 sshd[629977]: Disconnected from invalid user gituser 58.152.42.212 port 52384 [preauth]
2026-09-13T13:09:48.652289+02:00 vmi3427693 sshd[629997]: pam_unix(sshd:auth): authentication failure; logname= uid=0 euid=0 tty=ssh ruser= rhost=109.160.32.46 user=root
2026-09-13T13:09:48.730011+02:00 vmi3427693 sshd[629985]: Received disconnect from 45.182.206.203 port 33710:11: Bye Bye [preauth]
2026-09-13T13:09:48.730354+02:00 vmi3427693 sshd[629985]: Disconnected from invalid user bla 45.182.206.203 port 33710 [preauth]
2026-09-13T13:09:49.521311+02:00 vmi3427693 sshd[629994]: Invalid user pydio from 202.152.148.30 port 54312
2026-09-13T13:09:49.543798+02:00 vmi3427693 sshd[629994]: pam_unix(sshd:auth): check pass; user unknown
2026-09-13T13:09:49.544506+02:00 vmi3427693 sshd[629994]: pam_unix(sshd:auth): authentication failure; logname= uid=0 euid=0 tty=ssh ruser= rhost=202.152.148.30
2026-09-13T13:09:50.664854+02:00 vmi3427693 sshd[629997]: Failed password for root from 109.160.32.46 port 54826 ssh2
2026-09-13T13:09:50.870886+02:00 vmi3427693 sshd[629997]: Connection closed by authenticating user root 109.160.32.46 port 54826 [preauth]
2026-09-13T13:09:51.359899+02:00 vmi3427693 sshd[629994]: Failed password for invalid user pydio from 202.152.148.30 port 54312 ssh2
2026-09-13T13:09:52.784025+02:00 vmi3427693 sshd[629994]: Received disconnect from 202.152.148.30 port 54312:11: Bye Bye [preauth]
2026-09-13T13:09:52.784231+02:00 vmi3427693 sshd[629994]: Disconnected from invalid user pydio 202.152.148.30 port 54312 [preauth]
2026-09-13T13:09:53.708350+02:00 vmi3427693 sshd[630009]: pam_unix(sshd:auth): authentication failure; logname= uid=0 euid=0 tty=ssh ruser= rhost=109.160.32.46 user=root
2026-09-13T13:09:55.408173+02:00 vmi3427693 sshd[630009]: Failed password for root from 109.160.32.46 port 54854 ssh2
2026-09-13T13:09:55.950680+02:00 vmi3427693 sshd[630009]: Connection closed by authenticating user root 109.160.32.46 port 54854 [preauth]
2026-09-13T13:09:58.971433+02:00 vmi3427693 sshd[630022]: pam_unix(sshd:auth): authentication failure; logname= uid=0 euid=0 tty=ssh ruser= rhost=109.160.32.46 user=root
2026-09-13T13:10:01.023353+02:00 vmi3427693 sshd[630022]: Failed password for root from 109.160.32.46 port 38252 ssh2
2026-09-13T13:10:01.325098+02:00 vmi3427693 sshd[630022]: Connection closed by authenticating user root 109.160.32.46 port 38252 [preauth]
2026-09-13T13:10:01.536481+02:00 vmi3427693 CRON[630032]: pam_unix(cron:session): session opened for user root(uid=0) by root(uid=0)
2026-09-13T13:10:01.538223+02:00 vmi3427693 CRON[630033]: pam_unix(cron:session): session opened for user root(uid=0) by root(uid=0)
2026-09-13T13:10:01.652985+02:00 vmi3427693 CRON[630033]: pam_unix(cron:session): session closed for user root
2026-09-13T13:10:03.868474+02:00 vmi3427693 sshd[630152]: Invalid user debian from 109.160.32.46 port 38336
2026-09-13T13:10:03.926209+02:00 vmi3427693 sshd[630152]: pam_unix(sshd:auth): check pass; user unknown
2026-09-13T13:10:03.926430+02:00 vmi3427693 sshd[630152]: pam_unix(sshd:auth): authentication failure; logname= uid=0 euid=0 tty=ssh ruser= rhost=109.160.32.46
2026-09-13T13:10:04.861565+02:00 vmi3427693 CRON[630032]: pam_unix(cron:session): session closed for user root
2026-09-13T13:10:06.333589+02:00 vmi3427693 sshd[630152]: Failed password for invalid user debian from 109.160.32.46 port 38336 ssh2
2026-09-13T13:10:07.605419+02:00 vmi3427693 sshd[630152]: Connection closed by invalid user debian 109.160.32.46 port 38336 [preauth]
2026-09-13T13:10:09.133120+02:00 vmi3427693 sshd[630170]: Invalid user centreon from 109.160.32.46 port 45892
