2026-09-13T05:54:46.219966+02:00 vmi3427693 sshd[459923]: Connection closed by authenticating user root 77.90.185.20 port 6732 [preauth]
2026-09-13T05:54:55.006177+02:00 vmi3427693 sshd[459954]: pam_unix(sshd:auth): authentication failure; logname= uid=0 euid=0 tty=ssh ruser= rhost=77.90.185.20 user=root
2026-09-13T05:54:56.224007+02:00 vmi3427693 sshd[459979]: Invalid user blockchain from 45.148.10.240 port 60738
2026-09-13T05:54:56.235767+02:00 vmi3427693 sshd[459979]: pam_unix(sshd:auth): check pass; user unknown
2026-09-13T05:54:56.235990+02:00 vmi3427693 sshd[459979]: pam_unix(sshd:auth): authentication failure; logname= uid=0 euid=0 tty=ssh ruser= rhost=45.148.10.240
2026-09-13T05:54:57.102765+02:00 vmi3427693 sshd[459954]: Failed password for root from 77.90.185.20 port 11874 ssh2
2026-09-13T05:54:57.939379+02:00 vmi3427693 sshd[459979]: Failed password for invalid user blockchain from 45.148.10.240 port 60738 ssh2
2026-09-13T05:54:58.489297+02:00 vmi3427693 sshd[459979]: Connection closed by invalid user blockchain 45.148.10.240 port 60738 [preauth]
2026-09-13T05:55:00.870266+02:00 vmi3427693 sshd[459954]: Connection closed by authenticating user root 77.90.185.20 port 11874 [preauth]
2026-09-13T05:55:01.900779+02:00 vmi3427693 CRON[459994]: pam_unix(cron:session): session opened for user root(uid=0) by root(uid=0)
2026-09-13T05:55:01.947135+02:00 vmi3427693 CRON[459995]: pam_unix(cron:session): session opened for user root(uid=0) by root(uid=0)
2026-09-13T05:55:01.955070+02:00 vmi3427693 CRON[459994]: pam_unix(cron:session): session closed for user root
2026-09-13T05:55:02.529849+02:00 vmi3427693 CRON[459995]: pam_unix(cron:session): session closed for user root
2026-09-13T05:55:07.929658+02:00 vmi3427693 sshd[459991]: Invalid user abc from 77.90.185.20 port 30624
2026-09-13T05:55:09.590117+02:00 vmi3427693 sshd[459991]: pam_unix(sshd:auth): check pass; user unknown
2026-09-13T05:55:09.590366+02:00 vmi3427693 sshd[459991]: pam_unix(sshd:auth): authentication failure; logname= uid=0 euid=0 tty=ssh ruser= rhost=77.90.185.20
2026-09-13T05:55:11.745589+02:00 vmi3427693 sshd[459991]: Failed password for invalid user abc from 77.90.185.20 port 30624 ssh2
2026-09-13T05:55:15.207696+02:00 vmi3427693 sshd[459991]: Connection closed by invalid user abc 77.90.185.20 port 30624 [preauth]
2026-09-13T05:55:22.148234+02:00 vmi3427693 sshd[460031]: Invalid user devuser from 77.90.185.20 port 40298
2026-09-13T05:55:24.030889+02:00 vmi3427693 sshd[460031]: pam_unix(sshd:auth): check pass; user unknown
2026-09-13T05:55:24.031134+02:00 vmi3427693 sshd[460031]: pam_unix(sshd:auth): authentication failure; logname= uid=0 euid=0 tty=ssh ruser= rhost=77.90.185.20
2026-09-13T05:55:25.104634+02:00 vmi3427693 sshd[460054]: Invalid user admin from 46.8.31.84 port 58538
2026-09-13T05:55:25.111114+02:00 vmi3427693 sshd[460054]: pam_unix(sshd:auth): check pass; user unknown
2026-09-13T05:55:25.111352+02:00 vmi3427693 sshd[460054]: pam_unix(sshd:auth): authentication failure; logname= uid=0 euid=0 tty=ssh ruser= rhost=46.8.31.84
2026-09-13T05:55:25.909447+02:00 vmi3427693 sshd[460031]: Failed password for invalid user devuser from 77.90.185.20 port 40298 ssh2
2026-09-13T05:55:26.795053+02:00 vmi3427693 sshd[460054]: Failed password for invalid user admin from 46.8.31.84 port 58538 ssh2
2026-09-13T05:55:27.833052+02:00 vmi3427693 sshd[460031]: Connection closed by invalid user devuser 77.90.185.20 port 40298 [preauth]
2026-09-13T05:55:27.956786+02:00 vmi3427693 sshd[460054]: Connection closed by invalid user admin 46.8.31.84 port 58538 [preauth]
2026-09-13T05:55:36.519758+02:00 vmi3427693 sshd[460060]: pam_unix(sshd:auth): authentication failure; logname= uid=0 euid=0 tty=ssh ruser= rhost=77.90.185.20 user=root
2026-09-13T05:55:38.379442+02:00 vmi3427693 sshd[460060]: Failed password for root from 77.90.185.20 port 54952 ssh2
2026-09-13T05:55:40.292102+02:00 vmi3427693 sshd[460060]: Connection closed by authenticating user root 77.90.185.20 port 54952 [preauth]
2026-09-13T05:55:47.189971+02:00 vmi3427693 sshd[460100]: Invalid user pedro from 77.90.185.20 port 11320
2026-09-13T05:55:48.761741+02:00 vmi3427693 sshd[460100]: pam_unix(sshd:auth): check pass; user unknown
2026-09-13T05:55:48.762069+02:00 vmi3427693 sshd[460100]: pam_unix(sshd:auth): authentication failure; logname= uid=0 euid=0 tty=ssh ruser= rhost=77.90.185.20
2026-09-13T05:55:50.937886+02:00 vmi3427693 sshd[460100]: Failed password for invalid user pedro from 77.90.185.20 port 11320 ssh2
2026-09-13T05:55:54.218676+02:00 vmi3427693 sshd[460100]: Connection closed by invalid user pedro 77.90.185.20 port 11320 [preauth]
2026-09-13T05:56:01.123238+02:00 vmi3427693 sshd[460135]: Invalid user deploy from 77.90.185.20 port 61708
2026-09-13T05:56:01.541733+02:00 vmi3427693 CRON[460153]: pam_unix(cron:session): session opened for user root(uid=0) by root(uid=0)
2026-09-13T05:56:01.667448+02:00 vmi3427693 CRON[460153]: pam_unix(cron:session): session closed for user root
2026-09-13T05:56:02.664481+02:00 vmi3427693 sshd[460135]: pam_unix(sshd:auth): check pass; user unknown
2026-09-13T05:56:02.668376+02:00 vmi3427693 sshd[460135]: pam_unix(sshd:auth): authentication failure; logname= uid=0 euid=0 tty=ssh ruser= rhost=77.90.185.20
2026-09-13T05:56:04.090955+02:00 vmi3427693 sshd[460135]: Failed password for invalid user deploy from 77.90.185.20 port 61708 ssh2
2026-09-13T05:56:07.165048+02:00 vmi3427693 sshd[460135]: Connection closed by invalid user deploy 77.90.185.20 port 61708 [preauth]
2026-09-13T05:56:15.516917+02:00 vmi3427693 sshd[460170]: pam_unix(sshd:auth): authentication failure; logname= uid=0 euid=0 tty=ssh ruser= rhost=77.90.185.20 user=root
2026-09-13T05:56:17.733028+02:00 vmi3427693 sshd[460170]: Failed password for root from 77.90.185.20 port 52850 ssh2
2026-09-13T05:56:21.429257+02:00 vmi3427693 sshd[460170]: Connection closed by authenticating user root 77.90.185.20 port 52850 [preauth]
2026-09-13T05:56:28.076143+02:00 vmi3427693 sshd[460203]: Invalid user ts3 from 77.90.185.20 port 2818
2026-09-13T05:56:29.044419+02:00 vmi3427693 sshd[460220]: Invalid user bitrix from 46.8.31.84 port 59016
2026-09-13T05:56:29.050887+02:00 vmi3427693 sshd[460220]: pam_unix(sshd:auth): check pass; user unknown
2026-09-13T05:56:29.051119+02:00 vmi3427693 sshd[460220]: pam_unix(sshd:auth): authentication failure; logname= uid=0 euid=0 tty=ssh ruser= rhost=46.8.31.84
2026-09-13T05:56:29.685149+02:00 vmi3427693 sshd[460203]: pam_unix(sshd:auth): check pass; user unknown
2026-09-13T05:56:29.685385+02:00 vmi3427693 sshd[460203]: pam_unix(sshd:auth): authentication failure; logname= uid=0 euid=0 tty=ssh ruser= rhost=77.90.185.20
2026-09-13T05:56:30.855312+02:00 vmi3427693 sshd[460220]: Failed password for invalid user bitrix from 46.8.31.84 port 59016 ssh2
2026-09-13T05:56:31.490638+02:00 vmi3427693 sshd[460203]: Failed password for invalid user ts3 from 77.90.185.20 port 2818 ssh2
2026-09-13T05:56:32.022206+02:00 vmi3427693 sshd[460220]: Connection closed by invalid user bitrix 46.8.31.84 port 59016 [preauth]
2026-09-13T05:56:33.632843+02:00 vmi3427693 sshd[460203]: Connection closed by invalid user ts3 77.90.185.20 port 2818 [preauth]
2026-09-13T05:56:38.020980+02:00 vmi3427693 sshd[460246]: pam_unix(sshd:auth): authentication failure; logname= uid=0 euid=0 tty=ssh ruser= rhost=45.148.10.240 user=www-data
2026-09-13T05:56:40.064354+02:00 vmi3427693 sshd[460246]: Failed password for www-data from 45.148.10.240 port 54764 ssh2
2026-09-13T05:56:41.992040+02:00 vmi3427693 sshd[460235]: pam_unix(sshd:auth): authentication failure; logname= uid=0 euid=0 tty=ssh ruser= rhost=77.90.185.20 user=root
2026-09-13T05:56:42.079289+02:00 vmi3427693 sshd[460246]: Connection closed by authenticating user www-data 45.148.10.240 port 54764 [preauth]
2026-09-13T05:56:43.775933+02:00 vmi3427693 sshd[460235]: Failed password for root from 77.90.185.20 port 4334 ssh2
2026-09-13T05:56:46.233076+02:00 vmi3427693 sshd[460235]: Connection closed by authenticating user root 77.90.185.20 port 4334 [preauth]
2026-09-13T05:56:54.618933+02:00 vmi3427693 sshd[460267]: pam_unix(sshd:auth): authentication failure; logname= uid=0 euid=0 tty=ssh ruser= rhost=77.90.185.20 user=root
2026-09-13T05:56:56.853867+02:00 vmi3427693 sshd[460267]: Failed password for root from 77.90.185.20 port 6528 ssh2
2026-09-13T05:57:00.965081+02:00 vmi3427693 sshd[460267]: Connection closed by authenticating user root 77.90.185.20 port 6528 [preauth]
2026-09-13T05:57:01.685033+02:00 vmi3427693 CRON[460305]: pam_unix(cron:session): session opened for user root(uid=0) by root(uid=0)
2026-09-13T05:57:01.801731+02:00 vmi3427693 CRON[460305]: pam_unix(cron:session): session closed for user root
2026-09-13T05:57:09.242647+02:00 vmi3427693 sshd[460301]: pam_unix(sshd:auth): authentication failure; logname= uid=0 euid=0 tty=ssh ruser= rhost=77.90.185.20 user=root
2026-09-13T05:57:11.537790+02:00 vmi3427693 sshd[460301]: Failed password for root from 77.90.185.20 port 63616 ssh2
2026-09-13T05:57:15.188891+02:00 vmi3427693 sshd[460301]: Connection closed by authenticating user root 77.90.185.20 port 63616 [preauth]
2026-09-13T05:57:23.671458+02:00 vmi3427693 sshd[460372]: pam_unix(sshd:auth): authentication failure; logname= uid=0 euid=0 tty=ssh ruser= rhost=77.90.185.20 user=root
2026-09-13T05:57:25.556620+02:00 vmi3427693 sshd[460372]: Failed password for root from 77.90.185.20 port 1964 ssh2
2026-09-13T05:57:27.739730+02:00 vmi3427693 sshd[460372]: Connection closed by authenticating user root 77.90.185.20 port 1964 [preauth]
2026-09-13T05:57:34.749339+02:00 vmi3427693 sshd[460509]: Invalid user cloud from 46.8.31.84 port 45576
2026-09-13T05:57:34.755668+02:00 vmi3427693 sshd[460509]: pam_unix(sshd:auth): check pass; user unknown
2026-09-13T05:57:34.755898+02:00 vmi3427693 sshd[460509]: pam_unix(sshd:auth): authentication failure; logname= uid=0 euid=0 tty=ssh ruser= rhost=46.8.31.84
2026-09-13T05:57:36.334750+02:00 vmi3427693 sshd[460468]: pam_unix(sshd:auth): authentication failure; logname= uid=0 euid=0 tty=ssh ruser= rhost=77.90.185.20 user=root
2026-09-13T05:57:36.816353+02:00 vmi3427693 sshd[460509]: Failed password for invalid user cloud from 46.8.31.84 port 45576 ssh2
2026-09-13T05:57:37.224721+02:00 vmi3427693 sshd[460509]: Connection closed by invalid user cloud 46.8.31.84 port 45576 [preauth]
2026-09-13T05:57:38.669843+02:00 vmi3427693 sshd[460468]: Failed password for root from 77.90.185.20 port 55702 ssh2
2026-09-13T05:57:42.252136+02:00 vmi3427693 sshd[460468]: Connection closed by authenticating user root 77.90.185.20 port 55702 [preauth]
2026-09-13T05:57:50.336420+02:00 vmi3427693 sshd[460549]: Connection closed by 178.128.238.243 port 39626
2026-09-13T05:57:50.796432+02:00 vmi3427693 sshd[460529]: pam_unix(sshd:auth): authentication failure; logname= uid=0 euid=0 tty=ssh ruser= rhost=77.90.185.20 user=root
2026-09-13T05:57:50.937942+02:00 vmi3427693 sshd[460550]: Invalid user hpe from 178.128.238.243 port 39632
2026-09-13T05:57:51.053368+02:00 vmi3427693 sshd[460550]: pam_unix(sshd:auth): check pass; user unknown
2026-09-13T05:57:51.053694+02:00 vmi3427693 sshd[460550]: pam_unix(sshd:auth): authentication failure; logname= uid=0 euid=0 tty=ssh ruser= rhost=178.128.238.243
2026-09-13T05:57:52.384365+02:00 vmi3427693 sshd[460529]: Failed password for root from 77.90.185.20 port 4464 ssh2
2026-09-13T05:57:53.113233+02:00 vmi3427693 sshd[460550]: Failed password for invalid user hpe from 178.128.238.243 port 39632 ssh2
2026-09-13T05:57:54.924877+02:00 vmi3427693 sshd[460529]: Connection closed by authenticating user root 77.90.185.20 port 4464 [preauth]
2026-09-13T05:57:55.240996+02:00 vmi3427693 sshd[460550]: Connection closed by invalid user hpe 178.128.238.243 port 39632 [preauth]
2026-09-13T05:58:01.676990+02:00 vmi3427693 sshd[460564]: Invalid user sam from 77.90.185.20 port 45484
2026-09-13T05:58:01.899723+02:00 vmi3427693 CRON[461010]: pam_unix(cron:session): session opened for user root(uid=0) by root(uid=0)
2026-09-13T05:58:02.091199+02:00 vmi3427693 CRON[461010]: pam_unix(cron:session): session closed for user root
2026-09-13T05:58:03.169641+02:00 vmi3427693 sshd[460564]: pam_unix(sshd:auth): check pass; user unknown
2026-09-13T05:58:03.169826+02:00 vmi3427693 sshd[460564]: pam_unix(sshd:auth): authentication failure; logname= uid=0 euid=0 tty=ssh ruser= rhost=77.90.185.20
2026-09-13T05:58:05.209656+02:00 vmi3427693 sshd[460564]: Failed password for invalid user sam from 77.90.185.20 port 45484 ssh2
2026-09-13T05:58:08.328971+02:00 vmi3427693 sshd[460564]: Connection closed by invalid user sam 77.90.185.20 port 45484 [preauth]
2026-09-13T05:58:16.587357+02:00 vmi3427693 sshd[461098]: pam_unix(sshd:auth): authentication failure; logname= uid=0 euid=0 tty=ssh ruser= rhost=77.90.185.20 user=root
2026-09-13T05:58:18.750392+02:00 vmi3427693 sshd[461098]: Failed password for root from 77.90.185.20 port 23100 ssh2
2026-09-13T05:58:20.811454+02:00 vmi3427693 sshd[461098]: Connection closed by authenticating user root 77.90.185.20 port 23100 [preauth]
2026-09-13T05:58:25.897264+02:00 vmi3427693 sshd[461353]: Invalid user user from 45.148.10.240 port 53926
2026-09-13T05:58:25.910407+02:00 vmi3427693 sshd[461353]: pam_unix(sshd:auth): check pass; user unknown
2026-09-13T05:58:25.910890+02:00 vmi3427693 sshd[461353]: pam_unix(sshd:auth): authentication failure; logname= uid=0 euid=0 tty=ssh ruser= rhost=45.148.10.240
2026-09-13T05:58:27.971329+02:00 vmi3427693 sshd[461353]: Failed password for invalid user user from 45.148.10.240 port 53926 ssh2
2026-09-13T05:58:28.037861+02:00 vmi3427693 sshd[461353]: Connection closed by invalid user user 45.148.10.240 port 53926 [preauth]
2026-09-13T05:58:29.354120+02:00 vmi3427693 sshd[461312]: pam_unix(sshd:auth): authentication failure; logname= uid=0 euid=0 tty=ssh ruser= rhost=77.90.185.20 user=root
2026-09-13T05:58:31.963647+02:00 vmi3427693 sshd[461312]: Failed password for root from 77.90.185.20 port 50220 ssh2
2026-09-13T05:58:35.703752+02:00 vmi3427693 sshd[461312]: Connection closed by authenticating user root 77.90.185.20 port 50220 [preauth]
2026-09-13T05:58:41.286208+02:00 vmi3427693 sshd[461490]: pam_unix(sshd:auth): authentication failure; logname= uid=0 euid=0 tty=ssh ruser= rhost=46.8.31.84 user=root
2026-09-13T05:58:43.878149+02:00 vmi3427693 sshd[461490]: Failed password for root from 46.8.31.84 port 54380 ssh2
2026-09-13T05:58:43.981085+02:00 vmi3427693 sshd[461443]: pam_unix(sshd:auth): authentication failure; logname= uid=0 euid=0 tty=ssh ruser= rhost=77.90.185.20 user=root
2026-09-13T05:58:45.926888+02:00 vmi3427693 sshd[461490]: Connection closed by authenticating user root 46.8.31.84 port 54380 [preauth]
2026-09-13T05:58:46.512893+02:00 vmi3427693 sshd[461443]: Failed password for root from 77.90.185.20 port 20002 ssh2
2026-09-13T05:58:50.032830+02:00 vmi3427693 sshd[461443]: Connection closed by authenticating user root 77.90.185.20 port 20002 [preauth]
2026-09-13T05:58:58.318627+02:00 vmi3427693 sshd[461586]: pam_unix(sshd:auth): authentication failure; logname= uid=0 euid=0 tty=ssh ruser= rhost=77.90.185.20 user=root
2026-09-13T05:59:00.242172+02:00 vmi3427693 sshd[461586]: Failed password for root from 77.90.185.20 port 5360 ssh2
2026-09-13T05:59:01.106731+02:00 vmi3427693 CRON[461691]: pam_unix(cron:session): session opened for user root(uid=0) by root(uid=0)
2026-09-13T05:59:01.186566+02:00 vmi3427693 CRON[461691]: pam_unix(cron:session): session closed for user root
2026-09-13T05:59:01.230353+02:00 vmi3427693 sshd[461687]: pam_unix(sshd:auth): authentication failure; logname= uid=0 euid=0 tty=ssh ruser= rhost=45.148.10.157 user=root
2026-09-13T05:59:02.476397+02:00 vmi3427693 sshd[461586]: Connection closed by authenticating user root 77.90.185.20 port 5360 [preauth]
2026-09-13T05:59:03.901321+02:00 vmi3427693 sshd[461687]: Failed password for root from 45.148.10.157 port 24474 ssh2
2026-09-13T05:59:08.024344+02:00 vmi3427693 sshd[461687]: Failed password for root from 45.148.10.157 port 24474 ssh2
2026-09-13T05:59:10.759485+02:00 vmi3427693 sshd[461708]: pam_unix(sshd:auth): authentication failure; logname= uid=0 euid=0 tty=ssh ruser= rhost=77.90.185.20 user=root
2026-09-13T05:59:11.973023+02:00 vmi3427693 sshd[461687]: Failed password for root from 45.148.10.157 port 24474 ssh2
2026-09-13T05:59:12.329771+02:00 vmi3427693 sshd[461708]: Failed password for root from 77.90.185.20 port 63430 ssh2
2026-09-13T05:59:14.842269+02:00 vmi3427693 sshd[461687]: Failed password for root from 45.148.10.157 port 24474 ssh2
2026-09-13T05:59:14.936911+02:00 vmi3427693 sshd[461708]: Connection closed by authenticating user root 77.90.185.20 port 63430 [preauth]
2026-09-13T05:59:16.751142+02:00 vmi3427693 sshd[461687]: Failed password for root from 45.148.10.157 port 24474 ssh2
2026-09-13T05:59:17.184359+02:00 vmi3427693 sshd[461687]: Connection reset by authenticating user root 45.148.10.157 port 24474 [preauth]
2026-09-13T05:59:17.184984+02:00 vmi3427693 sshd[461687]: PAM 4 more authentication failures; logname= uid=0 euid=0 tty=ssh ruser= rhost=45.148.10.157 user=root
2026-09-13T05:59:17.185434+02:00 vmi3427693 sshd[461687]: PAM service(sshd) ignoring max retries; 5 > 3
2026-09-13T05:59:21.797985+02:00 vmi3427693 sshd[461809]: Invalid user admin from 77.90.185.20 port 26412
2026-09-13T05:59:23.329101+02:00 vmi3427693 sshd[461809]: pam_unix(sshd:auth): check pass; user unknown
2026-09-13T05:59:23.329351+02:00 vmi3427693 sshd[461809]: pam_unix(sshd:auth): authentication failure; logname= uid=0 euid=0 tty=ssh ruser= rhost=77.90.185.20
2026-09-13T05:59:25.354628+02:00 vmi3427693 sshd[461809]: Failed password for invalid user admin from 77.90.185.20 port 26412 ssh2
2026-09-13T05:59:27.841055+02:00 vmi3427693 sshd[461809]: Connection closed by invalid user admin 77.90.185.20 port 26412 [preauth]
2026-09-13T05:59:34.861876+02:00 vmi3427693 sshd[461938]: Invalid user ubuntu from 77.90.185.20 port 36838
2026-09-13T05:59:36.596277+02:00 vmi3427693 sshd[461938]: pam_unix(sshd:auth): check pass; user unknown
2026-09-13T05:59:36.596484+02:00 vmi3427693 sshd[461938]: pam_unix(sshd:auth): authentication failure; logname= uid=0 euid=0 tty=ssh ruser= rhost=77.90.185.20
2026-09-13T05:59:39.072074+02:00 vmi3427693 sshd[461938]: Failed password for invalid user ubuntu from 77.90.185.20 port 36838 ssh2
2026-09-13T05:59:42.626650+02:00 vmi3427693 sshd[461938]: Connection closed by invalid user ubuntu 77.90.185.20 port 36838 [preauth]
2026-09-13T05:59:49.197406+02:00 vmi3427693 sshd[462056]: Invalid user cisco from 77.90.185.20 port 64202
2026-09-13T05:59:50.271063+02:00 vmi3427693 sshd[462088]: pam_unix(sshd:auth): authentication failure; logname= uid=0 euid=0 tty=ssh ruser= rhost=46.8.31.84 user=root
2026-09-13T05:59:50.716729+02:00 vmi3427693 sshd[462056]: pam_unix(sshd:auth): check pass; user unknown
2026-09-13T05:59:50.716971+02:00 vmi3427693 sshd[462056]: pam_unix(sshd:auth): authentication failure; logname= uid=0 euid=0 tty=ssh ruser= rhost=77.90.185.20
2026-09-13T05:59:51.999682+02:00 vmi3427693 sshd[462088]: Failed password for root from 46.8.31.84 port 46672 ssh2
2026-09-13T05:59:52.445569+02:00 vmi3427693 sshd[462056]: Failed password for invalid user cisco from 77.90.185.20 port 64202 ssh2
2026-09-13T05:59:52.587044+02:00 vmi3427693 sshd[462088]: Connection closed by authenticating user root 46.8.31.84 port 46672 [preauth]
2026-09-13T05:59:54.515850+02:00 vmi3427693 sshd[462056]: Connection closed by invalid user cisco 77.90.185.20 port 64202 [preauth]
2026-09-13T06:00:01.278995+02:00 vmi3427693 CRON[462122]: pam_unix(cron:session): session opened for user root(uid=0) by root(uid=0)
2026-09-13T06:00:01.284365+02:00 vmi3427693 CRON[462121]: pam_unix(cron:session): session opened for user root(uid=0) by root(uid=0)
2026-09-13T06:00:01.306510+02:00 vmi3427693 CRON[462123]: pam_unix(cron:session): session opened for user root(uid=0) by root(uid=0)
2026-09-13T06:00:01.391395+02:00 vmi3427693 CRON[462124]: pam_unix(cron:session): session opened for user root(uid=0) by root(uid=0)
2026-09-13T06:00:01.666699+02:00 vmi3427693 CRON[462121]: pam_unix(cron:session): session closed for user root
2026-09-13T06:00:01.742965+02:00 vmi3427693 CRON[462124]: pam_unix(cron:session): session closed for user root
2026-09-13T06:00:03.372999+02:00 vmi3427693 sshd[462100]: pam_unix(sshd:auth): authentication failure; logname= uid=0 euid=0 tty=ssh ruser= rhost=77.90.185.20 user=root
2026-09-13T06:00:05.597907+02:00 vmi3427693 sshd[462100]: Failed password for root from 77.90.185.20 port 13572 ssh2
2026-09-13T06:00:07.110497+02:00 vmi3427693 CRON[462123]: pam_unix(cron:session): session closed for user root
2026-09-13T06:00:07.968529+02:00 vmi3427693 dbus-daemon[643]: [system] Failed to activate service 'org.freedesktop.fwupd': timed out (service_start_timeout=25000ms)
2026-09-13T06:00:09.514289+02:00 vmi3427693 sshd[462100]: Connection closed by authenticating user root 77.90.185.20 port 13572 [preauth]
2026-09-13T06:00:10.444648+02:00 vmi3427693 sshd[462290]: Connection closed by 2.57.122.168 port 51904
2026-09-13T06:00:11.327479+02:00 vmi3427693 CRON[462122]: pam_unix(cron:session): session closed for user root
2026-09-13T06:00:12.905169+02:00 vmi3427693 sshd[462308]: Invalid user user from 45.148.10.240 port 51708
2026-09-13T06:00:12.919944+02:00 vmi3427693 sshd[462308]: pam_unix(sshd:auth): check pass; user unknown
2026-09-13T06:00:12.920174+02:00 vmi3427693 sshd[462308]: pam_unix(sshd:auth): authentication failure; logname= uid=0 euid=0 tty=ssh ruser= rhost=45.148.10.240
2026-09-13T06:00:15.371150+02:00 vmi3427693 sshd[462308]: Failed password for invalid user user from 45.148.10.240 port 51708 ssh2
2026-09-13T06:00:17.173328+02:00 vmi3427693 sshd[462308]: Connection closed by invalid user user 45.148.10.240 port 51708 [preauth]
2026-09-13T06:00:17.701972+02:00 vmi3427693 sshd[462285]: pam_unix(sshd:auth): authentication failure; logname= uid=0 euid=0 tty=ssh ruser= rhost=77.90.185.20 user=root
2026-09-13T06:00:19.807180+02:00 vmi3427693 sshd[462285]: Failed password for root from 77.90.185.20 port 30550 ssh2
2026-09-13T06:00:21.823027+02:00 vmi3427693 sshd[462285]: Connection closed by authenticating user root 77.90.185.20 port 30550 [preauth]
2026-09-13T06:00:28.719631+02:00 vmi3427693 sshd[462360]: Invalid user postgres from 77.90.185.20 port 29900
2026-09-13T06:00:30.452166+02:00 vmi3427693 sshd[462360]: pam_unix(sshd:auth): check pass; user unknown
2026-09-13T06:00:30.452641+02:00 vmi3427693 sshd[462360]: pam_unix(sshd:auth): authentication failure; logname= uid=0 euid=0 tty=ssh ruser= rhost=77.90.185.20
2026-09-13T06:00:32.340585+02:00 vmi3427693 sshd[462360]: Failed password for invalid user postgres from 77.90.185.20 port 29900 ssh2
2026-09-13T06:00:36.194577+02:00 vmi3427693 sshd[462360]: Connection closed by invalid user postgres 77.90.185.20 port 29900 [preauth]
2026-09-13T06:00:44.782404+02:00 vmi3427693 sshd[462486]: pam_unix(sshd:auth): authentication failure; logname= uid=0 euid=0 tty=ssh ruser= rhost=77.90.185.20 user=root
2026-09-13T06:00:45.923961+02:00 vmi3427693 sshd[462486]: Failed password for root from 77.90.185.20 port 36270 ssh2
2026-09-13T06:00:49.147910+02:00 vmi3427693 sshd[462486]: Connection closed by authenticating user root 77.90.185.20 port 36270 [preauth]
2026-09-13T06:00:56.133220+02:00 vmi3427693 sshd[462636]: Invalid user vpn from 77.90.185.20 port 18006
2026-09-13T06:00:56.611490+02:00 vmi3427693 sshd[462707]: pam_unix(sshd:auth): authentication failure; logname= uid=0 euid=0 tty=ssh ruser= rhost=46.8.31.84 user=root
2026-09-13T06:00:57.517395+02:00 vmi3427693 sshd[462636]: pam_unix(sshd:auth): check pass; user unknown
2026-09-13T06:00:57.517657+02:00 vmi3427693 sshd[462636]: pam_unix(sshd:auth): authentication failure; logname= uid=0 euid=0 tty=ssh ruser= rhost=77.90.185.20
2026-09-13T06:00:58.067453+02:00 vmi3427693 sshd[462707]: Failed password for root from 46.8.31.84 port 35210 ssh2
2026-09-13T06:00:58.933417+02:00 vmi3427693 sshd[462707]: Connection closed by authenticating user root 46.8.31.84 port 35210 [preauth]
2026-09-13T06:00:59.114316+02:00 vmi3427693 sshd[462636]: Failed password for invalid user vpn from 77.90.185.20 port 18006 ssh2
2026-09-13T06:01:01.392168+02:00 vmi3427693 CRON[462766]: pam_unix(cron:session): session opened for user root(uid=0) by root(uid=0)
2026-09-13T06:01:01.563317+02:00 vmi3427693 CRON[462766]: pam_unix(cron:session): session closed for user root
2026-09-13T06:01:01.764877+02:00 vmi3427693 sshd[462636]: Connection closed by invalid user vpn 77.90.185.20 port 18006 [preauth]
2026-09-13T06:01:10.554090+02:00 vmi3427693 sshd[462773]: pam_unix(sshd:auth): authentication failure; logname= uid=0 euid=0 tty=ssh ruser= rhost=77.90.185.20 user=root
2026-09-13T06:01:12.612663+02:00 vmi3427693 sshd[462773]: Failed password for root from 77.90.185.20 port 49300 ssh2
2026-09-13T06:01:14.373568+02:00 vmi3427693 sshd[462773]: Connection closed by authenticating user root 77.90.185.20 port 49300 [preauth]
2026-09-13T06:01:18.694173+02:00 vmi3427693 sshd[462875]: Connection closed by 128.199.189.224 port 48818
2026-09-13T06:01:19.836448+02:00 vmi3427693 sshd[462880]: pam_unix(sshd:auth): authentication failure; logname= uid=0 euid=0 tty=ssh ruser= rhost=128.199.189.224 user=root
2026-09-13T06:01:21.493654+02:00 vmi3427693 sshd[462849]: Invalid user ae from 77.90.185.20 port 7864
2026-09-13T06:01:22.118545+02:00 vmi3427693 sshd[462880]: Failed password for root from 128.199.189.224 port 49350 ssh2
2026-09-13T06:01:23.171330+02:00 vmi3427693 sshd[462849]: pam_unix(sshd:auth): check pass; user unknown
2026-09-13T06:01:23.172123+02:00 vmi3427693 sshd[462849]: pam_unix(sshd:auth): authentication failure; logname= uid=0 euid=0 tty=ssh ruser= rhost=77.90.185.20
2026-09-13T06:01:24.436542+02:00 vmi3427693 sshd[462880]: Connection closed by authenticating user root 128.199.189.224 port 49350 [preauth]
2026-09-13T06:01:25.337480+02:00 vmi3427693 sshd[462849]: Failed password for invalid user ae from 77.90.185.20 port 7864 ssh2
2026-09-13T06:01:28.794221+02:00 vmi3427693 sshd[462849]: Connection closed by invalid user ae 77.90.185.20 port 7864 [preauth]
2026-09-13T06:01:37.207629+02:00 vmi3427693 sshd[463071]: pam_unix(sshd:auth): authentication failure; logname= uid=0 euid=0 tty=ssh ruser= rhost=77.90.185.20 user=root
2026-09-13T06:01:39.629596+02:00 vmi3427693 sshd[463071]: Failed password for root from 77.90.185.20 port 23640 ssh2
2026-09-13T06:01:40.243201+02:00 vmi3427693 sshd[463328]: Invalid user elexus from 2.57.121.112 port 11974
2026-09-13T06:01:40.285818+02:00 vmi3427693 sshd[463328]: pam_unix(sshd:auth): check pass; user unknown
2026-09-13T06:01:40.286348+02:00 vmi3427693 sshd[463328]: pam_unix(sshd:auth): authentication failure; logname= uid=0 euid=0 tty=ssh ruser= rhost=2.57.121.112
2026-09-13T06:01:41.784324+02:00 vmi3427693 sshd[463328]: Failed password for invalid user elexus from 2.57.121.112 port 11974 ssh2
2026-09-13T06:01:42.897323+02:00 vmi3427693 sshd[463328]: pam_unix(sshd:auth): check pass; user unknown
2026-09-13T06:01:43.295981+02:00 vmi3427693 sshd[463071]: Connection closed by authenticating user root 77.90.185.20 port 23640 [preauth]
2026-09-13T06:01:45.001500+02:00 vmi3427693 sshd[463328]: Failed password for invalid user elexus from 2.57.121.112 port 11974 ssh2
2026-09-13T06:01:45.517027+02:00 vmi3427693 sshd[463328]: pam_unix(sshd:auth): check pass; user unknown
2026-09-13T06:01:47.038745+02:00 vmi3427693 sshd[463328]: Failed password for invalid user elexus from 2.57.121.112 port 11974 ssh2
2026-09-13T06:01:48.141813+02:00 vmi3427693 sshd[463328]: pam_unix(sshd:auth): check pass; user unknown
2026-09-13T06:01:50.071334+02:00 vmi3427693 sshd[463328]: Failed password for invalid user elexus from 2.57.121.112 port 11974 ssh2
2026-09-13T06:01:50.100884+02:00 vmi3427693 sshd[463475]: Invalid user admin from 2.57.121.25 port 46840
2026-09-13T06:01:50.124870+02:00 vmi3427693 sshd[463475]: pam_unix(sshd:auth): check pass; user unknown
2026-09-13T06:01:50.125150+02:00 vmi3427693 sshd[463475]: pam_unix(sshd:auth): authentication failure; logname= uid=0 euid=0 tty=ssh ruser= rhost=2.57.121.25
2026-09-13T06:01:50.255768+02:00 vmi3427693 sshd[463478]: Invalid user elexus from 2.57.121.112 port 49134
2026-09-13T06:01:50.289925+02:00 vmi3427693 sshd[463478]: pam_unix(sshd:auth): check pass; user unknown
2026-09-13T06:01:50.290033+02:00 vmi3427693 sshd[463478]: pam_unix(sshd:auth): authentication failure; logname= uid=0 euid=0 tty=ssh ruser= rhost=2.57.121.112
2026-09-13T06:01:50.739534+02:00 vmi3427693 sshd[463328]: Connection closed by invalid user elexus 2.57.121.112 port 11974 [preauth]
2026-09-13T06:01:50.740695+02:00 vmi3427693 sshd[463328]: PAM 3 more authentication failures; logname= uid=0 euid=0 tty=ssh ruser= rhost=2.57.121.112
2026-09-13T06:01:50.741009+02:00 vmi3427693 sshd[463328]: PAM service(sshd) ignoring max retries; 4 > 3
2026-09-13T06:01:51.559343+02:00 vmi3427693 sshd[463362]: pam_unix(sshd:auth): authentication failure; logname= uid=0 euid=0 tty=ssh ruser= rhost=77.90.185.20 user=root
2026-09-13T06:01:51.665424+02:00 vmi3427693 sshd[463475]: Failed password for invalid user admin from 2.57.121.25 port 46840 ssh2
2026-09-13T06:01:51.827128+02:00 vmi3427693 sshd[463478]: Failed password for invalid user elexus from 2.57.121.112 port 49134 ssh2
2026-09-13T06:01:52.840376+02:00 vmi3427693 sshd[463475]: pam_unix(sshd:auth): check pass; user unknown
2026-09-13T06:01:52.912352+02:00 vmi3427693 sshd[463478]: Connection closed by invalid user elexus 2.57.121.112 port 49134 [preauth]
2026-09-13T06:01:53.234006+02:00 vmi3427693 sshd[463362]: Failed password for root from 77.90.185.20 port 13124 ssh2
2026-09-13T06:01:54.317818+02:00 vmi3427693 sshd[463475]: Failed password for invalid user admin from 2.57.121.25 port 46840 ssh2
2026-09-13T06:01:55.556210+02:00 vmi3427693 sshd[463475]: pam_unix(sshd:auth): check pass; user unknown
2026-09-13T06:01:55.830669+02:00 vmi3427693 sshd[463362]: Connection closed by authenticating user root 77.90.185.20 port 13124 [preauth]
2026-09-13T06:01:56.352228+02:00 vmi3427693 sshd[463539]: pam_unix(sshd:auth): authentication failure; logname= uid=0 euid=0 tty=ssh ruser= rhost=45.148.10.240 user=root
2026-09-13T06:01:57.781255+02:00 vmi3427693 sshd[463475]: Failed password for invalid user admin from 2.57.121.25 port 46840 ssh2
2026-09-13T06:01:58.268301+02:00 vmi3427693 sshd[463475]: Connection closed by invalid user admin 2.57.121.25 port 46840 [preauth]
2026-09-13T06:01:58.269723+02:00 vmi3427693 sshd[463475]: PAM 2 more authentication failures; logname= uid=0 euid=0 tty=ssh ruser= rhost=2.57.121.25
2026-09-13T06:01:58.396718+02:00 vmi3427693 sshd[463539]: Failed password for root from 45.148.10.240 port 39664 ssh2
2026-09-13T06:01:58.563740+02:00 vmi3427693 sshd[463539]: Connection closed by authenticating user root 45.148.10.240 port 39664 [preauth]
2026-09-13T06:02:01.772173+02:00 vmi3427693 CRON[463605]: pam_unix(cron:session): session opened for user root(uid=0) by root(uid=0)
2026-09-13T06:02:01.847457+02:00 vmi3427693 CRON[463605]: pam_unix(cron:session): session closed for user root
2026-09-13T06:02:02.464935+02:00 vmi3427693 sshd[463597]: pam_unix(sshd:auth): authentication failure; logname= uid=0 euid=0 tty=ssh ruser= rhost=46.8.31.84 user=root
2026-09-13T06:02:04.037629+02:00 vmi3427693 sshd[463597]: Failed password for root from 46.8.31.84 port 54166 ssh2
2026-09-13T06:02:04.116171+02:00 vmi3427693 sshd[463535]: pam_unix(sshd:auth): authentication failure; logname= uid=0 euid=0 tty=ssh ruser= rhost=77.90.185.20 user=root
2026-09-13T06:02:04.852567+02:00 vmi3427693 sshd[463597]: Connection closed by authenticating user root 46.8.31.84 port 54166 [preauth]
2026-09-13T06:02:05.773119+02:00 vmi3427693 sshd[463535]: Failed password for root from 77.90.185.20 port 2292 ssh2
2026-09-13T06:02:08.395850+02:00 vmi3427693 sshd[463535]: Connection closed by authenticating user root 77.90.185.20 port 2292 [preauth]
2026-09-13T06:02:16.895145+02:00 vmi3427693 sshd[463662]: pam_unix(sshd:auth): authentication failure; logname= uid=0 euid=0 tty=ssh ruser= rhost=77.90.185.20 user=root
2026-09-13T06:02:17.154147+02:00 vmi3427693 sshd[463713]: Connection closed by 14.225.23.94 port 53574
2026-09-13T06:02:18.338707+02:00 vmi3427693 sshd[463662]: Failed password for root from 77.90.185.20 port 41958 ssh2
2026-09-13T06:02:18.877326+02:00 vmi3427693 sshd[463719]: Invalid user pul from 14.225.23.94 port 54508
2026-09-13T06:02:19.361637+02:00 vmi3427693 sshd[463719]: pam_unix(sshd:auth): check pass; user unknown
2026-09-13T06:02:19.362018+02:00 vmi3427693 sshd[463719]: pam_unix(sshd:auth): authentication failure; logname= uid=0 euid=0 tty=ssh ruser= rhost=14.225.23.94
2026-09-13T06:02:21.214204+02:00 vmi3427693 sshd[463662]: Connection closed by authenticating user root 77.90.185.20 port 41958 [preauth]
2026-09-13T06:02:21.550916+02:00 vmi3427693 sshd[463719]: Failed password for invalid user pul from 14.225.23.94 port 54508 ssh2
2026-09-13T06:02:23.832286+02:00 vmi3427693 sshd[463719]: Connection closed by invalid user pul 14.225.23.94 port 54508 [preauth]
2026-09-13T06:02:29.703494+02:00 vmi3427693 sshd[463749]: pam_unix(sshd:auth): authentication failure; logname= uid=0 euid=0 tty=ssh ruser= rhost=77.90.185.20 user=root
2026-09-13T06:02:31.584372+02:00 vmi3427693 sshd[463749]: Failed password for root from 77.90.185.20 port 13390 ssh2
2026-09-13T06:02:33.655350+02:00 vmi3427693 sshd[463749]: Connection closed by authenticating user root 77.90.185.20 port 13390 [preauth]
2026-09-13T06:02:42.480201+02:00 vmi3427693 sshd[463873]: pam_unix(sshd:auth): authentication failure; logname= uid=0 euid=0 tty=ssh ruser= rhost=77.90.185.20 user=root
2026-09-13T06:02:44.164086+02:00 vmi3427693 sshd[463873]: Failed password for root from 77.90.185.20 port 54746 ssh2
2026-09-13T06:02:46.299143+02:00 vmi3427693 sshd[463873]: Connection closed by authenticating user root 77.90.185.20 port 54746 [preauth]
2026-09-13T06:02:55.165003+02:00 vmi3427693 sshd[464100]: pam_unix(sshd:auth): authentication failure; logname= uid=0 euid=0 tty=ssh ruser= rhost=77.90.185.20 user=root
2026-09-13T06:02:57.296351+02:00 vmi3427693 sshd[464100]: Failed password for root from 77.90.185.20 port 37292 ssh2
2026-09-13T06:02:58.920645+02:00 vmi3427693 sshd[464100]: Connection closed by authenticating user root 77.90.185.20 port 37292 [preauth]
2026-09-13T06:03:01.869661+02:00 vmi3427693 CRON[464211]: pam_unix(cron:session): session opened for user root(uid=0) by root(uid=0)
2026-09-13T06:03:01.963607+02:00 vmi3427693 CRON[464211]: pam_unix(cron:session): session closed for user root
2026-09-13T06:03:07.782856+02:00 vmi3427693 sshd[464204]: pam_unix(sshd:auth): authentication failure; logname= uid=0 euid=0 tty=ssh ruser= rhost=77.90.185.20 user=root
2026-09-13T06:03:09.908824+02:00 vmi3427693 sshd[464204]: Failed password for root from 77.90.185.20 port 23746 ssh2
2026-09-13T06:03:10.573033+02:00 vmi3427693 sshd[464309]: pam_unix(sshd:auth): authentication failure; logname= uid=0 euid=0 tty=ssh ruser= rhost=46.8.31.84 user=root
2026-09-13T06:03:11.434970+02:00 vmi3427693 sshd[464204]: Connection closed by authenticating user root 77.90.185.20 port 23746 [preauth]
2026-09-13T06:03:12.426596+02:00 vmi3427693 sshd[464309]: Failed password for root from 46.8.31.84 port 49390 ssh2
2026-09-13T06:03:12.922371+02:00 vmi3427693 sshd[464309]: Connection closed by authenticating user root 46.8.31.84 port 49390 [preauth]
2026-09-13T06:03:20.015760+02:00 vmi3427693 sshd[464331]: pam_unix(sshd:auth): authentication failure; logname= uid=0 euid=0 tty=ssh ruser= rhost=77.90.185.20 user=root
2026-09-13T06:03:22.104633+02:00 vmi3427693 sshd[464331]: Failed password for root from 77.90.185.20 port 22324 ssh2
2026-09-13T06:03:23.593994+02:00 vmi3427693 sshd[464331]: Connection closed by authenticating user root 77.90.185.20 port 22324 [preauth]
2026-09-13T06:03:30.325895+02:00 vmi3427693 sshd[464497]: Invalid user postgres from 77.90.185.20 port 20854
2026-09-13T06:03:31.902374+02:00 vmi3427693 sshd[464497]: pam_unix(sshd:auth): check pass; user unknown
2026-09-13T06:03:31.903432+02:00 vmi3427693 sshd[464497]: pam_unix(sshd:auth): authentication failure; logname= uid=0 euid=0 tty=ssh ruser= rhost=77.90.185.20
2026-09-13T06:03:33.640778+02:00 vmi3427693 sshd[464497]: Failed password for invalid user postgres from 77.90.185.20 port 20854 ssh2
2026-09-13T06:03:35.744670+02:00 vmi3427693 sshd[464497]: Connection closed by invalid user postgres 77.90.185.20 port 20854 [preauth]
2026-09-13T06:03:40.568907+02:00 vmi3427693 sshd[464752]: Invalid user elround from 45.148.10.240 port 43666
2026-09-13T06:03:40.588402+02:00 vmi3427693 sshd[464752]: pam_unix(sshd:auth): check pass; user unknown
2026-09-13T06:03:40.591884+02:00 vmi3427693 sshd[464752]: pam_unix(sshd:auth): authentication failure; logname= uid=0 euid=0 tty=ssh ruser= rhost=45.148.10.240
2026-09-13T06:03:42.466357+02:00 vmi3427693 sshd[464668]: Invalid user otsmanager from 77.90.185.20 port 62338
2026-09-13T06:03:43.230039+02:00 vmi3427693 sshd[464752]: Failed password for invalid user elround from 45.148.10.240 port 43666 ssh2
2026-09-13T06:03:43.321397+02:00 vmi3427693 sshd[464752]: Connection closed by invalid user elround 45.148.10.240 port 43666 [preauth]
2026-09-13T06:03:43.923842+02:00 vmi3427693 sshd[464668]: pam_unix(sshd:auth): check pass; user unknown
2026-09-13T06:03:43.923987+02:00 vmi3427693 sshd[464668]: pam_unix(sshd:auth): authentication failure; logname= uid=0 euid=0 tty=ssh ruser= rhost=77.90.185.20
2026-09-13T06:03:45.642326+02:00 vmi3427693 sshd[464668]: Failed password for invalid user otsmanager from 77.90.185.20 port 62338 ssh2
2026-09-13T06:03:47.425023+02:00 vmi3427693 sshd[464668]: Connection closed by invalid user otsmanager 77.90.185.20 port 62338 [preauth]
2026-09-13T06:03:56.322624+02:00 vmi3427693 sshd[464858]: pam_unix(sshd:auth): authentication failure; logname= uid=0 euid=0 tty=ssh ruser= rhost=77.90.185.20 user=root
2026-09-13T06:03:58.494242+02:00 vmi3427693 sshd[464858]: Failed password for root from 77.90.185.20 port 10172 ssh2
2026-09-13T06:04:00.162088+02:00 vmi3427693 sshd[464858]: Connection closed by authenticating user root 77.90.185.20 port 10172 [preauth]
2026-09-13T06:04:01.973028+02:00 vmi3427693 CRON[465013]: pam_unix(cron:session): session opened for user root(uid=0) by root(uid=0)
2026-09-13T06:04:02.061633+02:00 vmi3427693 CRON[465013]: pam_unix(cron:session): session closed for user root
2026-09-13T06:04:07.527112+02:00 vmi3427693 sshd[465071]: pam_unix(sshd:auth): authentication failure; logname= uid=0 euid=0 tty=ssh ruser= rhost=45.148.10.157 user=root
2026-09-13T06:04:09.078995+02:00 vmi3427693 sshd[464991]: pam_unix(sshd:auth): authentication failure; logname= uid=0 euid=0 tty=ssh ruser= rhost=77.90.185.20 user=root
2026-09-13T06:04:09.207235+02:00 vmi3427693 sshd[465071]: Failed password for root from 45.148.10.157 port 9238 ssh2
2026-09-13T06:04:11.563803+02:00 vmi3427693 sshd[464991]: Failed password for root from 77.90.185.20 port 15950 ssh2
2026-09-13T06:04:12.210686+02:00 vmi3427693 sshd[465071]: Failed password for root from 45.148.10.157 port 9238 ssh2
2026-09-13T06:04:15.645232+02:00 vmi3427693 sshd[464991]: Connection closed by authenticating user root 77.90.185.20 port 15950 [preauth]
2026-09-13T06:04:16.373926+02:00 vmi3427693 sshd[465071]: Failed password for root from 45.148.10.157 port 9238 ssh2
2026-09-13T06:04:17.512802+02:00 vmi3427693 sshd[465165]: pam_unix(sshd:auth): authentication failure; logname= uid=0 euid=0 tty=ssh ruser= rhost=46.8.31.84 user=root
2026-09-13T06:04:19.231832+02:00 vmi3427693 sshd[465165]: Failed password for root from 46.8.31.84 port 49778 ssh2
2026-09-13T06:04:19.261809+02:00 vmi3427693 sshd[465071]: Failed password for root from 45.148.10.157 port 9238 ssh2
2026-09-13T06:04:19.871687+02:00 vmi3427693 sshd[465165]: Connection closed by authenticating user root 46.8.31.84 port 49778 [preauth]
2026-09-13T06:04:22.601512+02:00 vmi3427693 sshd[465153]: pam_unix(sshd:auth): authentication failure; logname= uid=0 euid=0 tty=ssh ruser= rhost=77.90.185.20 user=root
2026-09-13T06:04:23.584842+02:00 vmi3427693 sshd[465071]: Failed password for root from 45.148.10.157 port 9238 ssh2
2026-09-13T06:04:25.342655+02:00 vmi3427693 sshd[465153]: Failed password for root from 77.90.185.20 port 15616 ssh2
2026-09-13T06:04:25.754507+02:00 vmi3427693 sshd[465071]: Connection reset by authenticating user root 45.148.10.157 port 9238 [preauth]
2026-09-13T06:04:25.756168+02:00 vmi3427693 sshd[465071]: PAM 4 more authentication failures; logname= uid=0 euid=0 tty=ssh ruser= rhost=45.148.10.157 user=root
2026-09-13T06:04:25.756409+02:00 vmi3427693 sshd[465071]: PAM service(sshd) ignoring max retries; 5 > 3
2026-09-13T06:04:29.106122+02:00 vmi3427693 sshd[465153]: Connection closed by authenticating user root 77.90.185.20 port 15616 [preauth]
2026-09-13T06:04:32.667327+02:00 vmi3427693 sshd[465340]: Invalid user es from 130.49.213.228 port 48908
2026-09-13T06:04:32.758497+02:00 vmi3427693 sshd[465340]: pam_unix(sshd:auth): check pass; user unknown
2026-09-13T06:04:32.758845+02:00 vmi3427693 sshd[465340]: pam_unix(sshd:auth): authentication failure; logname= uid=0 euid=0 tty=ssh ruser= rhost=130.49.213.228
2026-09-13T06:04:35.204767+02:00 vmi3427693 sshd[465340]: Failed password for invalid user es from 130.49.213.228 port 48908 ssh2
2026-09-13T06:04:36.019029+02:00 vmi3427693 sshd[465340]: Connection closed by invalid user es 130.49.213.228 port 48908 [preauth]
2026-09-13T06:04:37.388476+02:00 vmi3427693 sshd[465308]: pam_unix(sshd:auth): authentication failure; logname= uid=0 euid=0 tty=ssh ruser= rhost=77.90.185.20 user=root
2026-09-13T06:04:39.186634+02:00 vmi3427693 sshd[465308]: Failed password for root from 77.90.185.20 port 40966 ssh2
2026-09-13T06:04:41.611882+02:00 vmi3427693 sshd[465308]: Connection closed by authenticating user root 77.90.185.20 port 40966 [preauth]
2026-09-13T06:04:50.065775+02:00 vmi3427693 sshd[465452]: pam_unix(sshd:auth): authentication failure; logname= uid=0 euid=0 tty=ssh ruser= rhost=77.90.185.20 user=root
2026-09-13T06:04:52.316988+02:00 vmi3427693 sshd[465452]: Failed password for root from 77.90.185.20 port 24142 ssh2
2026-09-13T06:04:56.315400+02:00 vmi3427693 sshd[465452]: Connection closed by authenticating user root 77.90.185.20 port 24142 [preauth]
2026-09-13T06:05:01.076830+02:00 vmi3427693 CRON[465681]: pam_unix(cron:session): session opened for user root(uid=0) by root(uid=0)
2026-09-13T06:05:01.081397+02:00 vmi3427693 CRON[465682]: pam_unix(cron:session): session opened for user root(uid=0) by root(uid=0)
2026-09-13T06:05:01.086936+02:00 vmi3427693 CRON[465681]: pam_unix(cron:session): session closed for user root
2026-09-13T06:05:01.272824+02:00 vmi3427693 CRON[465682]: pam_unix(cron:session): session closed for user root
2026-09-13T06:05:04.680043+02:00 vmi3427693 sshd[465612]: pam_unix(sshd:auth): authentication failure; logname= uid=0 euid=0 tty=ssh ruser= rhost=77.90.185.20 user=root
2026-09-13T06:05:07.226419+02:00 vmi3427693 sshd[465612]: Failed password for root from 77.90.185.20 port 64688 ssh2
2026-09-13T06:05:10.693911+02:00 vmi3427693 sshd[465612]: Connection closed by authenticating user root 77.90.185.20 port 64688 [preauth]
2026-09-13T06:05:17.407107+02:00 vmi3427693 sshd[465782]: Invalid user alice from 77.90.185.20 port 58630
2026-09-13T06:05:18.945139+02:00 vmi3427693 sshd[465782]: pam_unix(sshd:auth): check pass; user unknown
2026-09-13T06:05:18.948172+02:00 vmi3427693 sshd[465782]: pam_unix(sshd:auth): authentication failure; logname= uid=0 euid=0 tty=ssh ruser= rhost=77.90.185.20
2026-09-13T06:05:21.050258+02:00 vmi3427693 sshd[465782]: Failed password for invalid user alice from 77.90.185.20 port 58630 ssh2
2026-09-13T06:05:23.993492+02:00 vmi3427693 sshd[465782]: Connection closed by invalid user alice 77.90.185.20 port 58630 [preauth]
2026-09-13T06:05:24.804766+02:00 vmi3427693 sshd[465880]: pam_unix(sshd:auth): authentication failure; logname= uid=0 euid=0 tty=ssh ruser= rhost=46.8.31.84 user=root
2026-09-13T06:05:26.389242+02:00 vmi3427693 sshd[465880]: Failed password for root from 46.8.31.84 port 45980 ssh2
2026-09-13T06:05:27.166714+02:00 vmi3427693 sshd[465880]: Connection closed by authenticating user root 46.8.31.84 port 45980 [preauth]
2026-09-13T06:05:29.705751+02:00 vmi3427693 sshd[465944]: Invalid user elrond from 45.148.10.240 port 43124
2026-09-13T06:05:29.720783+02:00 vmi3427693 sshd[465944]: pam_unix(sshd:auth): check pass; user unknown
2026-09-13T06:05:29.721795+02:00 vmi3427693 sshd[465944]: pam_unix(sshd:auth): authentication failure; logname= uid=0 euid=0 tty=ssh ruser= rhost=45.148.10.240
2026-09-13T06:05:31.994154+02:00 vmi3427693 sshd[465944]: Failed password for invalid user elrond from 45.148.10.240 port 43124 ssh2
2026-09-13T06:05:32.275464+02:00 vmi3427693 sshd[465886]: pam_unix(sshd:auth): authentication failure; logname= uid=0 euid=0 tty=ssh ruser= rhost=77.90.185.20 user=root
2026-09-13T06:05:32.976603+02:00 vmi3427693 sshd[465944]: Connection closed by invalid user elrond 45.148.10.240 port 43124 [preauth]
2026-09-13T06:05:34.627453+02:00 vmi3427693 sshd[465886]: Failed password for root from 77.90.185.20 port 7816 ssh2
2026-09-13T06:05:38.113724+02:00 vmi3427693 sshd[465886]: Connection closed by authenticating user root 77.90.185.20 port 7816 [preauth]
2026-09-13T06:05:46.822488+02:00 vmi3427693 sshd[466075]: pam_unix(sshd:auth): authentication failure; logname= uid=0 euid=0 tty=ssh ruser= rhost=77.90.185.20 user=root
2026-09-13T06:05:49.093646+02:00 vmi3427693 sshd[466075]: Failed password for root from 77.90.185.20 port 62648 ssh2
2026-09-13T06:05:52.845075+02:00 vmi3427693 sshd[466075]: Connection closed by authenticating user root 77.90.185.20 port 62648 [preauth]
2026-09-13T06:06:01.292886+02:00 vmi3427693 CRON[466368]: pam_unix(cron:session): session opened for user root(uid=0) by root(uid=0)
2026-09-13T06:06:01.604361+02:00 vmi3427693 CRON[466368]: pam_unix(cron:session): session closed for user root
2026-09-13T06:06:02.232035+02:00 vmi3427693 sshd[466260]: pam_unix(sshd:auth): authentication failure; logname= uid=0 euid=0 tty=ssh ruser= rhost=77.90.185.20 user=root
2026-09-13T06:06:03.896180+02:00 vmi3427693 sshd[466260]: Failed password for root from 77.90.185.20 port 60356 ssh2
2026-09-13T06:06:05.466597+02:00 vmi3427693 sshd[466260]: Connection closed by authenticating user root 77.90.185.20 port 60356 [preauth]
2026-09-13T06:06:10.753963+02:00 vmi3427693 sshd[466416]: Invalid user user1 from 77.90.185.20 port 47392
2026-09-13T06:06:12.198257+02:00 vmi3427693 sshd[466416]: pam_unix(sshd:auth): check pass; user unknown
2026-09-13T06:06:12.199364+02:00 vmi3427693 sshd[466416]: pam_unix(sshd:auth): authentication failure; logname= uid=0 euid=0 tty=ssh ruser= rhost=77.90.185.20
2026-09-13T06:06:13.705389+02:00 vmi3427693 sshd[466416]: Failed password for invalid user user1 from 77.90.185.20 port 47392 ssh2
2026-09-13T06:06:13.742039+02:00 vmi3427693 sshd[466515]: Connection closed by 178.128.238.243 port 58332
2026-09-13T06:06:14.330846+02:00 vmi3427693 sshd[466532]: Invalid user guoshufei from 178.128.238.243 port 58336
2026-09-13T06:06:14.444214+02:00 vmi3427693 sshd[466532]: pam_unix(sshd:auth): check pass; user unknown
2026-09-13T06:06:14.444619+02:00 vmi3427693 sshd[466532]: pam_unix(sshd:auth): authentication failure; logname= uid=0 euid=0 tty=ssh ruser= rhost=178.128.238.243
2026-09-13T06:06:15.916125+02:00 vmi3427693 sshd[466416]: Connection closed by invalid user user1 77.90.185.20 port 47392 [preauth]
2026-09-13T06:06:16.559320+02:00 vmi3427693 sshd[466532]: Failed password for invalid user guoshufei from 178.128.238.243 port 58336 ssh2
2026-09-13T06:06:18.251369+02:00 vmi3427693 sshd[466532]: Connection closed by invalid user guoshufei 178.128.238.243 port 58336 [preauth]
2026-09-13T06:06:23.055994+02:00 vmi3427693 sshd[466554]: Invalid user andre from 77.90.185.20 port 10178
2026-09-13T06:06:24.315356+02:00 vmi3427693 sshd[466554]: pam_unix(sshd:auth): check pass; user unknown
2026-09-13T06:06:24.315802+02:00 vmi3427693 sshd[466554]: pam_unix(sshd:auth): authentication failure; logname= uid=0 euid=0 tty=ssh ruser= rhost=77.90.185.20
2026-09-13T06:06:25.803075+02:00 vmi3427693 sshd[466554]: Failed password for invalid user andre from 77.90.185.20 port 10178 ssh2
2026-09-13T06:06:29.175985+02:00 vmi3427693 sshd[466554]: Connection closed by invalid user andre 77.90.185.20 port 10178 [preauth]
2026-09-13T06:06:31.474884+02:00 vmi3427693 sshd[466812]: pam_unix(sshd:auth): authentication failure; logname= uid=0 euid=0 tty=ssh ruser= rhost=46.8.31.84 user=root
2026-09-13T06:06:33.257616+02:00 vmi3427693 sshd[466812]: Failed password for root from 46.8.31.84 port 51902 ssh2
2026-09-13T06:06:33.856341+02:00 vmi3427693 sshd[466812]: Connection closed by authenticating user root 46.8.31.84 port 51902 [preauth]
2026-09-13T06:06:36.282238+02:00 vmi3427693 sshd[466768]: Invalid user oracle from 77.90.185.20 port 59726
2026-09-13T06:06:37.546142+02:00 vmi3427693 sshd[466768]: pam_unix(sshd:auth): check pass; user unknown
2026-09-13T06:06:37.546404+02:00 vmi3427693 sshd[466768]: pam_unix(sshd:auth): authentication failure; logname= uid=0 euid=0 tty=ssh ruser= rhost=77.90.185.20
2026-09-13T06:06:39.484248+02:00 vmi3427693 sshd[466768]: Failed password for invalid user oracle from 77.90.185.20 port 59726 ssh2
2026-09-13T06:06:41.914635+02:00 vmi3427693 sshd[466768]: Connection closed by invalid user oracle 77.90.185.20 port 59726 [preauth]
2026-09-13T06:06:50.333959+02:00 vmi3427693 sshd[466976]: pam_unix(sshd:auth): authentication failure; logname= uid=0 euid=0 tty=ssh ruser= rhost=77.90.185.20 user=root
2026-09-13T06:06:52.724376+02:00 vmi3427693 sshd[466976]: Failed password for root from 77.90.185.20 port 19498 ssh2
