2026-09-13T13:00:17.879157+02:00 vmi3427693 sshd[628381]: Connection closed by invalid user myuser 109.160.32.46 port 47702 [preauth]
2026-09-13T13:00:19.204027+02:00 vmi3427693 sshd[628385]: Failed password for invalid user developers from 202.152.148.30 port 36326 ssh2
2026-09-13T13:00:20.433287+02:00 vmi3427693 sshd[628394]: pam_unix(sshd:auth): authentication failure; logname= uid=0 euid=0 tty=ssh ruser= rhost=109.160.32.46 user=root
2026-09-13T13:00:20.452250+02:00 vmi3427693 sshd[628385]: Received disconnect from 202.152.148.30 port 36326:11: Bye Bye [preauth]
2026-09-13T13:00:20.452469+02:00 vmi3427693 sshd[628385]: Disconnected from invalid user developers 202.152.148.30 port 36326 [preauth]
2026-09-13T13:00:22.137730+02:00 vmi3427693 sshd[628394]: Failed password for root from 109.160.32.46 port 34680 ssh2
2026-09-13T13:00:22.340307+02:00 vmi3427693 sshd[628397]: Invalid user bitrix from 45.182.206.203 port 37594
2026-09-13T13:00:22.375509+02:00 vmi3427693 sshd[628397]: pam_unix(sshd:auth): check pass; user unknown
2026-09-13T13:00:22.375681+02:00 vmi3427693 sshd[628397]: pam_unix(sshd:auth): authentication failure; logname= uid=0 euid=0 tty=ssh ruser= rhost=45.182.206.203
2026-09-13T13:00:22.657042+02:00 vmi3427693 sshd[628394]: Connection closed by authenticating user root 109.160.32.46 port 34680 [preauth]
2026-09-13T13:00:24.025824+02:00 vmi3427693 sshd[628397]: Failed password for invalid user bitrix from 45.182.206.203 port 37594 ssh2
2026-09-13T13:00:25.330235+02:00 vmi3427693 sshd[628409]: Invalid user admin from 109.160.32.46 port 34726
2026-09-13T13:00:25.337160+02:00 vmi3427693 sshd[628397]: Received disconnect from 45.182.206.203 port 37594:11: Bye Bye [preauth]
2026-09-13T13:00:25.337399+02:00 vmi3427693 sshd[628397]: Disconnected from invalid user bitrix 45.182.206.203 port 37594 [preauth]
2026-09-13T13:00:25.347447+02:00 vmi3427693 sshd[628409]: pam_unix(sshd:auth): check pass; user unknown
2026-09-13T13:00:25.348535+02:00 vmi3427693 sshd[628409]: pam_unix(sshd:auth): authentication failure; logname= uid=0 euid=0 tty=ssh ruser= rhost=109.160.32.46
2026-09-13T13:00:27.403436+02:00 vmi3427693 sshd[628409]: Failed password for invalid user admin from 109.160.32.46 port 34726 ssh2
2026-09-13T13:00:28.069041+02:00 vmi3427693 sshd[628409]: Connection closed by invalid user admin 109.160.32.46 port 34726 [preauth]
2026-09-13T13:00:30.056051+02:00 vmi3427693 sshd[628420]: Invalid user kipt from 109.160.32.46 port 40624
2026-09-13T13:00:30.151144+02:00 vmi3427693 sshd[628420]: pam_unix(sshd:auth): check pass; user unknown
2026-09-13T13:00:30.151413+02:00 vmi3427693 sshd[628420]: pam_unix(sshd:auth): authentication failure; logname= uid=0 euid=0 tty=ssh ruser= rhost=109.160.32.46
2026-09-13T13:00:32.227823+02:00 vmi3427693 sshd[628420]: Failed password for invalid user kipt from 109.160.32.46 port 40624 ssh2
2026-09-13T13:00:34.309429+02:00 vmi3427693 sshd[628420]: Connection closed by invalid user kipt 109.160.32.46 port 40624 [preauth]
2026-09-13T13:00:35.064826+02:00 vmi3427693 sshd[628432]: Invalid user kipt from 109.160.32.46 port 40670
2026-09-13T13:00:35.093150+02:00 vmi3427693 sshd[628432]: pam_unix(sshd:auth): check pass; user unknown
2026-09-13T13:00:35.093369+02:00 vmi3427693 sshd[628432]: pam_unix(sshd:auth): authentication failure; logname= uid=0 euid=0 tty=ssh ruser= rhost=109.160.32.46
2026-09-13T13:00:36.523670+02:00 vmi3427693 sshd[628432]: Failed password for invalid user kipt from 109.160.32.46 port 40670 ssh2
2026-09-13T13:00:37.182084+02:00 vmi3427693 sshd[628432]: Connection closed by invalid user kipt 109.160.32.46 port 40670 [preauth]
2026-09-13T13:00:40.203281+02:00 vmi3427693 sshd[628445]: pam_unix(sshd:auth): authentication failure; logname= uid=0 euid=0 tty=ssh ruser= rhost=109.160.32.46 user=root
2026-09-13T13:00:41.983324+02:00 vmi3427693 sshd[628445]: Failed password for root from 109.160.32.46 port 56762 ssh2
2026-09-13T13:00:42.436670+02:00 vmi3427693 sshd[628445]: Connection closed by authenticating user root 109.160.32.46 port 56762 [preauth]
2026-09-13T13:00:42.583679+02:00 vmi3427693 sshd[628452]: pam_unix(sshd:auth): authentication failure; logname= uid=0 euid=0 tty=ssh ruser= rhost=46.8.31.84 user=root
2026-09-13T13:00:44.310334+02:00 vmi3427693 sshd[628452]: Failed password for root from 46.8.31.84 port 59688 ssh2
2026-09-13T13:00:44.913581+02:00 vmi3427693 sshd[628460]: pam_unix(sshd:auth): authentication failure; logname= uid=0 euid=0 tty=ssh ruser= rhost=193.47.62.69 user=root
2026-09-13T13:00:45.028123+02:00 vmi3427693 sshd[628452]: Connection closed by authenticating user root 46.8.31.84 port 59688 [preauth]
2026-09-13T13:00:45.070719+02:00 vmi3427693 sshd[628462]: pam_unix(sshd:auth): authentication failure; logname= uid=0 euid=0 tty=ssh ruser= rhost=109.160.32.46 user=root
2026-09-13T13:00:46.578402+02:00 vmi3427693 sshd[628460]: Failed password for root from 193.47.62.69 port 40692 ssh2
2026-09-13T13:00:46.735636+02:00 vmi3427693 sshd[628462]: Failed password for root from 109.160.32.46 port 56810 ssh2
2026-09-13T13:00:47.299602+02:00 vmi3427693 sshd[628462]: Connection closed by authenticating user root 109.160.32.46 port 56810 [preauth]
2026-09-13T13:00:48.629105+02:00 vmi3427693 sshd[628460]: Failed password for root from 193.47.62.69 port 40692 ssh2
2026-09-13T13:00:50.169666+02:00 vmi3427693 sshd[628475]: Invalid user username from 109.160.32.46 port 37112
2026-09-13T13:00:50.192317+02:00 vmi3427693 sshd[628475]: pam_unix(sshd:auth): check pass; user unknown
2026-09-13T13:00:50.192577+02:00 vmi3427693 sshd[628475]: pam_unix(sshd:auth): authentication failure; logname= uid=0 euid=0 tty=ssh ruser= rhost=109.160.32.46
2026-09-13T13:00:51.492661+02:00 vmi3427693 sshd[628480]: Invalid user admin from 80.94.92.55 port 60820
2026-09-13T13:00:51.817102+02:00 vmi3427693 sshd[628480]: pam_unix(sshd:auth): check pass; user unknown
2026-09-13T13:00:51.817642+02:00 vmi3427693 sshd[628480]: pam_unix(sshd:auth): authentication failure; logname= uid=0 euid=0 tty=ssh ruser= rhost=80.94.92.55
2026-09-13T13:00:52.184060+02:00 vmi3427693 sshd[628460]: Failed password for root from 193.47.62.69 port 40692 ssh2
2026-09-13T13:00:52.680916+02:00 vmi3427693 sshd[628475]: Failed password for invalid user username from 109.160.32.46 port 37112 ssh2
2026-09-13T13:00:54.111119+02:00 vmi3427693 sshd[628480]: Failed password for invalid user admin from 80.94.92.55 port 60820 ssh2
2026-09-13T13:00:54.601060+02:00 vmi3427693 sshd[628475]: Connection closed by invalid user username 109.160.32.46 port 37112 [preauth]
2026-09-13T13:00:54.719269+02:00 vmi3427693 sshd[628480]: Connection closed by invalid user admin 80.94.92.55 port 60820 [preauth]
2026-09-13T13:00:55.091220+02:00 vmi3427693 sshd[628499]: Invalid user git from 109.160.32.46 port 37132
2026-09-13T13:00:55.118241+02:00 vmi3427693 sshd[628499]: pam_unix(sshd:auth): check pass; user unknown
2026-09-13T13:00:55.118506+02:00 vmi3427693 sshd[628499]: pam_unix(sshd:auth): authentication failure; logname= uid=0 euid=0 tty=ssh ruser= rhost=109.160.32.46
2026-09-13T13:00:55.796267+02:00 vmi3427693 sshd[628460]: Failed password for root from 193.47.62.69 port 40692 ssh2
2026-09-13T13:00:56.836808+02:00 vmi3427693 sshd[628502]: Invalid user admin from 58.152.42.212 port 57812
2026-09-13T13:00:56.844741+02:00 vmi3427693 sshd[628502]: pam_unix(sshd:auth): check pass; user unknown
2026-09-13T13:00:56.845020+02:00 vmi3427693 sshd[628502]: pam_unix(sshd:auth): authentication failure; logname= uid=0 euid=0 tty=ssh ruser= rhost=58.152.42.212
2026-09-13T13:00:56.959010+02:00 vmi3427693 sshd[628499]: Failed password for invalid user git from 109.160.32.46 port 37132 ssh2
2026-09-13T13:00:57.399554+02:00 vmi3427693 sshd[628499]: Connection closed by invalid user git 109.160.32.46 port 37132 [preauth]
2026-09-13T13:00:58.014857+02:00 vmi3427693 sshd[628460]: Failed password for root from 193.47.62.69 port 40692 ssh2
2026-09-13T13:00:58.490019+02:00 vmi3427693 sshd[628502]: Failed password for invalid user admin from 58.152.42.212 port 57812 ssh2
2026-09-13T13:00:58.593840+02:00 vmi3427693 sshd[628460]: Connection reset by authenticating user root 193.47.62.69 port 40692 [preauth]
2026-09-13T13:00:58.594440+02:00 vmi3427693 sshd[628460]: PAM 4 more authentication failures; logname= uid=0 euid=0 tty=ssh ruser= rhost=193.47.62.69 user=root
2026-09-13T13:00:58.594615+02:00 vmi3427693 sshd[628460]: PAM service(sshd) ignoring max retries; 5 > 3
2026-09-13T13:00:59.781193+02:00 vmi3427693 sshd[628502]: Received disconnect from 58.152.42.212 port 57812:11: Bye Bye [preauth]
2026-09-13T13:00:59.781422+02:00 vmi3427693 sshd[628502]: Disconnected from invalid user admin 58.152.42.212 port 57812 [preauth]
2026-09-13T13:01:00.149714+02:00 vmi3427693 sshd[628516]: pam_unix(sshd:auth): authentication failure; logname= uid=0 euid=0 tty=ssh ruser= rhost=109.160.32.46 user=root
2026-09-13T13:01:01.541047+02:00 vmi3427693 CRON[628521]: pam_unix(cron:session): session opened for user root(uid=0) by root(uid=0)
2026-09-13T13:01:01.602435+02:00 vmi3427693 CRON[628521]: pam_unix(cron:session): session closed for user root
2026-09-13T13:01:02.012982+02:00 vmi3427693 sshd[628516]: Failed password for root from 109.160.32.46 port 57748 ssh2
2026-09-13T13:01:02.385163+02:00 vmi3427693 sshd[628516]: Connection closed by authenticating user root 109.160.32.46 port 57748 [preauth]
2026-09-13T13:01:05.200653+02:00 vmi3427693 sshd[628531]: Invalid user web from 109.160.32.46 port 57796
2026-09-13T13:01:05.227253+02:00 vmi3427693 sshd[628531]: pam_unix(sshd:auth): check pass; user unknown
2026-09-13T13:01:05.227419+02:00 vmi3427693 sshd[628531]: pam_unix(sshd:auth): authentication failure; logname= uid=0 euid=0 tty=ssh ruser= rhost=109.160.32.46
2026-09-13T13:01:07.117485+02:00 vmi3427693 sshd[628531]: Failed password for invalid user web from 109.160.32.46 port 57796 ssh2
2026-09-13T13:01:08.132268+02:00 vmi3427693 sshd[628531]: Connection closed by invalid user web 109.160.32.46 port 57796 [preauth]
2026-09-13T13:01:10.533047+02:00 vmi3427693 sshd[628544]: Invalid user tester from 109.160.32.46 port 54578
2026-09-13T13:01:10.561445+02:00 vmi3427693 sshd[628544]: pam_unix(sshd:auth): check pass; user unknown
2026-09-13T13:01:10.561684+02:00 vmi3427693 sshd[628544]: pam_unix(sshd:auth): authentication failure; logname= uid=0 euid=0 tty=ssh ruser= rhost=109.160.32.46
2026-09-13T13:01:11.796122+02:00 vmi3427693 sshd[628544]: Failed password for invalid user tester from 109.160.32.46 port 54578 ssh2
2026-09-13T13:01:12.575429+02:00 vmi3427693 sshd[628544]: Connection closed by invalid user tester 109.160.32.46 port 54578 [preauth]
2026-09-13T13:01:15.492644+02:00 vmi3427693 sshd[628556]: Invalid user tester from 109.160.32.46 port 38648
2026-09-13T13:01:15.517365+02:00 vmi3427693 sshd[628556]: pam_unix(sshd:auth): check pass; user unknown
2026-09-13T13:01:15.518389+02:00 vmi3427693 sshd[628556]: pam_unix(sshd:auth): authentication failure; logname= uid=0 euid=0 tty=ssh ruser= rhost=109.160.32.46
2026-09-13T13:01:17.438940+02:00 vmi3427693 sshd[628556]: Failed password for invalid user tester from 109.160.32.46 port 38648 ssh2
2026-09-13T13:01:19.414320+02:00 vmi3427693 sshd[628556]: Connection closed by invalid user tester 109.160.32.46 port 38648 [preauth]
2026-09-13T13:01:20.273959+02:00 vmi3427693 sshd[628568]: Invalid user postgres from 109.160.32.46 port 38728
2026-09-13T13:01:20.304798+02:00 vmi3427693 sshd[628568]: pam_unix(sshd:auth): check pass; user unknown
2026-09-13T13:01:20.305748+02:00 vmi3427693 sshd[628568]: pam_unix(sshd:auth): authentication failure; logname= uid=0 euid=0 tty=ssh ruser= rhost=109.160.32.46
2026-09-13T13:01:22.246017+02:00 vmi3427693 sshd[628568]: Failed password for invalid user postgres from 109.160.32.46 port 38728 ssh2
2026-09-13T13:01:24.024322+02:00 vmi3427693 sshd[628568]: Connection closed by invalid user postgres 109.160.32.46 port 38728 [preauth]
2026-09-13T13:01:25.467475+02:00 vmi3427693 sshd[628584]: Invalid user test from 109.160.32.46 port 50008
2026-09-13T13:01:25.520271+02:00 vmi3427693 sshd[628584]: pam_unix(sshd:auth): check pass; user unknown
2026-09-13T13:01:25.520596+02:00 vmi3427693 sshd[628584]: pam_unix(sshd:auth): authentication failure; logname= uid=0 euid=0 tty=ssh ruser= rhost=109.160.32.46
2026-09-13T13:01:26.044278+02:00 vmi3427693 sshd[628580]: Invalid user anil from 202.152.148.30 port 51654
2026-09-13T13:01:26.050768+02:00 vmi3427693 sshd[628580]: pam_unix(sshd:auth): check pass; user unknown
2026-09-13T13:01:26.051007+02:00 vmi3427693 sshd[628580]: pam_unix(sshd:auth): authentication failure; logname= uid=0 euid=0 tty=ssh ruser= rhost=202.152.148.30
2026-09-13T13:01:27.482491+02:00 vmi3427693 sshd[628584]: Failed password for invalid user test from 109.160.32.46 port 50008 ssh2
2026-09-13T13:01:28.483815+02:00 vmi3427693 sshd[628580]: Failed password for invalid user anil from 202.152.148.30 port 51654 ssh2
2026-09-13T13:01:29.092069+02:00 vmi3427693 sshd[628584]: Connection closed by invalid user test 109.160.32.46 port 50008 [preauth]
2026-09-13T13:01:29.629955+02:00 vmi3427693 sshd[628580]: Received disconnect from 202.152.148.30 port 51654:11: Bye Bye [preauth]
2026-09-13T13:01:29.630177+02:00 vmi3427693 sshd[628580]: Disconnected from invalid user anil 202.152.148.30 port 51654 [preauth]
2026-09-13T13:01:30.341608+02:00 vmi3427693 sshd[628598]: Invalid user test from 109.160.32.46 port 50054
2026-09-13T13:01:30.358390+02:00 vmi3427693 sshd[628598]: pam_unix(sshd:auth): check pass; user unknown
2026-09-13T13:01:30.358783+02:00 vmi3427693 sshd[628598]: pam_unix(sshd:auth): authentication failure; logname= uid=0 euid=0 tty=ssh ruser= rhost=109.160.32.46
2026-09-13T13:01:32.004965+02:00 vmi3427693 sshd[628598]: Failed password for invalid user test from 109.160.32.46 port 50054 ssh2
2026-09-13T13:01:32.173641+02:00 vmi3427693 sshd[628598]: Connection closed by invalid user test 109.160.32.46 port 50054 [preauth]
2026-09-13T13:01:35.506855+02:00 vmi3427693 sshd[628610]: Invalid user user from 109.160.32.46 port 57280
2026-09-13T13:01:35.525606+02:00 vmi3427693 sshd[628610]: pam_unix(sshd:auth): check pass; user unknown
2026-09-13T13:01:35.525850+02:00 vmi3427693 sshd[628610]: pam_unix(sshd:auth): authentication failure; logname= uid=0 euid=0 tty=ssh ruser= rhost=109.160.32.46
2026-09-13T13:01:37.191922+02:00 vmi3427693 sshd[628610]: Failed password for invalid user user from 109.160.32.46 port 57280 ssh2
2026-09-13T13:01:37.657028+02:00 vmi3427693 sshd[628610]: Connection closed by invalid user user 109.160.32.46 port 57280 [preauth]
2026-09-13T13:01:40.453240+02:00 vmi3427693 sshd[628623]: Invalid user user from 109.160.32.46 port 57338
2026-09-13T13:01:40.469587+02:00 vmi3427693 sshd[628623]: pam_unix(sshd:auth): check pass; user unknown
2026-09-13T13:01:40.469784+02:00 vmi3427693 sshd[628623]: pam_unix(sshd:auth): authentication failure; logname= uid=0 euid=0 tty=ssh ruser= rhost=109.160.32.46
2026-09-13T13:01:42.155638+02:00 vmi3427693 sshd[628623]: Failed password for invalid user user from 109.160.32.46 port 57338 ssh2
2026-09-13T13:01:42.677565+02:00 vmi3427693 sshd[628623]: Connection closed by invalid user user 109.160.32.46 port 57338 [preauth]
2026-09-13T13:01:45.759874+02:00 vmi3427693 sshd[628635]: pam_unix(sshd:auth): authentication failure; logname= uid=0 euid=0 tty=ssh ruser= rhost=109.160.32.46 user=root
2026-09-13T13:01:47.466617+02:00 vmi3427693 sshd[628635]: Failed password for root from 109.160.32.46 port 42810 ssh2
2026-09-13T13:01:48.049943+02:00 vmi3427693 sshd[628635]: Connection closed by authenticating user root 109.160.32.46 port 42810 [preauth]
2026-09-13T13:01:51.028024+02:00 vmi3427693 sshd[628649]: pam_unix(sshd:auth): authentication failure; logname= uid=0 euid=0 tty=ssh ruser= rhost=109.160.32.46 user=root
2026-09-13T13:01:53.420819+02:00 vmi3427693 sshd[628649]: Failed password for root from 109.160.32.46 port 42848 ssh2
2026-09-13T13:01:55.525366+02:00 vmi3427693 sshd[628649]: Connection closed by authenticating user root 109.160.32.46 port 42848 [preauth]
2026-09-13T13:01:56.053230+02:00 vmi3427693 sshd[628660]: Invalid user deploy from 109.160.32.46 port 40336
2026-09-13T13:01:56.085106+02:00 vmi3427693 sshd[628660]: pam_unix(sshd:auth): check pass; user unknown
2026-09-13T13:01:56.085881+02:00 vmi3427693 sshd[628660]: pam_unix(sshd:auth): authentication failure; logname= uid=0 euid=0 tty=ssh ruser= rhost=109.160.32.46
2026-09-13T13:01:57.966192+02:00 vmi3427693 sshd[628660]: Failed password for invalid user deploy from 109.160.32.46 port 40336 ssh2
2026-09-13T13:01:58.915342+02:00 vmi3427693 sshd[628660]: Connection closed by invalid user deploy 109.160.32.46 port 40336 [preauth]
2026-09-13T13:02:01.052694+02:00 vmi3427693 sshd[628673]: Invalid user guest from 109.160.32.46 port 40390
2026-09-13T13:02:01.069100+02:00 vmi3427693 sshd[628673]: pam_unix(sshd:auth): check pass; user unknown
2026-09-13T13:02:01.069308+02:00 vmi3427693 sshd[628673]: pam_unix(sshd:auth): authentication failure; logname= uid=0 euid=0 tty=ssh ruser= rhost=109.160.32.46
2026-09-13T13:02:01.609936+02:00 vmi3427693 CRON[628676]: pam_unix(cron:session): session opened for user root(uid=0) by root(uid=0)
2026-09-13T13:02:01.687608+02:00 vmi3427693 CRON[628676]: pam_unix(cron:session): session closed for user root
2026-09-13T13:02:03.308319+02:00 vmi3427693 sshd[628673]: Failed password for invalid user guest from 109.160.32.46 port 40390 ssh2
2026-09-13T13:02:05.144865+02:00 vmi3427693 sshd[628673]: Connection closed by invalid user guest 109.160.32.46 port 40390 [preauth]
2026-09-13T13:02:05.933126+02:00 vmi3427693 sshd[628688]: Invalid user master from 109.160.32.46 port 51914
2026-09-13T13:02:06.001030+02:00 vmi3427693 sshd[628688]: pam_unix(sshd:auth): check pass; user unknown
2026-09-13T13:02:06.001271+02:00 vmi3427693 sshd[628688]: pam_unix(sshd:auth): authentication failure; logname= uid=0 euid=0 tty=ssh ruser= rhost=109.160.32.46
2026-09-13T13:02:07.458855+02:00 vmi3427693 sshd[628688]: Failed password for invalid user master from 109.160.32.46 port 51914 ssh2
2026-09-13T13:02:07.643486+02:00 vmi3427693 sshd[628691]: Invalid user dev from 58.152.42.212 port 38128
2026-09-13T13:02:07.649106+02:00 vmi3427693 sshd[628691]: pam_unix(sshd:auth): check pass; user unknown
2026-09-13T13:02:07.649361+02:00 vmi3427693 sshd[628691]: pam_unix(sshd:auth): authentication failure; logname= uid=0 euid=0 tty=ssh ruser= rhost=58.152.42.212
2026-09-13T13:02:07.931469+02:00 vmi3427693 sshd[628688]: Connection closed by invalid user master 109.160.32.46 port 51914 [preauth]
2026-09-13T13:02:09.374046+02:00 vmi3427693 sshd[628691]: Failed password for invalid user dev from 58.152.42.212 port 38128 ssh2
2026-09-13T13:02:10.070964+02:00 vmi3427693 sshd[628691]: Received disconnect from 58.152.42.212 port 38128:11: Bye Bye [preauth]
2026-09-13T13:02:10.071313+02:00 vmi3427693 sshd[628691]: Disconnected from invalid user dev 58.152.42.212 port 38128 [preauth]
2026-09-13T13:02:10.782707+02:00 vmi3427693 sshd[628700]: Invalid user admin from 45.182.206.203 port 46070
2026-09-13T13:02:10.788234+02:00 vmi3427693 sshd[628700]: pam_unix(sshd:auth): check pass; user unknown
2026-09-13T13:02:10.788485+02:00 vmi3427693 sshd[628700]: pam_unix(sshd:auth): authentication failure; logname= uid=0 euid=0 tty=ssh ruser= rhost=45.182.206.203
2026-09-13T13:02:10.920198+02:00 vmi3427693 sshd[628705]: Invalid user operator from 109.160.32.46 port 51992
2026-09-13T13:02:10.939948+02:00 vmi3427693 sshd[628705]: pam_unix(sshd:auth): check pass; user unknown
2026-09-13T13:02:10.940177+02:00 vmi3427693 sshd[628705]: pam_unix(sshd:auth): authentication failure; logname= uid=0 euid=0 tty=ssh ruser= rhost=109.160.32.46
2026-09-13T13:02:12.594466+02:00 vmi3427693 sshd[628700]: Failed password for invalid user admin from 45.182.206.203 port 46070 ssh2
2026-09-13T13:02:12.745914+02:00 vmi3427693 sshd[628705]: Failed password for invalid user operator from 109.160.32.46 port 51992 ssh2
2026-09-13T13:02:12.955957+02:00 vmi3427693 sshd[628705]: Connection closed by invalid user operator 109.160.32.46 port 51992 [preauth]
2026-09-13T13:02:13.676305+02:00 vmi3427693 sshd[628700]: Received disconnect from 45.182.206.203 port 46070:11: Bye Bye [preauth]
2026-09-13T13:02:13.676650+02:00 vmi3427693 sshd[628700]: Disconnected from invalid user admin 45.182.206.203 port 46070 [preauth]
2026-09-13T13:02:16.189979+02:00 vmi3427693 sshd[628717]: pam_unix(sshd:auth): authentication failure; logname= uid=0 euid=0 tty=ssh ruser= rhost=109.160.32.46 user=root
2026-09-13T13:02:17.483843+02:00 vmi3427693 sshd[628717]: Failed password for root from 109.160.32.46 port 52940 ssh2
2026-09-13T13:02:18.674091+02:00 vmi3427693 sshd[628717]: Connection closed by authenticating user root 109.160.32.46 port 52940 [preauth]
2026-09-13T13:02:21.007385+02:00 vmi3427693 sshd[628728]: pam_unix(sshd:auth): authentication failure; logname= uid=0 euid=0 tty=ssh ruser= rhost=109.160.32.46 user=root
2026-09-13T13:02:23.522686+02:00 vmi3427693 sshd[628728]: Failed password for root from 109.160.32.46 port 52980 ssh2
2026-09-13T13:02:24.995771+02:00 vmi3427693 sshd[628737]: pam_unix(sshd:auth): authentication failure; logname= uid=0 euid=0 tty=ssh ruser= rhost=46.8.31.84 user=root
2026-09-13T13:02:25.526175+02:00 vmi3427693 sshd[628728]: Connection closed by authenticating user root 109.160.32.46 port 52980 [preauth]
2026-09-13T13:02:26.091506+02:00 vmi3427693 sshd[628743]: Invalid user test from 109.160.32.46 port 58154
2026-09-13T13:02:26.123243+02:00 vmi3427693 sshd[628743]: pam_unix(sshd:auth): check pass; user unknown
2026-09-13T13:02:26.123478+02:00 vmi3427693 sshd[628743]: pam_unix(sshd:auth): authentication failure; logname= uid=0 euid=0 tty=ssh ruser= rhost=109.160.32.46
2026-09-13T13:02:26.721167+02:00 vmi3427693 sshd[628737]: Failed password for root from 46.8.31.84 port 37718 ssh2
2026-09-13T13:02:27.465566+02:00 vmi3427693 sshd[628737]: Connection closed by authenticating user root 46.8.31.84 port 37718 [preauth]
2026-09-13T13:02:28.129994+02:00 vmi3427693 sshd[628743]: Failed password for invalid user test from 109.160.32.46 port 58154 ssh2
2026-09-13T13:02:29.700317+02:00 vmi3427693 sshd[628743]: Connection closed by invalid user test 109.160.32.46 port 58154 [preauth]
2026-09-13T13:02:31.142660+02:00 vmi3427693 sshd[628755]: Invalid user test from 109.160.32.46 port 58196
2026-09-13T13:02:31.188398+02:00 vmi3427693 sshd[628755]: pam_unix(sshd:auth): check pass; user unknown
2026-09-13T13:02:31.188742+02:00 vmi3427693 sshd[628755]: pam_unix(sshd:auth): authentication failure; logname= uid=0 euid=0 tty=ssh ruser= rhost=109.160.32.46
2026-09-13T13:02:33.209446+02:00 vmi3427693 sshd[628755]: Failed password for invalid user test from 109.160.32.46 port 58196 ssh2
2026-09-13T13:02:34.661899+02:00 vmi3427693 sshd[628763]: Invalid user vector from 202.152.148.30 port 55754
2026-09-13T13:02:34.667192+02:00 vmi3427693 sshd[628763]: pam_unix(sshd:auth): check pass; user unknown
2026-09-13T13:02:34.667433+02:00 vmi3427693 sshd[628763]: pam_unix(sshd:auth): authentication failure; logname= uid=0 euid=0 tty=ssh ruser= rhost=202.152.148.30
2026-09-13T13:02:34.755061+02:00 vmi3427693 sshd[628755]: Connection closed by invalid user test 109.160.32.46 port 58196 [preauth]
2026-09-13T13:02:35.980292+02:00 vmi3427693 sshd[628769]: Invalid user asiainfo from 109.160.32.46 port 45016
2026-09-13T13:02:36.002619+02:00 vmi3427693 sshd[628769]: pam_unix(sshd:auth): check pass; user unknown
2026-09-13T13:02:36.002947+02:00 vmi3427693 sshd[628769]: pam_unix(sshd:auth): authentication failure; logname= uid=0 euid=0 tty=ssh ruser= rhost=109.160.32.46
2026-09-13T13:02:36.432788+02:00 vmi3427693 sshd[628763]: Failed password for invalid user vector from 202.152.148.30 port 55754 ssh2
2026-09-13T13:02:36.918638+02:00 vmi3427693 sshd[628763]: Received disconnect from 202.152.148.30 port 55754:11: Bye Bye [preauth]
2026-09-13T13:02:36.918907+02:00 vmi3427693 sshd[628763]: Disconnected from invalid user vector 202.152.148.30 port 55754 [preauth]
2026-09-13T13:02:37.572410+02:00 vmi3427693 sshd[628769]: Failed password for invalid user asiainfo from 109.160.32.46 port 45016 ssh2
2026-09-13T13:02:38.331787+02:00 vmi3427693 sshd[628769]: Connection closed by invalid user asiainfo 109.160.32.46 port 45016 [preauth]
2026-09-13T13:02:41.171444+02:00 vmi3427693 sshd[628782]: Invalid user user1 from 109.160.32.46 port 45072
2026-09-13T13:02:41.202925+02:00 vmi3427693 sshd[628782]: pam_unix(sshd:auth): check pass; user unknown
2026-09-13T13:02:41.203132+02:00 vmi3427693 sshd[628782]: pam_unix(sshd:auth): authentication failure; logname= uid=0 euid=0 tty=ssh ruser= rhost=109.160.32.46
2026-09-13T13:02:42.929402+02:00 vmi3427693 sshd[628782]: Failed password for invalid user user1 from 109.160.32.46 port 45072 ssh2
2026-09-13T13:02:43.132980+02:00 vmi3427693 sshd[628782]: Connection closed by invalid user user1 109.160.32.46 port 45072 [preauth]
2026-09-13T13:02:46.071362+02:00 vmi3427693 sshd[628794]: pam_unix(sshd:auth): authentication failure; logname= uid=0 euid=0 tty=ssh ruser= rhost=109.160.32.46 user=root
2026-09-13T13:02:47.817267+02:00 vmi3427693 sshd[628794]: Failed password for root from 109.160.32.46 port 60952 ssh2
2026-09-13T13:02:48.307954+02:00 vmi3427693 sshd[628794]: Connection closed by authenticating user root 109.160.32.46 port 60952 [preauth]
2026-09-13T13:02:50.950452+02:00 vmi3427693 sshd[628807]: pam_unix(sshd:auth): authentication failure; logname= uid=0 euid=0 tty=ssh ruser= rhost=109.160.32.46 user=root
2026-09-13T13:02:52.800947+02:00 vmi3427693 sshd[628810]: Invalid user admin from 80.94.92.55 port 35724
2026-09-13T13:02:52.910366+02:00 vmi3427693 sshd[628807]: Failed password for root from 109.160.32.46 port 60970 ssh2
2026-09-13T13:02:53.021434+02:00 vmi3427693 sshd[628810]: pam_unix(sshd:auth): check pass; user unknown
2026-09-13T13:02:53.021660+02:00 vmi3427693 sshd[628810]: pam_unix(sshd:auth): authentication failure; logname= uid=0 euid=0 tty=ssh ruser= rhost=80.94.92.55
2026-09-13T13:02:53.183835+02:00 vmi3427693 sshd[628807]: Connection closed by authenticating user root 109.160.32.46 port 60970 [preauth]
2026-09-13T13:02:55.063729+02:00 vmi3427693 sshd[628810]: Failed password for invalid user admin from 80.94.92.55 port 35724 ssh2
2026-09-13T13:02:55.909448+02:00 vmi3427693 sshd[628820]: Invalid user pi from 109.160.32.46 port 55328
2026-09-13T13:02:55.942807+02:00 vmi3427693 sshd[628820]: pam_unix(sshd:auth): check pass; user unknown
2026-09-13T13:02:55.943039+02:00 vmi3427693 sshd[628820]: pam_unix(sshd:auth): authentication failure; logname= uid=0 euid=0 tty=ssh ruser= rhost=109.160.32.46
2026-09-13T13:02:56.028666+02:00 vmi3427693 sshd[628810]: Connection closed by invalid user admin 80.94.92.55 port 35724 [preauth]
2026-09-13T13:02:58.264965+02:00 vmi3427693 sshd[628820]: Failed password for invalid user pi from 109.160.32.46 port 55328 ssh2
2026-09-13T13:03:00.293057+02:00 vmi3427693 sshd[628820]: Connection closed by invalid user pi 109.160.32.46 port 55328 [preauth]
2026-09-13T13:03:00.704635+02:00 vmi3427693 sshd[628832]: Invalid user tempuser from 109.160.32.46 port 55408
2026-09-13T13:03:00.720625+02:00 vmi3427693 sshd[628832]: pam_unix(sshd:auth): check pass; user unknown
2026-09-13T13:03:00.720819+02:00 vmi3427693 sshd[628832]: pam_unix(sshd:auth): authentication failure; logname= uid=0 euid=0 tty=ssh ruser= rhost=109.160.32.46
2026-09-13T13:03:01.700002+02:00 vmi3427693 CRON[628836]: pam_unix(cron:session): session opened for user root(uid=0) by root(uid=0)
2026-09-13T13:03:01.775334+02:00 vmi3427693 CRON[628836]: pam_unix(cron:session): session closed for user root
2026-09-13T13:03:02.722850+02:00 vmi3427693 sshd[628832]: Failed password for invalid user tempuser from 109.160.32.46 port 55408 ssh2
2026-09-13T13:03:03.654794+02:00 vmi3427693 sshd[628832]: Connection closed by invalid user tempuser 109.160.32.46 port 55408 [preauth]
2026-09-13T13:03:06.105594+02:00 vmi3427693 sshd[628848]: pam_unix(sshd:auth): authentication failure; logname= uid=0 euid=0 tty=ssh ruser= rhost=109.160.32.46 user=root
2026-09-13T13:03:07.935363+02:00 vmi3427693 sshd[628848]: Failed password for root from 109.160.32.46 port 47526 ssh2
2026-09-13T13:03:08.342774+02:00 vmi3427693 sshd[628848]: Connection closed by authenticating user root 109.160.32.46 port 47526 [preauth]
2026-09-13T13:03:11.074400+02:00 vmi3427693 sshd[628861]: pam_unix(sshd:auth): authentication failure; logname= uid=0 euid=0 tty=ssh ruser= rhost=109.160.32.46 user=root
2026-09-13T13:03:12.920924+02:00 vmi3427693 sshd[628861]: Failed password for root from 109.160.32.46 port 47580 ssh2
2026-09-13T13:03:13.322939+02:00 vmi3427693 sshd[628861]: Connection closed by authenticating user root 109.160.32.46 port 47580 [preauth]
2026-09-13T13:03:15.778395+02:00 vmi3427693 sshd[628872]: Invalid user root1 from 109.160.32.46 port 48604
2026-09-13T13:03:15.797021+02:00 vmi3427693 sshd[628872]: pam_unix(sshd:auth): check pass; user unknown
2026-09-13T13:03:15.798697+02:00 vmi3427693 sshd[628872]: pam_unix(sshd:auth): authentication failure; logname= uid=0 euid=0 tty=ssh ruser= rhost=109.160.32.46
2026-09-13T13:03:18.525986+02:00 vmi3427693 sshd[628872]: Failed password for invalid user root1 from 109.160.32.46 port 48604 ssh2
2026-09-13T13:03:20.509026+02:00 vmi3427693 sshd[628872]: Connection closed by invalid user root1 109.160.32.46 port 48604 [preauth]
2026-09-13T13:03:20.760796+02:00 vmi3427693 sshd[628884]: Invalid user user from 109.160.32.46 port 48680
2026-09-13T13:03:20.777657+02:00 vmi3427693 sshd[628884]: pam_unix(sshd:auth): check pass; user unknown
2026-09-13T13:03:20.778003+02:00 vmi3427693 sshd[628884]: pam_unix(sshd:auth): authentication failure; logname= uid=0 euid=0 tty=ssh ruser= rhost=109.160.32.46
2026-09-13T13:03:22.861204+02:00 vmi3427693 sshd[628884]: Failed password for invalid user user from 109.160.32.46 port 48680 ssh2
2026-09-13T13:03:23.071752+02:00 vmi3427693 sshd[628887]: pam_unix(sshd:auth): authentication failure; logname= uid=0 euid=0 tty=ssh ruser= rhost=58.152.42.212 user=root
2026-09-13T13:03:23.107420+02:00 vmi3427693 sshd[628884]: Connection closed by invalid user user 109.160.32.46 port 48680 [preauth]
2026-09-13T13:03:24.424883+02:00 vmi3427693 sshd[628887]: Failed password for root from 58.152.42.212 port 47058 ssh2
2026-09-13T13:03:25.518938+02:00 vmi3427693 sshd[628887]: Received disconnect from 58.152.42.212 port 47058:11: Bye Bye [preauth]
2026-09-13T13:03:25.520770+02:00 vmi3427693 sshd[628887]: Disconnected from authenticating user root 58.152.42.212 port 47058 [preauth]
2026-09-13T13:03:25.790682+02:00 vmi3427693 sshd[628908]: Invalid user user from 109.160.32.46 port 44144
2026-09-13T13:03:25.806957+02:00 vmi3427693 sshd[628908]: pam_unix(sshd:auth): check pass; user unknown
2026-09-13T13:03:25.807200+02:00 vmi3427693 sshd[628908]: pam_unix(sshd:auth): authentication failure; logname= uid=0 euid=0 tty=ssh ruser= rhost=109.160.32.46
2026-09-13T13:03:27.573077+02:00 vmi3427693 sshd[628908]: Failed password for invalid user user from 109.160.32.46 port 44144 ssh2
2026-09-13T13:03:27.938046+02:00 vmi3427693 sshd[628908]: Connection closed by invalid user user 109.160.32.46 port 44144 [preauth]
2026-09-13T13:03:30.735691+02:00 vmi3427693 sshd[628923]: Invalid user airflow from 109.160.32.46 port 44264
2026-09-13T13:03:30.752416+02:00 vmi3427693 sshd[628923]: pam_unix(sshd:auth): check pass; user unknown
2026-09-13T13:03:30.752747+02:00 vmi3427693 sshd[628923]: pam_unix(sshd:auth): authentication failure; logname= uid=0 euid=0 tty=ssh ruser= rhost=109.160.32.46
2026-09-13T13:03:32.874014+02:00 vmi3427693 sshd[628923]: Failed password for invalid user airflow from 109.160.32.46 port 44264 ssh2
2026-09-13T13:03:34.606252+02:00 vmi3427693 sshd[628923]: Connection closed by invalid user airflow 109.160.32.46 port 44264 [preauth]
2026-09-13T13:03:35.898960+02:00 vmi3427693 sshd[628935]: pam_unix(sshd:auth): authentication failure; logname= uid=0 euid=0 tty=ssh ruser= rhost=109.160.32.46 user=root
2026-09-13T13:03:37.704101+02:00 vmi3427693 sshd[628935]: Failed password for root from 109.160.32.46 port 53196 ssh2
2026-09-13T13:03:38.128347+02:00 vmi3427693 sshd[628935]: Connection closed by authenticating user root 109.160.32.46 port 53196 [preauth]
2026-09-13T13:03:40.673056+02:00 vmi3427693 sshd[628947]: Invalid user ubuntu from 109.160.32.46 port 53246
2026-09-13T13:03:40.689076+02:00 vmi3427693 sshd[628947]: pam_unix(sshd:auth): check pass; user unknown
2026-09-13T13:03:40.689363+02:00 vmi3427693 sshd[628947]: pam_unix(sshd:auth): authentication failure; logname= uid=0 euid=0 tty=ssh ruser= rhost=109.160.32.46
2026-09-13T13:03:42.515666+02:00 vmi3427693 sshd[628947]: Failed password for invalid user ubuntu from 109.160.32.46 port 53246 ssh2
2026-09-13T13:03:42.637786+02:00 vmi3427693 sshd[628947]: Connection closed by invalid user ubuntu 109.160.32.46 port 53246 [preauth]
2026-09-13T13:03:43.706231+02:00 vmi3427693 sshd[628954]: Invalid user postgres from 202.152.148.30 port 44578
2026-09-13T13:03:43.716298+02:00 vmi3427693 sshd[628954]: pam_unix(sshd:auth): check pass; user unknown
2026-09-13T13:03:43.716576+02:00 vmi3427693 sshd[628954]: pam_unix(sshd:auth): authentication failure; logname= uid=0 euid=0 tty=ssh ruser= rhost=202.152.148.30
2026-09-13T13:03:45.621828+02:00 vmi3427693 sshd[628954]: Failed password for invalid user postgres from 202.152.148.30 port 44578 ssh2
2026-09-13T13:03:45.801478+02:00 vmi3427693 sshd[628961]: pam_unix(sshd:auth): authentication failure; logname= uid=0 euid=0 tty=ssh ruser= rhost=109.160.32.46 user=root
2026-09-13T13:03:47.583371+02:00 vmi3427693 sshd[628954]: Received disconnect from 202.152.148.30 port 44578:11: Bye Bye [preauth]
2026-09-13T13:03:47.583756+02:00 vmi3427693 sshd[628954]: Disconnected from invalid user postgres 202.152.148.30 port 44578 [preauth]
2026-09-13T13:03:48.314620+02:00 vmi3427693 sshd[628961]: Failed password for root from 109.160.32.46 port 50780 ssh2
2026-09-13T13:03:50.330786+02:00 vmi3427693 sshd[628961]: Connection closed by authenticating user root 109.160.32.46 port 50780 [preauth]
2026-09-13T13:03:50.525169+02:00 vmi3427693 sshd[628973]: pam_unix(sshd:auth): authentication failure; logname= uid=0 euid=0 tty=ssh ruser= rhost=109.160.32.46 user=root
2026-09-13T13:03:53.058283+02:00 vmi3427693 sshd[628973]: Failed password for root from 109.160.32.46 port 50828 ssh2
2026-09-13T13:03:55.028425+02:00 vmi3427693 sshd[628973]: Connection closed by authenticating user root 109.160.32.46 port 50828 [preauth]
2026-09-13T13:03:55.614592+02:00 vmi3427693 sshd[628986]: pam_unix(sshd:auth): authentication failure; logname= uid=0 euid=0 tty=ssh ruser= rhost=109.160.32.46 user=root
2026-09-13T13:03:57.500340+02:00 vmi3427693 sshd[628986]: Failed password for root from 109.160.32.46 port 60222 ssh2
2026-09-13T13:03:57.855688+02:00 vmi3427693 sshd[628986]: Connection closed by authenticating user root 109.160.32.46 port 60222 [preauth]
2026-09-13T13:03:59.582739+02:00 vmi3427693 sshd[628994]: Invalid user sumit from 45.182.206.203 port 35052
2026-09-13T13:03:59.599127+02:00 vmi3427693 sshd[628994]: pam_unix(sshd:auth): check pass; user unknown
2026-09-13T13:03:59.599420+02:00 vmi3427693 sshd[628994]: pam_unix(sshd:auth): authentication failure; logname= uid=0 euid=0 tty=ssh ruser= rhost=45.182.206.203
2026-09-13T13:04:01.034938+02:00 vmi3427693 sshd[629000]: Invalid user vncuser from 109.160.32.46 port 60326
2026-09-13T13:04:01.134261+02:00 vmi3427693 sshd[629000]: pam_unix(sshd:auth): check pass; user unknown
2026-09-13T13:04:01.134509+02:00 vmi3427693 sshd[629000]: pam_unix(sshd:auth): authentication failure; logname= uid=0 euid=0 tty=ssh ruser= rhost=109.160.32.46
2026-09-13T13:04:01.364940+02:00 vmi3427693 sshd[628994]: Failed password for invalid user sumit from 45.182.206.203 port 35052 ssh2
2026-09-13T13:04:01.786239+02:00 vmi3427693 CRON[629005]: pam_unix(cron:session): session opened for user root(uid=0) by root(uid=0)
2026-09-13T13:04:01.850780+02:00 vmi3427693 sshd[628994]: Received disconnect from 45.182.206.203 port 35052:11: Bye Bye [preauth]
2026-09-13T13:04:01.851865+02:00 vmi3427693 sshd[628994]: Disconnected from invalid user sumit 45.182.206.203 port 35052 [preauth]
2026-09-13T13:04:01.854491+02:00 vmi3427693 CRON[629005]: pam_unix(cron:session): session closed for user root
2026-09-13T13:04:03.514236+02:00 vmi3427693 sshd[629000]: Failed password for invalid user vncuser from 109.160.32.46 port 60326 ssh2
2026-09-13T13:04:05.310161+02:00 vmi3427693 sshd[629000]: Connection closed by invalid user vncuser 109.160.32.46 port 60326 [preauth]
2026-09-13T13:04:05.715579+02:00 vmi3427693 sshd[629015]: Invalid user smart from 109.160.32.46 port 43700
2026-09-13T13:04:05.735822+02:00 vmi3427693 sshd[629015]: pam_unix(sshd:auth): check pass; user unknown
2026-09-13T13:04:05.736077+02:00 vmi3427693 sshd[629015]: pam_unix(sshd:auth): authentication failure; logname= uid=0 euid=0 tty=ssh ruser= rhost=109.160.32.46
2026-09-13T13:04:07.662111+02:00 vmi3427693 sshd[629015]: Failed password for invalid user smart from 109.160.32.46 port 43700 ssh2
2026-09-13T13:04:07.751938+02:00 vmi3427693 sshd[629015]: Connection closed by invalid user smart 109.160.32.46 port 43700 [preauth]
2026-09-13T13:04:08.521297+02:00 vmi3427693 sshd[629022]: pam_unix(sshd:auth): authentication failure; logname= uid=0 euid=0 tty=ssh ruser= rhost=46.8.31.84 user=root
2026-09-13T13:04:10.535634+02:00 vmi3427693 sshd[629030]: pam_unix(sshd:auth): authentication failure; logname= uid=0 euid=0 tty=ssh ruser= rhost=109.160.32.46 user=root
2026-09-13T13:04:10.859701+02:00 vmi3427693 sshd[629022]: Failed password for root from 46.8.31.84 port 47572 ssh2
2026-09-13T13:04:12.145507+02:00 vmi3427693 sshd[629030]: Failed password for root from 109.160.32.46 port 43726 ssh2
2026-09-13T13:04:13.100024+02:00 vmi3427693 sshd[629030]: Connection closed by authenticating user root 109.160.32.46 port 43726 [preauth]
2026-09-13T13:04:13.144959+02:00 vmi3427693 sshd[629022]: Connection closed by authenticating user root 46.8.31.84 port 47572 [preauth]
2026-09-13T13:04:15.359924+02:00 vmi3427693 sshd[629041]: Invalid user azureuser from 109.160.32.46 port 43260
2026-09-13T13:04:15.383259+02:00 vmi3427693 sshd[629041]: pam_unix(sshd:auth): check pass; user unknown
2026-09-13T13:04:15.383418+02:00 vmi3427693 sshd[629041]: pam_unix(sshd:auth): authentication failure; logname= uid=0 euid=0 tty=ssh ruser= rhost=109.160.32.46
2026-09-13T13:04:17.681020+02:00 vmi3427693 sshd[629041]: Failed password for invalid user azureuser from 109.160.32.46 port 43260 ssh2
2026-09-13T13:04:19.502788+02:00 vmi3427693 sshd[629041]: Connection closed by invalid user azureuser 109.160.32.46 port 43260 [preauth]
2026-09-13T13:04:20.434713+02:00 vmi3427693 sshd[629054]: Invalid user deploy from 109.160.32.46 port 43290
2026-09-13T13:04:20.480926+02:00 vmi3427693 sshd[629054]: pam_unix(sshd:auth): check pass; user unknown
2026-09-13T13:04:20.481161+02:00 vmi3427693 sshd[629054]: pam_unix(sshd:auth): authentication failure; logname= uid=0 euid=0 tty=ssh ruser= rhost=109.160.32.46
2026-09-13T13:04:22.799509+02:00 vmi3427693 sshd[629054]: Failed password for invalid user deploy from 109.160.32.46 port 43290 ssh2
2026-09-13T13:04:23.344869+02:00 vmi3427693 sshd[629054]: Connection closed by invalid user deploy 109.160.32.46 port 43290 [preauth]
2026-09-13T13:04:25.414011+02:00 vmi3427693 sshd[629066]: Invalid user deploy from 109.160.32.46 port 57786
2026-09-13T13:04:25.438838+02:00 vmi3427693 sshd[629066]: pam_unix(sshd:auth): check pass; user unknown
2026-09-13T13:04:25.439118+02:00 vmi3427693 sshd[629066]: pam_unix(sshd:auth): authentication failure; logname= uid=0 euid=0 tty=ssh ruser= rhost=109.160.32.46
2026-09-13T13:04:27.777492+02:00 vmi3427693 sshd[629066]: Failed password for invalid user deploy from 109.160.32.46 port 57786 ssh2
2026-09-13T13:04:28.277218+02:00 vmi3427693 sshd[629066]: Connection closed by invalid user deploy 109.160.32.46 port 57786 [preauth]
2026-09-13T13:04:30.480268+02:00 vmi3427693 sshd[629079]: Invalid user iphone from 109.160.32.46 port 57818
2026-09-13T13:04:30.497404+02:00 vmi3427693 sshd[629079]: pam_unix(sshd:auth): check pass; user unknown
2026-09-13T13:04:30.497616+02:00 vmi3427693 sshd[629079]: pam_unix(sshd:auth): authentication failure; logname= uid=0 euid=0 tty=ssh ruser= rhost=109.160.32.46
2026-09-13T13:04:32.188035+02:00 vmi3427693 sshd[629079]: Failed password for invalid user iphone from 109.160.32.46 port 57818 ssh2
2026-09-13T13:04:32.635639+02:00 vmi3427693 sshd[629079]: Connection closed by invalid user iphone 109.160.32.46 port 57818 [preauth]
2026-09-13T13:04:35.604635+02:00 vmi3427693 sshd[629090]: Invalid user deploy from 109.160.32.46 port 57844
2026-09-13T13:04:35.642445+02:00 vmi3427693 sshd[629090]: pam_unix(sshd:auth): check pass; user unknown
2026-09-13T13:04:35.642718+02:00 vmi3427693 sshd[629090]: pam_unix(sshd:auth): authentication failure; logname= uid=0 euid=0 tty=ssh ruser= rhost=109.160.32.46
2026-09-13T13:04:37.351892+02:00 vmi3427693 sshd[629090]: Failed password for invalid user deploy from 109.160.32.46 port 57844 ssh2
2026-09-13T13:04:38.602788+02:00 vmi3427693 sshd[629090]: Connection closed by invalid user deploy 109.160.32.46 port 57844 [preauth]
2026-09-13T13:04:40.581950+02:00 vmi3427693 sshd[629104]: Invalid user deploy from 109.160.32.46 port 36282
2026-09-13T13:04:40.607317+02:00 vmi3427693 sshd[629104]: pam_unix(sshd:auth): check pass; user unknown
2026-09-13T13:04:40.607678+02:00 vmi3427693 sshd[629104]: pam_unix(sshd:auth): authentication failure; logname= uid=0 euid=0 tty=ssh ruser= rhost=109.160.32.46
2026-09-13T13:04:42.272291+02:00 vmi3427693 sshd[629107]: Invalid user cloud from 58.152.42.212 port 60024
2026-09-13T13:04:42.278072+02:00 vmi3427693 sshd[629107]: pam_unix(sshd:auth): check pass; user unknown
2026-09-13T13:04:42.278218+02:00 vmi3427693 sshd[629107]: pam_unix(sshd:auth): authentication failure; logname= uid=0 euid=0 tty=ssh ruser= rhost=58.152.42.212
2026-09-13T13:04:42.337852+02:00 vmi3427693 sshd[629104]: Failed password for invalid user deploy from 109.160.32.46 port 36282 ssh2
2026-09-13T13:04:43.480683+02:00 vmi3427693 sshd[629104]: Connection closed by invalid user deploy 109.160.32.46 port 36282 [preauth]
2026-09-13T13:04:43.948919+02:00 vmi3427693 sshd[629107]: Failed password for invalid user cloud from 58.152.42.212 port 60024 ssh2
2026-09-13T13:04:44.816555+02:00 vmi3427693 sshd[629107]: Received disconnect from 58.152.42.212 port 60024:11: Bye Bye [preauth]
2026-09-13T13:04:44.816917+02:00 vmi3427693 sshd[629107]: Disconnected from invalid user cloud 58.152.42.212 port 60024 [preauth]
2026-09-13T13:04:45.818987+02:00 vmi3427693 sshd[629119]: Invalid user techuser from 109.160.32.46 port 47916
2026-09-13T13:04:45.840990+02:00 vmi3427693 sshd[629119]: pam_unix(sshd:auth): check pass; user unknown
2026-09-13T13:04:45.841720+02:00 vmi3427693 sshd[629119]: pam_unix(sshd:auth): authentication failure; logname= uid=0 euid=0 tty=ssh ruser= rhost=109.160.32.46
2026-09-13T13:04:48.259029+02:00 vmi3427693 sshd[629119]: Failed password for invalid user techuser from 109.160.32.46 port 47916 ssh2
2026-09-13T13:04:48.604840+02:00 vmi3427693 sshd[629119]: Connection closed by invalid user techuser 109.160.32.46 port 47916 [preauth]
2026-09-13T13:04:50.673124+02:00 vmi3427693 sshd[629131]: Invalid user vbox from 109.160.32.46 port 48000
2026-09-13T13:04:50.688745+02:00 vmi3427693 sshd[629131]: pam_unix(sshd:auth): check pass; user unknown
2026-09-13T13:04:50.688970+02:00 vmi3427693 sshd[629131]: pam_unix(sshd:auth): authentication failure; logname= uid=0 euid=0 tty=ssh ruser= rhost=109.160.32.46
2026-09-13T13:04:52.790964+02:00 vmi3427693 sshd[629131]: Failed password for invalid user vbox from 109.160.32.46 port 48000 ssh2
2026-09-13T13:04:53.063723+02:00 vmi3427693 sshd[629137]: Invalid user admin from 80.94.92.55 port 38818
2026-09-13T13:04:53.072981+02:00 vmi3427693 sshd[629131]: Connection closed by invalid user vbox 109.160.32.46 port 48000 [preauth]
2026-09-13T13:04:53.656949+02:00 vmi3427693 sshd[629137]: pam_unix(sshd:auth): check pass; user unknown
2026-09-13T13:04:53.657150+02:00 vmi3427693 sshd[629137]: pam_unix(sshd:auth): authentication failure; logname= uid=0 euid=0 tty=ssh ruser= rhost=80.94.92.55
2026-09-13T13:04:54.889252+02:00 vmi3427693 sshd[629143]: Invalid user crypto from 202.152.148.30 port 52274
2026-09-13T13:04:54.894704+02:00 vmi3427693 sshd[629143]: pam_unix(sshd:auth): check pass; user unknown
2026-09-13T13:04:54.894909+02:00 vmi3427693 sshd[629143]: pam_unix(sshd:auth): authentication failure; logname= uid=0 euid=0 tty=ssh ruser= rhost=202.152.148.30
2026-09-13T13:04:55.513574+02:00 vmi3427693 sshd[629137]: Failed password for invalid user admin from 80.94.92.55 port 38818 ssh2
2026-09-13T13:04:55.813899+02:00 vmi3427693 sshd[629148]: Invalid user vbox from 109.160.32.46 port 59768
2026-09-13T13:04:55.832500+02:00 vmi3427693 sshd[629148]: pam_unix(sshd:auth): check pass; user unknown
2026-09-13T13:04:55.832742+02:00 vmi3427693 sshd[629148]: pam_unix(sshd:auth): authentication failure; logname= uid=0 euid=0 tty=ssh ruser= rhost=109.160.32.46
2026-09-13T13:04:56.545322+02:00 vmi3427693 sshd[629143]: Failed password for invalid user crypto from 202.152.148.30 port 52274 ssh2
2026-09-13T13:04:56.590685+02:00 vmi3427693 sshd[629137]: Connection closed by invalid user admin 80.94.92.55 port 38818 [preauth]
2026-09-13T13:04:57.713899+02:00 vmi3427693 sshd[629143]: Received disconnect from 202.152.148.30 port 52274:11: Bye Bye [preauth]
2026-09-13T13:04:57.714128+02:00 vmi3427693 sshd[629143]: Disconnected from invalid user crypto 202.152.148.30 port 52274 [preauth]
2026-09-13T13:04:58.289438+02:00 vmi3427693 sshd[629148]: Failed password for invalid user vbox from 109.160.32.46 port 59768 ssh2
2026-09-13T13:04:59.651965+02:00 vmi3427693 sshd[629158]: Connection closed by 43.137.217.156 port 57476
2026-09-13T13:05:00.734993+02:00 vmi3427693 sshd[629148]: Connection closed by invalid user vbox 109.160.32.46 port 59768 [preauth]
2026-09-13T13:05:01.077167+02:00 vmi3427693 sshd[629161]: pam_unix(sshd:auth): authentication failure; logname= uid=0 euid=0 tty=ssh ruser= rhost=109.160.32.46 user=root
2026-09-13T13:05:01.864497+02:00 vmi3427693 CRON[629167]: pam_unix(cron:session): session opened for user root(uid=0) by root(uid=0)
2026-09-13T13:05:01.865130+02:00 vmi3427693 CRON[629166]: pam_unix(cron:session): session opened for user root(uid=0) by root(uid=0)
2026-09-13T13:05:01.871503+02:00 vmi3427693 CRON[629166]: pam_unix(cron:session): session closed for user root
2026-09-13T13:05:01.941623+02:00 vmi3427693 CRON[629167]: pam_unix(cron:session): session closed for user root
2026-09-13T13:05:03.220233+02:00 vmi3427693 sshd[629161]: Failed password for root from 109.160.32.46 port 59818 ssh2
2026-09-13T13:05:03.291719+02:00 vmi3427693 sshd[629161]: Connection closed by authenticating user root 109.160.32.46 port 59818 [preauth]
2026-09-13T13:05:05.622761+02:00 vmi3427693 sshd[629181]: Invalid user admin from 109.160.32.46 port 56094
2026-09-13T13:05:05.649368+02:00 vmi3427693 sshd[629181]: pam_unix(sshd:auth): check pass; user unknown
2026-09-13T13:05:05.649642+02:00 vmi3427693 sshd[629181]: pam_unix(sshd:auth): authentication failure; logname= uid=0 euid=0 tty=ssh ruser= rhost=109.160.32.46
2026-09-13T13:05:07.598073+02:00 vmi3427693 sshd[629178]: Connection closed by 43.137.217.156 port 45702 [preauth]
2026-09-13T13:05:07.812958+02:00 vmi3427693 sshd[629181]: Failed password for invalid user admin from 109.160.32.46 port 56094 ssh2
2026-09-13T13:05:08.355375+02:00 vmi3427693 sshd[629181]: Connection closed by invalid user admin 109.160.32.46 port 56094 [preauth]
2026-09-13T13:05:10.981990+02:00 vmi3427693 sshd[629196]: Invalid user admin from 109.160.32.46 port 56102
2026-09-13T13:05:11.032607+02:00 vmi3427693 sshd[629196]: pam_unix(sshd:auth): check pass; user unknown
2026-09-13T13:05:11.032811+02:00 vmi3427693 sshd[629196]: pam_unix(sshd:auth): authentication failure; logname= uid=0 euid=0 tty=ssh ruser= rhost=109.160.32.46
2026-09-13T13:05:13.018620+02:00 vmi3427693 sshd[629196]: Failed password for invalid user admin from 109.160.32.46 port 56102 ssh2
2026-09-13T13:05:13.867677+02:00 vmi3427693 sshd[629196]: Connection closed by invalid user admin 109.160.32.46 port 56102 [preauth]
2026-09-13T13:05:15.734239+02:00 vmi3427693 sshd[629209]: Invalid user user17 from 109.160.32.46 port 54196
2026-09-13T13:05:15.771155+02:00 vmi3427693 sshd[629209]: pam_unix(sshd:auth): check pass; user unknown
2026-09-13T13:05:15.771595+02:00 vmi3427693 sshd[629209]: pam_unix(sshd:auth): authentication failure; logname= uid=0 euid=0 tty=ssh ruser= rhost=109.160.32.46
2026-09-13T13:05:17.972391+02:00 vmi3427693 sshd[629209]: Failed password for invalid user user17 from 109.160.32.46 port 54196 ssh2
2026-09-13T13:05:19.545738+02:00 vmi3427693 sshd[629211]: Connection closed by 43.137.217.156 port 53752 [preauth]
2026-09-13T13:05:19.719741+02:00 vmi3427693 sshd[629209]: Connection closed by invalid user user17 109.160.32.46 port 54196 [preauth]
2026-09-13T13:05:19.811585+02:00 vmi3427693 sshd[629204]: error: kex_exchange_identification: read: Connection reset by peer
2026-09-13T13:05:19.812341+02:00 vmi3427693 sshd[629204]: Connection reset by 43.137.217.156 port 53740
2026-09-13T13:05:20.721188+02:00 vmi3427693 sshd[629222]: Connection closed by 178.128.238.243 port 35454
2026-09-13T13:05:21.081125+02:00 vmi3427693 sshd[629226]: Invalid user hu from 109.160.32.46 port 54252
2026-09-13T13:05:21.101741+02:00 vmi3427693 sshd[629226]: pam_unix(sshd:auth): check pass; user unknown
