2026-09-13T13:20:50.223564+02:00 vmi3427693 sshd[632220]: pam_unix(sshd:auth): authentication failure; logname= uid=0 euid=0 tty=ssh ruser= rhost=159.223.173.125 user=root
2026-09-13T13:20:51.387040+02:00 vmi3427693 sshd[632217]: Failed password for invalid user david from 109.160.32.46 port 33116 ssh2
2026-09-13T13:20:52.119469+02:00 vmi3427693 sshd[632220]: Failed password for root from 159.223.173.125 port 59418 ssh2
2026-09-13T13:20:52.527270+02:00 vmi3427693 sshd[632220]: Connection closed by authenticating user root 159.223.173.125 port 59418 [preauth]
2026-09-13T13:20:53.111156+02:00 vmi3427693 sshd[632217]: Connection closed by invalid user david 109.160.32.46 port 33116 [preauth]
2026-09-13T13:20:53.333471+02:00 vmi3427693 sshd[632229]: pam_unix(sshd:auth): authentication failure; logname= uid=0 euid=0 tty=ssh ruser= rhost=159.223.173.125 user=root
2026-09-13T13:20:53.994830+02:00 vmi3427693 sshd[632233]: Invalid user martin from 109.160.32.46 port 33214
2026-09-13T13:20:54.013962+02:00 vmi3427693 sshd[632233]: pam_unix(sshd:auth): check pass; user unknown
2026-09-13T13:20:54.014204+02:00 vmi3427693 sshd[632233]: pam_unix(sshd:auth): authentication failure; logname= uid=0 euid=0 tty=ssh ruser= rhost=109.160.32.46
2026-09-13T13:20:54.970842+02:00 vmi3427693 sshd[632229]: Failed password for root from 159.223.173.125 port 41864 ssh2
2026-09-13T13:20:55.704983+02:00 vmi3427693 sshd[632229]: Connection closed by authenticating user root 159.223.173.125 port 41864 [preauth]
2026-09-13T13:20:56.125752+02:00 vmi3427693 sshd[632233]: Failed password for invalid user martin from 109.160.32.46 port 33214 ssh2
2026-09-13T13:20:56.254140+02:00 vmi3427693 sshd[632233]: Connection closed by invalid user martin 109.160.32.46 port 33214 [preauth]
2026-09-13T13:20:56.409110+02:00 vmi3427693 sshd[632239]: pam_unix(sshd:auth): authentication failure; logname= uid=0 euid=0 tty=ssh ruser= rhost=159.223.173.125 user=root
2026-09-13T13:20:58.798102+02:00 vmi3427693 sshd[632239]: Failed password for root from 159.223.173.125 port 41872 ssh2
2026-09-13T13:20:59.078646+02:00 vmi3427693 sshd[632247]: Invalid user test from 109.160.32.46 port 45196
2026-09-13T13:20:59.101761+02:00 vmi3427693 sshd[632247]: pam_unix(sshd:auth): check pass; user unknown
2026-09-13T13:20:59.101989+02:00 vmi3427693 sshd[632247]: pam_unix(sshd:auth): authentication failure; logname= uid=0 euid=0 tty=ssh ruser= rhost=109.160.32.46
2026-09-13T13:21:01.056265+02:00 vmi3427693 sshd[632239]: Connection closed by authenticating user root 159.223.173.125 port 41872 [preauth]
2026-09-13T13:21:01.196924+02:00 vmi3427693 CRON[632255]: pam_unix(cron:session): session opened for user root(uid=0) by root(uid=0)
2026-09-13T13:21:01.233054+02:00 vmi3427693 sshd[632247]: Failed password for invalid user test from 109.160.32.46 port 45196 ssh2
2026-09-13T13:21:01.260389+02:00 vmi3427693 CRON[632255]: pam_unix(cron:session): session closed for user root
2026-09-13T13:21:02.022976+02:00 vmi3427693 sshd[632254]: pam_unix(sshd:auth): authentication failure; logname= uid=0 euid=0 tty=ssh ruser= rhost=159.223.173.125 user=root
2026-09-13T13:21:02.674096+02:00 vmi3427693 sshd[632247]: Connection closed by invalid user test 109.160.32.46 port 45196 [preauth]
2026-09-13T13:21:03.897931+02:00 vmi3427693 sshd[632264]: Invalid user test from 109.160.32.46 port 45250
2026-09-13T13:21:03.926644+02:00 vmi3427693 sshd[632264]: pam_unix(sshd:auth): check pass; user unknown
2026-09-13T13:21:03.926894+02:00 vmi3427693 sshd[632264]: pam_unix(sshd:auth): authentication failure; logname= uid=0 euid=0 tty=ssh ruser= rhost=109.160.32.46
2026-09-13T13:21:04.091780+02:00 vmi3427693 sshd[632254]: Failed password for root from 159.223.173.125 port 41876 ssh2
2026-09-13T13:21:04.324918+02:00 vmi3427693 sshd[632254]: Connection closed by authenticating user root 159.223.173.125 port 41876 [preauth]
2026-09-13T13:21:05.124889+02:00 vmi3427693 sshd[632270]: pam_unix(sshd:auth): authentication failure; logname= uid=0 euid=0 tty=ssh ruser= rhost=159.223.173.125 user=root
2026-09-13T13:21:05.184798+02:00 vmi3427693 sshd[632267]: Invalid user eagle from 45.182.206.203 port 46588
2026-09-13T13:21:05.192849+02:00 vmi3427693 sshd[632267]: pam_unix(sshd:auth): check pass; user unknown
2026-09-13T13:21:05.193795+02:00 vmi3427693 sshd[632267]: pam_unix(sshd:auth): authentication failure; logname= uid=0 euid=0 tty=ssh ruser= rhost=45.182.206.203
2026-09-13T13:21:05.607212+02:00 vmi3427693 sshd[632264]: Failed password for invalid user test from 109.160.32.46 port 45250 ssh2
2026-09-13T13:21:05.767992+02:00 vmi3427693 sshd[632264]: Connection closed by invalid user test 109.160.32.46 port 45250 [preauth]
2026-09-13T13:21:07.079729+02:00 vmi3427693 sshd[632270]: Failed password for root from 159.223.173.125 port 41104 ssh2
2026-09-13T13:21:07.147697+02:00 vmi3427693 sshd[632267]: Failed password for invalid user eagle from 45.182.206.203 port 46588 ssh2
2026-09-13T13:21:07.426904+02:00 vmi3427693 sshd[632270]: Connection closed by authenticating user root 159.223.173.125 port 41104 [preauth]
2026-09-13T13:21:08.116014+02:00 vmi3427693 sshd[632278]: pam_unix(sshd:auth): authentication failure; logname= uid=0 euid=0 tty=ssh ruser= rhost=159.223.173.125 user=root
2026-09-13T13:21:08.479991+02:00 vmi3427693 sshd[632267]: Received disconnect from 45.182.206.203 port 46588:11: Bye Bye [preauth]
2026-09-13T13:21:08.480217+02:00 vmi3427693 sshd[632267]: Disconnected from invalid user eagle 45.182.206.203 port 46588 [preauth]
2026-09-13T13:21:09.019288+02:00 vmi3427693 sshd[632282]: pam_unix(sshd:auth): authentication failure; logname= uid=0 euid=0 tty=ssh ruser= rhost=109.160.32.46 user=root
2026-09-13T13:21:10.483483+02:00 vmi3427693 sshd[632278]: Failed password for root from 159.223.173.125 port 41118 ssh2
2026-09-13T13:21:11.376269+02:00 vmi3427693 sshd[632282]: Failed password for root from 109.160.32.46 port 49448 ssh2
2026-09-13T13:21:12.771868+02:00 vmi3427693 sshd[632278]: Connection closed by authenticating user root 159.223.173.125 port 41118 [preauth]
2026-09-13T13:21:13.485851+02:00 vmi3427693 sshd[632282]: Connection closed by authenticating user root 109.160.32.46 port 49448 [preauth]
2026-09-13T13:21:13.688953+02:00 vmi3427693 sshd[632293]: pam_unix(sshd:auth): authentication failure; logname= uid=0 euid=0 tty=ssh ruser= rhost=159.223.173.125 user=root
2026-09-13T13:21:13.715070+02:00 vmi3427693 sshd[632296]: Invalid user demo from 109.160.32.46 port 49498
2026-09-13T13:21:13.743496+02:00 vmi3427693 sshd[632296]: pam_unix(sshd:auth): check pass; user unknown
2026-09-13T13:21:13.743709+02:00 vmi3427693 sshd[632296]: pam_unix(sshd:auth): authentication failure; logname= uid=0 euid=0 tty=ssh ruser= rhost=109.160.32.46
2026-09-13T13:21:15.740084+02:00 vmi3427693 sshd[632293]: Failed password for root from 159.223.173.125 port 53144 ssh2
2026-09-13T13:21:15.796081+02:00 vmi3427693 sshd[632296]: Failed password for invalid user demo from 109.160.32.46 port 49498 ssh2
2026-09-13T13:21:15.854658+02:00 vmi3427693 sshd[632296]: Connection closed by invalid user demo 109.160.32.46 port 49498 [preauth]
2026-09-13T13:21:16.034202+02:00 vmi3427693 sshd[632293]: Connection closed by authenticating user root 159.223.173.125 port 53144 [preauth]
2026-09-13T13:21:17.253357+02:00 vmi3427693 sshd[632303]: pam_unix(sshd:auth): authentication failure; logname= uid=0 euid=0 tty=ssh ruser= rhost=159.223.173.125 user=root
2026-09-13T13:21:19.144266+02:00 vmi3427693 sshd[632311]: Invalid user demo from 109.160.32.46 port 37918
2026-09-13T13:21:19.166016+02:00 vmi3427693 sshd[632311]: pam_unix(sshd:auth): check pass; user unknown
2026-09-13T13:21:19.166135+02:00 vmi3427693 sshd[632311]: pam_unix(sshd:auth): authentication failure; logname= uid=0 euid=0 tty=ssh ruser= rhost=109.160.32.46
2026-09-13T13:21:19.190482+02:00 vmi3427693 sshd[632303]: Failed password for root from 159.223.173.125 port 53156 ssh2
2026-09-13T13:21:19.572477+02:00 vmi3427693 sshd[632303]: Connection closed by authenticating user root 159.223.173.125 port 53156 [preauth]
2026-09-13T13:21:20.285341+02:00 vmi3427693 sshd[632315]: pam_unix(sshd:auth): authentication failure; logname= uid=0 euid=0 tty=ssh ruser= rhost=159.223.173.125 user=root
2026-09-13T13:21:21.378052+02:00 vmi3427693 sshd[632311]: Failed password for invalid user demo from 109.160.32.46 port 37918 ssh2
2026-09-13T13:21:22.635640+02:00 vmi3427693 sshd[632315]: Failed password for root from 159.223.173.125 port 53162 ssh2
2026-09-13T13:21:23.341938+02:00 vmi3427693 sshd[632311]: Connection closed by invalid user demo 109.160.32.46 port 37918 [preauth]
2026-09-13T13:21:24.457053+02:00 vmi3427693 sshd[632326]: pam_unix(sshd:auth): authentication failure; logname= uid=0 euid=0 tty=ssh ruser= rhost=109.160.32.46 user=root
2026-09-13T13:21:24.878710+02:00 vmi3427693 sshd[632315]: Connection closed by authenticating user root 159.223.173.125 port 53162 [preauth]
2026-09-13T13:21:25.663622+02:00 vmi3427693 sshd[632330]: pam_unix(sshd:auth): authentication failure; logname= uid=0 euid=0 tty=ssh ruser= rhost=159.223.173.125 user=root
2026-09-13T13:21:26.353190+02:00 vmi3427693 sshd[632326]: Failed password for root from 109.160.32.46 port 37972 ssh2
2026-09-13T13:21:26.683767+02:00 vmi3427693 sshd[632326]: Connection closed by authenticating user root 109.160.32.46 port 37972 [preauth]
2026-09-13T13:21:27.363036+02:00 vmi3427693 sshd[632330]: Failed password for root from 159.223.173.125 port 40442 ssh2
2026-09-13T13:21:28.055105+02:00 vmi3427693 sshd[632330]: Connection closed by authenticating user root 159.223.173.125 port 40442 [preauth]
2026-09-13T13:21:29.132609+02:00 vmi3427693 sshd[632338]: pam_unix(sshd:auth): authentication failure; logname= uid=0 euid=0 tty=ssh ruser= rhost=159.223.173.125 user=root
2026-09-13T13:21:29.312017+02:00 vmi3427693 sshd[632342]: Invalid user test from 109.160.32.46 port 36960
2026-09-13T13:21:29.336702+02:00 vmi3427693 sshd[632342]: pam_unix(sshd:auth): check pass; user unknown
2026-09-13T13:21:29.336915+02:00 vmi3427693 sshd[632342]: pam_unix(sshd:auth): authentication failure; logname= uid=0 euid=0 tty=ssh ruser= rhost=109.160.32.46
2026-09-13T13:21:31.048646+02:00 vmi3427693 sshd[632338]: Failed password for root from 159.223.173.125 port 40444 ssh2
2026-09-13T13:21:31.252790+02:00 vmi3427693 sshd[632342]: Failed password for invalid user test from 109.160.32.46 port 36960 ssh2
2026-09-13T13:21:31.479602+02:00 vmi3427693 sshd[632338]: Connection closed by authenticating user root 159.223.173.125 port 40444 [preauth]
2026-09-13T13:21:32.353510+02:00 vmi3427693 sshd[632349]: pam_unix(sshd:auth): authentication failure; logname= uid=0 euid=0 tty=ssh ruser= rhost=159.223.173.125 user=root
2026-09-13T13:21:32.898103+02:00 vmi3427693 sshd[632342]: Connection closed by invalid user test 109.160.32.46 port 36960 [preauth]
2026-09-13T13:21:34.376470+02:00 vmi3427693 sshd[632356]: Invalid user test from 109.160.32.46 port 37028
2026-09-13T13:21:34.435459+02:00 vmi3427693 sshd[632356]: pam_unix(sshd:auth): check pass; user unknown
2026-09-13T13:21:34.435896+02:00 vmi3427693 sshd[632356]: pam_unix(sshd:auth): authentication failure; logname= uid=0 euid=0 tty=ssh ruser= rhost=109.160.32.46
2026-09-13T13:21:34.680913+02:00 vmi3427693 sshd[632349]: Failed password for root from 159.223.173.125 port 40460 ssh2
2026-09-13T13:21:36.372694+02:00 vmi3427693 sshd[632356]: Failed password for invalid user test from 109.160.32.46 port 37028 ssh2
2026-09-13T13:21:36.990294+02:00 vmi3427693 sshd[632349]: Connection closed by authenticating user root 159.223.173.125 port 40460 [preauth]
2026-09-13T13:21:37.886092+02:00 vmi3427693 sshd[632364]: pam_unix(sshd:auth): authentication failure; logname= uid=0 euid=0 tty=ssh ruser= rhost=159.223.173.125 user=root
2026-09-13T13:21:37.987925+02:00 vmi3427693 sshd[632356]: Connection closed by invalid user test 109.160.32.46 port 37028 [preauth]
2026-09-13T13:21:38.346416+02:00 vmi3427693 sshd[632368]: Invalid user tom from 130.49.213.228 port 60734
2026-09-13T13:21:38.454732+02:00 vmi3427693 sshd[632368]: pam_unix(sshd:auth): check pass; user unknown
2026-09-13T13:21:38.455234+02:00 vmi3427693 sshd[632368]: pam_unix(sshd:auth): authentication failure; logname= uid=0 euid=0 tty=ssh ruser= rhost=130.49.213.228
2026-09-13T13:21:39.240891+02:00 vmi3427693 sshd[632373]: Invalid user admin from 109.160.32.46 port 57954
2026-09-13T13:21:39.261409+02:00 vmi3427693 sshd[632373]: pam_unix(sshd:auth): check pass; user unknown
2026-09-13T13:21:39.261637+02:00 vmi3427693 sshd[632373]: pam_unix(sshd:auth): authentication failure; logname= uid=0 euid=0 tty=ssh ruser= rhost=109.160.32.46
2026-09-13T13:21:39.564464+02:00 vmi3427693 sshd[632364]: Failed password for root from 159.223.173.125 port 48740 ssh2
2026-09-13T13:21:40.181245+02:00 vmi3427693 sshd[632364]: Connection closed by authenticating user root 159.223.173.125 port 48740 [preauth]
2026-09-13T13:21:40.900380+02:00 vmi3427693 sshd[632377]: pam_unix(sshd:auth): authentication failure; logname= uid=0 euid=0 tty=ssh ruser= rhost=159.223.173.125 user=root
2026-09-13T13:21:40.941888+02:00 vmi3427693 sshd[632368]: Failed password for invalid user tom from 130.49.213.228 port 60734 ssh2
2026-09-13T13:21:41.217288+02:00 vmi3427693 sshd[632373]: Failed password for invalid user admin from 109.160.32.46 port 57954 ssh2
2026-09-13T13:21:41.604970+02:00 vmi3427693 sshd[632368]: Connection closed by invalid user tom 130.49.213.228 port 60734 [preauth]
2026-09-13T13:21:41.979588+02:00 vmi3427693 sshd[632373]: Connection closed by invalid user admin 109.160.32.46 port 57954 [preauth]
2026-09-13T13:21:42.660990+02:00 vmi3427693 sshd[632377]: Failed password for root from 159.223.173.125 port 48746 ssh2
2026-09-13T13:21:43.222708+02:00 vmi3427693 sshd[632377]: Connection closed by authenticating user root 159.223.173.125 port 48746 [preauth]
2026-09-13T13:21:44.106042+02:00 vmi3427693 sshd[632385]: pam_unix(sshd:auth): authentication failure; logname= uid=0 euid=0 tty=ssh ruser= rhost=159.223.173.125 user=root
2026-09-13T13:21:44.254192+02:00 vmi3427693 sshd[632388]: Invalid user sftp_user from 20.127.185.37 port 47536
2026-09-13T13:21:44.260280+02:00 vmi3427693 sshd[632388]: pam_unix(sshd:auth): check pass; user unknown
2026-09-13T13:21:44.260442+02:00 vmi3427693 sshd[632388]: pam_unix(sshd:auth): authentication failure; logname= uid=0 euid=0 tty=ssh ruser= rhost=20.127.185.37
2026-09-13T13:21:44.379104+02:00 vmi3427693 sshd[632391]: Invalid user ubuntu from 109.160.32.46 port 58004
2026-09-13T13:21:44.421822+02:00 vmi3427693 sshd[632391]: pam_unix(sshd:auth): check pass; user unknown
2026-09-13T13:21:44.422010+02:00 vmi3427693 sshd[632391]: pam_unix(sshd:auth): authentication failure; logname= uid=0 euid=0 tty=ssh ruser= rhost=109.160.32.46
2026-09-13T13:21:45.971310+02:00 vmi3427693 sshd[632395]: Invalid user tidb from 202.152.148.30 port 34010
2026-09-13T13:21:45.976564+02:00 vmi3427693 sshd[632395]: pam_unix(sshd:auth): check pass; user unknown
2026-09-13T13:21:45.976837+02:00 vmi3427693 sshd[632395]: pam_unix(sshd:auth): authentication failure; logname= uid=0 euid=0 tty=ssh ruser= rhost=202.152.148.30
2026-09-13T13:21:46.083146+02:00 vmi3427693 sshd[632385]: Failed password for root from 159.223.173.125 port 42628 ssh2
2026-09-13T13:21:46.239838+02:00 vmi3427693 sshd[632388]: Failed password for invalid user sftp_user from 20.127.185.37 port 47536 ssh2
2026-09-13T13:21:46.397879+02:00 vmi3427693 sshd[632391]: Failed password for invalid user ubuntu from 109.160.32.46 port 58004 ssh2
2026-09-13T13:21:46.434614+02:00 vmi3427693 sshd[632385]: Connection closed by authenticating user root 159.223.173.125 port 42628 [preauth]
2026-09-13T13:21:47.095911+02:00 vmi3427693 sshd[632400]: pam_unix(sshd:auth): authentication failure; logname= uid=0 euid=0 tty=ssh ruser= rhost=159.223.173.125 user=root
2026-09-13T13:21:47.413383+02:00 vmi3427693 sshd[632403]: Connection closed by 178.128.238.243 port 36394
2026-09-13T13:21:47.420909+02:00 vmi3427693 sshd[632395]: Failed password for invalid user tidb from 202.152.148.30 port 34010 ssh2
2026-09-13T13:21:47.996460+02:00 vmi3427693 sshd[632388]: Received disconnect from 20.127.185.37 port 47536:11: Bye Bye [preauth]
2026-09-13T13:21:47.996721+02:00 vmi3427693 sshd[632388]: Disconnected from invalid user sftp_user 20.127.185.37 port 47536 [preauth]
2026-09-13T13:21:48.316436+02:00 vmi3427693 sshd[632391]: Connection closed by invalid user ubuntu 109.160.32.46 port 58004 [preauth]
2026-09-13T13:21:48.815940+02:00 vmi3427693 sshd[632400]: Failed password for root from 159.223.173.125 port 42640 ssh2
2026-09-13T13:21:48.894436+02:00 vmi3427693 sshd[632395]: Received disconnect from 202.152.148.30 port 34010:11: Bye Bye [preauth]
2026-09-13T13:21:48.894614+02:00 vmi3427693 sshd[632395]: Disconnected from invalid user tidb 202.152.148.30 port 34010 [preauth]
2026-09-13T13:21:49.213377+02:00 vmi3427693 sshd[632407]: pam_unix(sshd:auth): authentication failure; logname= uid=0 euid=0 tty=ssh ruser= rhost=178.128.238.243 user=root
2026-09-13T13:21:49.378565+02:00 vmi3427693 sshd[632410]: Invalid user ubuntu from 109.160.32.46 port 48286
2026-09-13T13:21:49.397617+02:00 vmi3427693 sshd[632410]: pam_unix(sshd:auth): check pass; user unknown
2026-09-13T13:21:49.397846+02:00 vmi3427693 sshd[632410]: pam_unix(sshd:auth): authentication failure; logname= uid=0 euid=0 tty=ssh ruser= rhost=109.160.32.46
2026-09-13T13:21:49.448689+02:00 vmi3427693 sshd[632400]: Connection closed by authenticating user root 159.223.173.125 port 42640 [preauth]
2026-09-13T13:21:50.352628+02:00 vmi3427693 sshd[632413]: pam_unix(sshd:auth): authentication failure; logname= uid=0 euid=0 tty=ssh ruser= rhost=159.223.173.125 user=root
2026-09-13T13:21:51.209237+02:00 vmi3427693 sshd[632407]: Failed password for root from 178.128.238.243 port 36404 ssh2
2026-09-13T13:21:51.393803+02:00 vmi3427693 sshd[632410]: Failed password for invalid user ubuntu from 109.160.32.46 port 48286 ssh2
2026-09-13T13:21:51.538133+02:00 vmi3427693 sshd[632407]: Connection closed by authenticating user root 178.128.238.243 port 36404 [preauth]
2026-09-13T13:21:52.727913+02:00 vmi3427693 sshd[632421]: pam_unix(sshd:auth): authentication failure; logname= uid=0 euid=0 tty=ssh ruser= rhost=80.94.92.55 user=backup
2026-09-13T13:21:52.820199+02:00 vmi3427693 sshd[632413]: Failed password for root from 159.223.173.125 port 42644 ssh2
2026-09-13T13:21:53.599889+02:00 vmi3427693 sshd[632410]: Connection closed by invalid user ubuntu 109.160.32.46 port 48286 [preauth]
2026-09-13T13:21:54.307369+02:00 vmi3427693 sshd[632427]: Invalid user bob from 109.160.32.46 port 48364
2026-09-13T13:21:54.331436+02:00 vmi3427693 sshd[632427]: pam_unix(sshd:auth): check pass; user unknown
2026-09-13T13:21:54.331711+02:00 vmi3427693 sshd[632427]: pam_unix(sshd:auth): authentication failure; logname= uid=0 euid=0 tty=ssh ruser= rhost=109.160.32.46
2026-09-13T13:21:54.468258+02:00 vmi3427693 sshd[632421]: Failed password for backup from 80.94.92.55 port 35470 ssh2
2026-09-13T13:21:54.657285+02:00 vmi3427693 sshd[632421]: Connection closed by authenticating user backup 80.94.92.55 port 35470 [preauth]
2026-09-13T13:21:54.944700+02:00 vmi3427693 sshd[632413]: Connection closed by authenticating user root 159.223.173.125 port 42644 [preauth]
2026-09-13T13:21:55.633493+02:00 vmi3427693 sshd[632431]: pam_unix(sshd:auth): authentication failure; logname= uid=0 euid=0 tty=ssh ruser= rhost=159.223.173.125 user=root
2026-09-13T13:21:56.349163+02:00 vmi3427693 sshd[632427]: Failed password for invalid user bob from 109.160.32.46 port 48364 ssh2
2026-09-13T13:21:57.729463+02:00 vmi3427693 sshd[632427]: Connection closed by invalid user bob 109.160.32.46 port 48364 [preauth]
2026-09-13T13:21:57.785323+02:00 vmi3427693 sshd[632431]: Failed password for root from 159.223.173.125 port 52506 ssh2
2026-09-13T13:21:57.939843+02:00 vmi3427693 sshd[632431]: Connection closed by authenticating user root 159.223.173.125 port 52506 [preauth]
2026-09-13T13:21:58.586014+02:00 vmi3427693 sshd[632440]: pam_unix(sshd:auth): authentication failure; logname= uid=0 euid=0 tty=ssh ruser= rhost=159.223.173.125 user=root
2026-09-13T13:21:59.391994+02:00 vmi3427693 sshd[632445]: Invalid user bob from 109.160.32.46 port 40776
2026-09-13T13:21:59.403493+02:00 vmi3427693 sshd[632438]: Invalid user manager from 58.152.42.212 port 57486
2026-09-13T13:21:59.413184+02:00 vmi3427693 sshd[632445]: pam_unix(sshd:auth): check pass; user unknown
2026-09-13T13:21:59.413403+02:00 vmi3427693 sshd[632445]: pam_unix(sshd:auth): authentication failure; logname= uid=0 euid=0 tty=ssh ruser= rhost=109.160.32.46
2026-09-13T13:21:59.414453+02:00 vmi3427693 sshd[632438]: pam_unix(sshd:auth): check pass; user unknown
2026-09-13T13:21:59.414637+02:00 vmi3427693 sshd[632438]: pam_unix(sshd:auth): authentication failure; logname= uid=0 euid=0 tty=ssh ruser= rhost=58.152.42.212
2026-09-13T13:22:00.481250+02:00 vmi3427693 sshd[632440]: Failed password for root from 159.223.173.125 port 52516 ssh2
2026-09-13T13:22:00.960302+02:00 vmi3427693 sshd[632440]: Connection closed by authenticating user root 159.223.173.125 port 52516 [preauth]
2026-09-13T13:22:01.113363+02:00 vmi3427693 sshd[632445]: Failed password for invalid user bob from 109.160.32.46 port 40776 ssh2
2026-09-13T13:22:01.114121+02:00 vmi3427693 sshd[632438]: Failed password for invalid user manager from 58.152.42.212 port 57486 ssh2
2026-09-13T13:22:01.270558+02:00 vmi3427693 CRON[632453]: pam_unix(cron:session): session opened for user root(uid=0) by root(uid=0)
2026-09-13T13:22:01.345195+02:00 vmi3427693 CRON[632453]: pam_unix(cron:session): session closed for user root
2026-09-13T13:22:02.216877+02:00 vmi3427693 sshd[632451]: pam_unix(sshd:auth): authentication failure; logname= uid=0 euid=0 tty=ssh ruser= rhost=159.223.173.125 user=root
2026-09-13T13:22:02.783015+02:00 vmi3427693 sshd[632438]: Received disconnect from 58.152.42.212 port 57486:11: Bye Bye [preauth]
2026-09-13T13:22:02.783276+02:00 vmi3427693 sshd[632438]: Disconnected from invalid user manager 58.152.42.212 port 57486 [preauth]
2026-09-13T13:22:02.823106+02:00 vmi3427693 sshd[632445]: Connection closed by invalid user bob 109.160.32.46 port 40776 [preauth]
2026-09-13T13:22:04.642365+02:00 vmi3427693 sshd[632462]: pam_unix(sshd:auth): authentication failure; logname= uid=0 euid=0 tty=ssh ruser= rhost=109.160.32.46 user=root
2026-09-13T13:22:04.664102+02:00 vmi3427693 sshd[632451]: Failed password for root from 159.223.173.125 port 52526 ssh2
2026-09-13T13:22:06.353153+02:00 vmi3427693 sshd[632462]: Failed password for root from 109.160.32.46 port 40822 ssh2
2026-09-13T13:22:06.884024+02:00 vmi3427693 sshd[632451]: Connection closed by authenticating user root 159.223.173.125 port 52526 [preauth]
2026-09-13T13:22:07.035686+02:00 vmi3427693 sshd[632462]: Connection closed by authenticating user root 109.160.32.46 port 40822 [preauth]
2026-09-13T13:22:07.743081+02:00 vmi3427693 sshd[632469]: pam_unix(sshd:auth): authentication failure; logname= uid=0 euid=0 tty=ssh ruser= rhost=159.223.173.125 user=root
2026-09-13T13:22:09.451063+02:00 vmi3427693 sshd[632474]: Invalid user felix from 109.160.32.46 port 46698
2026-09-13T13:22:09.471394+02:00 vmi3427693 sshd[632474]: pam_unix(sshd:auth): check pass; user unknown
2026-09-13T13:22:09.471672+02:00 vmi3427693 sshd[632474]: pam_unix(sshd:auth): authentication failure; logname= uid=0 euid=0 tty=ssh ruser= rhost=109.160.32.46
2026-09-13T13:22:09.874564+02:00 vmi3427693 sshd[632469]: Failed password for root from 159.223.173.125 port 37456 ssh2
2026-09-13T13:22:10.109478+02:00 vmi3427693 sshd[632469]: Connection closed by authenticating user root 159.223.173.125 port 37456 [preauth]
2026-09-13T13:22:10.813351+02:00 vmi3427693 sshd[632478]: pam_unix(sshd:auth): authentication failure; logname= uid=0 euid=0 tty=ssh ruser= rhost=159.223.173.125 user=root
2026-09-13T13:22:11.212020+02:00 vmi3427693 sshd[632474]: Failed password for invalid user felix from 109.160.32.46 port 46698 ssh2
2026-09-13T13:22:12.690770+02:00 vmi3427693 sshd[632478]: Failed password for root from 159.223.173.125 port 37460 ssh2
2026-09-13T13:22:12.760626+02:00 vmi3427693 sshd[632474]: Connection closed by invalid user felix 109.160.32.46 port 46698 [preauth]
2026-09-13T13:22:13.126124+02:00 vmi3427693 sshd[632478]: Connection closed by authenticating user root 159.223.173.125 port 37460 [preauth]
2026-09-13T13:22:13.797596+02:00 vmi3427693 sshd[632487]: pam_unix(sshd:auth): authentication failure; logname= uid=0 euid=0 tty=ssh ruser= rhost=159.223.173.125 user=root
2026-09-13T13:22:14.095344+02:00 vmi3427693 sshd[632484]: Invalid user user1 from 46.8.31.84 port 52312
2026-09-13T13:22:14.103258+02:00 vmi3427693 sshd[632484]: pam_unix(sshd:auth): check pass; user unknown
2026-09-13T13:22:14.103778+02:00 vmi3427693 sshd[632484]: pam_unix(sshd:auth): authentication failure; logname= uid=0 euid=0 tty=ssh ruser= rhost=46.8.31.84
2026-09-13T13:22:14.513482+02:00 vmi3427693 sshd[632491]: pam_unix(sshd:auth): authentication failure; logname= uid=0 euid=0 tty=ssh ruser= rhost=109.160.32.46 user=root
2026-09-13T13:22:16.088036+02:00 vmi3427693 sshd[632487]: Failed password for root from 159.223.173.125 port 60202 ssh2
2026-09-13T13:22:16.530431+02:00 vmi3427693 sshd[632484]: Failed password for invalid user user1 from 46.8.31.84 port 52312 ssh2
2026-09-13T13:22:16.941078+02:00 vmi3427693 sshd[632491]: Failed password for root from 109.160.32.46 port 46784 ssh2
2026-09-13T13:22:18.183878+02:00 vmi3427693 sshd[632484]: Connection closed by invalid user user1 46.8.31.84 port 52312 [preauth]
2026-09-13T13:22:18.510671+02:00 vmi3427693 sshd[632487]: Connection closed by authenticating user root 159.223.173.125 port 60202 [preauth]
2026-09-13T13:22:19.017821+02:00 vmi3427693 sshd[632491]: Connection closed by authenticating user root 109.160.32.46 port 46784 [preauth]
2026-09-13T13:22:19.545469+02:00 vmi3427693 sshd[632503]: pam_unix(sshd:auth): authentication failure; logname= uid=0 euid=0 tty=ssh ruser= rhost=159.223.173.125 user=root
2026-09-13T13:22:19.657779+02:00 vmi3427693 sshd[632507]: pam_unix(sshd:auth): authentication failure; logname= uid=0 euid=0 tty=ssh ruser= rhost=109.160.32.46 user=root
2026-09-13T13:22:21.993806+02:00 vmi3427693 sshd[632503]: Failed password for root from 159.223.173.125 port 60204 ssh2
2026-09-13T13:22:22.105162+02:00 vmi3427693 sshd[632507]: Failed password for root from 109.160.32.46 port 49570 ssh2
2026-09-13T13:22:24.149151+02:00 vmi3427693 sshd[632503]: Connection closed by authenticating user root 159.223.173.125 port 60204 [preauth]
2026-09-13T13:22:24.268975+02:00 vmi3427693 sshd[632507]: Connection closed by authenticating user root 109.160.32.46 port 49570 [preauth]
2026-09-13T13:22:24.768028+02:00 vmi3427693 sshd[632521]: pam_unix(sshd:auth): authentication failure; logname= uid=0 euid=0 tty=ssh ruser= rhost=109.160.32.46 user=root
2026-09-13T13:22:25.151302+02:00 vmi3427693 sshd[632518]: pam_unix(sshd:auth): authentication failure; logname= uid=0 euid=0 tty=ssh ruser= rhost=159.223.173.125 user=root
2026-09-13T13:22:27.235467+02:00 vmi3427693 sshd[632521]: Failed password for root from 109.160.32.46 port 49608 ssh2
2026-09-13T13:22:27.422614+02:00 vmi3427693 sshd[632518]: Failed password for root from 159.223.173.125 port 52502 ssh2
2026-09-13T13:22:29.262557+02:00 vmi3427693 sshd[632521]: Connection closed by authenticating user root 109.160.32.46 port 49608 [preauth]
2026-09-13T13:22:29.644334+02:00 vmi3427693 sshd[632533]: Invalid user fivem from 109.160.32.46 port 33486
2026-09-13T13:22:29.694023+02:00 vmi3427693 sshd[632533]: pam_unix(sshd:auth): check pass; user unknown
2026-09-13T13:22:29.695652+02:00 vmi3427693 sshd[632533]: pam_unix(sshd:auth): authentication failure; logname= uid=0 euid=0 tty=ssh ruser= rhost=109.160.32.46
2026-09-13T13:22:29.780206+02:00 vmi3427693 sshd[632518]: Connection closed by authenticating user root 159.223.173.125 port 52502 [preauth]
2026-09-13T13:22:30.775277+02:00 vmi3427693 sshd[632536]: pam_unix(sshd:auth): authentication failure; logname= uid=0 euid=0 tty=ssh ruser= rhost=159.223.173.125 user=root
2026-09-13T13:22:31.513809+02:00 vmi3427693 sshd[632533]: Failed password for invalid user fivem from 109.160.32.46 port 33486 ssh2
2026-09-13T13:22:31.762669+02:00 vmi3427693 sshd[632533]: Connection closed by invalid user fivem 109.160.32.46 port 33486 [preauth]
2026-09-13T13:22:32.730628+02:00 vmi3427693 sshd[632536]: Failed password for root from 159.223.173.125 port 52504 ssh2
2026-09-13T13:22:33.126424+02:00 vmi3427693 sshd[632536]: Connection closed by authenticating user root 159.223.173.125 port 52504 [preauth]
2026-09-13T13:22:33.833354+02:00 vmi3427693 sshd[632545]: pam_unix(sshd:auth): authentication failure; logname= uid=0 euid=0 tty=ssh ruser= rhost=159.223.173.125 user=root
2026-09-13T13:22:34.796288+02:00 vmi3427693 sshd[632549]: pam_unix(sshd:auth): authentication failure; logname= uid=0 euid=0 tty=ssh ruser= rhost=109.160.32.46 user=root
2026-09-13T13:22:35.869882+02:00 vmi3427693 sshd[632545]: Failed password for root from 159.223.173.125 port 50376 ssh2
2026-09-13T13:22:36.136613+02:00 vmi3427693 sshd[632545]: Connection closed by authenticating user root 159.223.173.125 port 50376 [preauth]
2026-09-13T13:22:36.637105+02:00 vmi3427693 sshd[632549]: Failed password for root from 109.160.32.46 port 33516 ssh2
2026-09-13T13:22:36.831509+02:00 vmi3427693 sshd[632555]: pam_unix(sshd:auth): authentication failure; logname= uid=0 euid=0 tty=ssh ruser= rhost=159.223.173.125 user=root
2026-09-13T13:22:37.028009+02:00 vmi3427693 sshd[632549]: Connection closed by authenticating user root 109.160.32.46 port 33516 [preauth]
2026-09-13T13:22:39.279108+02:00 vmi3427693 sshd[632555]: Failed password for root from 159.223.173.125 port 50388 ssh2
2026-09-13T13:22:39.548420+02:00 vmi3427693 sshd[632564]: pam_unix(sshd:auth): authentication failure; logname= uid=0 euid=0 tty=ssh ruser= rhost=109.160.32.46 user=root
2026-09-13T13:22:41.072718+02:00 vmi3427693 sshd[632564]: Failed password for root from 109.160.32.46 port 50136 ssh2
2026-09-13T13:22:41.525794+02:00 vmi3427693 sshd[632555]: Connection closed by authenticating user root 159.223.173.125 port 50388 [preauth]
2026-09-13T13:22:41.786941+02:00 vmi3427693 sshd[632564]: Connection closed by authenticating user root 109.160.32.46 port 50136 [preauth]
2026-09-13T13:22:42.551400+02:00 vmi3427693 sshd[632570]: pam_unix(sshd:auth): authentication failure; logname= uid=0 euid=0 tty=ssh ruser= rhost=159.223.173.125 user=root
2026-09-13T13:22:44.487440+02:00 vmi3427693 sshd[632570]: Failed password for root from 159.223.173.125 port 50396 ssh2
2026-09-13T13:22:44.706118+02:00 vmi3427693 sshd[632578]: Invalid user amir from 109.160.32.46 port 50182
2026-09-13T13:22:44.733878+02:00 vmi3427693 sshd[632578]: pam_unix(sshd:auth): check pass; user unknown
2026-09-13T13:22:44.734146+02:00 vmi3427693 sshd[632578]: pam_unix(sshd:auth): authentication failure; logname= uid=0 euid=0 tty=ssh ruser= rhost=109.160.32.46
2026-09-13T13:22:44.871183+02:00 vmi3427693 sshd[632570]: Connection closed by authenticating user root 159.223.173.125 port 50396 [preauth]
2026-09-13T13:22:45.540866+02:00 vmi3427693 sshd[632581]: pam_unix(sshd:auth): authentication failure; logname= uid=0 euid=0 tty=ssh ruser= rhost=159.223.173.125 user=root
2026-09-13T13:22:47.279481+02:00 vmi3427693 sshd[632578]: Failed password for invalid user amir from 109.160.32.46 port 50182 ssh2
2026-09-13T13:22:47.556995+02:00 vmi3427693 sshd[632581]: Failed password for root from 159.223.173.125 port 41350 ssh2
2026-09-13T13:22:47.927299+02:00 vmi3427693 sshd[632581]: Connection closed by authenticating user root 159.223.173.125 port 41350 [preauth]
2026-09-13T13:22:48.366667+02:00 vmi3427693 sshd[632578]: Connection closed by invalid user amir 109.160.32.46 port 50182 [preauth]
2026-09-13T13:22:48.828547+02:00 vmi3427693 sshd[632589]: pam_unix(sshd:auth): authentication failure; logname= uid=0 euid=0 tty=ssh ruser= rhost=159.223.173.125 user=root
2026-09-13T13:22:49.917416+02:00 vmi3427693 sshd[632594]: pam_unix(sshd:auth): authentication failure; logname= uid=0 euid=0 tty=ssh ruser= rhost=109.160.32.46 user=root
2026-09-13T13:22:50.925111+02:00 vmi3427693 sshd[632589]: Failed password for root from 159.223.173.125 port 41356 ssh2
2026-09-13T13:22:51.164804+02:00 vmi3427693 sshd[632589]: Connection closed by authenticating user root 159.223.173.125 port 41356 [preauth]
2026-09-13T13:22:52.091986+02:00 vmi3427693 sshd[632601]: pam_unix(sshd:auth): authentication failure; logname= uid=0 euid=0 tty=ssh ruser= rhost=159.223.173.125 user=root
2026-09-13T13:22:52.150055+02:00 vmi3427693 sshd[632594]: Failed password for root from 109.160.32.46 port 39926 ssh2
2026-09-13T13:22:53.923503+02:00 vmi3427693 sshd[632601]: Failed password for root from 159.223.173.125 port 41362 ssh2
2026-09-13T13:22:54.398151+02:00 vmi3427693 sshd[632601]: Connection closed by authenticating user root 159.223.173.125 port 41362 [preauth]
2026-09-13T13:22:54.597086+02:00 vmi3427693 sshd[632594]: Connection closed by authenticating user root 109.160.32.46 port 39926 [preauth]
2026-09-13T13:22:54.705952+02:00 vmi3427693 sshd[632608]: Invalid user minecraft from 193.24.211.218 port 22084
2026-09-13T13:22:54.709611+02:00 vmi3427693 sshd[632608]: pam_unix(sshd:auth): check pass; user unknown
2026-09-13T13:22:54.709899+02:00 vmi3427693 sshd[632608]: pam_unix(sshd:auth): authentication failure; logname= uid=0 euid=0 tty=ssh ruser= rhost=193.24.211.218
2026-09-13T13:22:55.042584+02:00 vmi3427693 sshd[632613]: pam_unix(sshd:auth): authentication failure; logname= uid=0 euid=0 tty=ssh ruser= rhost=109.160.32.46 user=root
2026-09-13T13:22:55.170114+02:00 vmi3427693 sshd[632610]: pam_unix(sshd:auth): authentication failure; logname= uid=0 euid=0 tty=ssh ruser= rhost=159.223.173.125 user=root
2026-09-13T13:22:56.961232+02:00 vmi3427693 sshd[632608]: Failed password for invalid user minecraft from 193.24.211.218 port 22084 ssh2
2026-09-13T13:22:57.294401+02:00 vmi3427693 sshd[632613]: Failed password for root from 109.160.32.46 port 40048 ssh2
2026-09-13T13:22:57.637365+02:00 vmi3427693 sshd[632618]: pam_unix(sshd:auth): authentication failure; logname= uid=0 euid=0 tty=ssh ruser= rhost=45.182.206.203 user=root
2026-09-13T13:22:57.894237+02:00 vmi3427693 sshd[632610]: Failed password for root from 159.223.173.125 port 45434 ssh2
2026-09-13T13:22:58.241701+02:00 vmi3427693 sshd[632608]: Received disconnect from 193.24.211.218 port 22084:11: Client disconnecting normally [preauth]
2026-09-13T13:22:58.242538+02:00 vmi3427693 sshd[632608]: Disconnected from invalid user minecraft 193.24.211.218 port 22084 [preauth]
2026-09-13T13:22:59.302684+02:00 vmi3427693 sshd[632618]: Failed password for root from 45.182.206.203 port 50894 ssh2
2026-09-13T13:22:59.538986+02:00 vmi3427693 sshd[632613]: Connection closed by authenticating user root 109.160.32.46 port 40048 [preauth]
2026-09-13T13:22:59.726444+02:00 vmi3427693 sshd[632626]: pam_unix(sshd:auth): authentication failure; logname= uid=0 euid=0 tty=ssh ruser= rhost=109.160.32.46 user=root
2026-09-13T13:22:59.813547+02:00 vmi3427693 sshd[632610]: Connection closed by authenticating user root 159.223.173.125 port 45434 [preauth]
2026-09-13T13:23:00.051724+02:00 vmi3427693 sshd[632618]: Received disconnect from 45.182.206.203 port 50894:11: Bye Bye [preauth]
2026-09-13T13:23:00.052343+02:00 vmi3427693 sshd[632618]: Disconnected from authenticating user root 45.182.206.203 port 50894 [preauth]
2026-09-13T13:23:00.962924+02:00 vmi3427693 sshd[632629]: pam_unix(sshd:auth): authentication failure; logname= uid=0 euid=0 tty=ssh ruser= rhost=159.223.173.125 user=root
2026-09-13T13:23:01.357224+02:00 vmi3427693 CRON[632636]: pam_unix(cron:session): session opened for user root(uid=0) by root(uid=0)
2026-09-13T13:23:01.446645+02:00 vmi3427693 CRON[632636]: pam_unix(cron:session): session closed for user root
2026-09-13T13:23:01.570839+02:00 vmi3427693 sshd[632632]: pam_unix(sshd:auth): authentication failure; logname= uid=0 euid=0 tty=ssh ruser= rhost=202.152.148.30 user=root
2026-09-13T13:23:02.004235+02:00 vmi3427693 sshd[632626]: Failed password for root from 109.160.32.46 port 39706 ssh2
2026-09-13T13:23:03.039083+02:00 vmi3427693 sshd[632629]: Failed password for root from 159.223.173.125 port 45448 ssh2
2026-09-13T13:23:03.269503+02:00 vmi3427693 sshd[632629]: Connection closed by authenticating user root 159.223.173.125 port 45448 [preauth]
2026-09-13T13:23:03.780469+02:00 vmi3427693 sshd[632632]: Failed password for root from 202.152.148.30 port 40112 ssh2
2026-09-13T13:23:03.972242+02:00 vmi3427693 sshd[632643]: pam_unix(sshd:auth): authentication failure; logname= uid=0 euid=0 tty=ssh ruser= rhost=159.223.173.125 user=root
2026-09-13T13:23:04.224155+02:00 vmi3427693 sshd[632626]: Connection closed by authenticating user root 109.160.32.46 port 39706 [preauth]
2026-09-13T13:23:04.572994+02:00 vmi3427693 sshd[632647]: pam_unix(sshd:auth): authentication failure; logname= uid=0 euid=0 tty=ssh ruser= rhost=109.160.32.46 user=root
2026-09-13T13:23:05.345600+02:00 vmi3427693 sshd[632650]: Invalid user holu from 20.127.185.37 port 43558
2026-09-13T13:23:05.352819+02:00 vmi3427693 sshd[632650]: pam_unix(sshd:auth): check pass; user unknown
2026-09-13T13:23:05.353025+02:00 vmi3427693 sshd[632650]: pam_unix(sshd:auth): authentication failure; logname= uid=0 euid=0 tty=ssh ruser= rhost=20.127.185.37
2026-09-13T13:23:05.792883+02:00 vmi3427693 sshd[632643]: Failed password for root from 159.223.173.125 port 46204 ssh2
2026-09-13T13:23:06.199002+02:00 vmi3427693 sshd[632632]: Received disconnect from 202.152.148.30 port 40112:11: Bye Bye [preauth]
2026-09-13T13:23:06.199253+02:00 vmi3427693 sshd[632632]: Disconnected from authenticating user root 202.152.148.30 port 40112 [preauth]
2026-09-13T13:23:06.369954+02:00 vmi3427693 sshd[632643]: Connection closed by authenticating user root 159.223.173.125 port 46204 [preauth]
2026-09-13T13:23:06.529621+02:00 vmi3427693 sshd[632647]: Failed password for root from 109.160.32.46 port 39760 ssh2
2026-09-13T13:23:06.801052+02:00 vmi3427693 sshd[632647]: Connection closed by authenticating user root 109.160.32.46 port 39760 [preauth]
2026-09-13T13:23:07.113159+02:00 vmi3427693 sshd[632650]: Failed password for invalid user holu from 20.127.185.37 port 43558 ssh2
2026-09-13T13:23:07.174262+02:00 vmi3427693 sshd[632655]: pam_unix(sshd:auth): authentication failure; logname= uid=0 euid=0 tty=ssh ruser= rhost=159.223.173.125 user=root
2026-09-13T13:23:08.477399+02:00 vmi3427693 sshd[632650]: Received disconnect from 20.127.185.37 port 43558:11: Bye Bye [preauth]
2026-09-13T13:23:08.477800+02:00 vmi3427693 sshd[632650]: Disconnected from invalid user holu 20.127.185.37 port 43558 [preauth]
2026-09-13T13:23:09.210420+02:00 vmi3427693 sshd[632661]: pam_unix(sshd:auth): authentication failure; logname= uid=0 euid=0 tty=ssh ruser= rhost=109.160.32.46 user=root
2026-09-13T13:23:09.545240+02:00 vmi3427693 sshd[632655]: Failed password for root from 159.223.173.125 port 46210 ssh2
2026-09-13T13:23:10.854934+02:00 vmi3427693 sshd[632661]: Failed password for root from 109.160.32.46 port 52502 ssh2
2026-09-13T13:23:11.473923+02:00 vmi3427693 sshd[632661]: Connection closed by authenticating user root 109.160.32.46 port 52502 [preauth]
2026-09-13T13:23:11.808811+02:00 vmi3427693 sshd[632655]: Connection closed by authenticating user root 159.223.173.125 port 46210 [preauth]
2026-09-13T13:23:13.088706+02:00 vmi3427693 sshd[632671]: pam_unix(sshd:auth): authentication failure; logname= uid=0 euid=0 tty=ssh ruser= rhost=159.223.173.125 user=root
2026-09-13T13:23:14.599098+02:00 vmi3427693 sshd[632679]: pam_unix(sshd:auth): authentication failure; logname= uid=0 euid=0 tty=ssh ruser= rhost=109.160.32.46 user=root
2026-09-13T13:23:15.518796+02:00 vmi3427693 sshd[632674]: Invalid user tester from 58.152.42.212 port 44628
2026-09-13T13:23:15.523405+02:00 vmi3427693 sshd[632674]: pam_unix(sshd:auth): check pass; user unknown
2026-09-13T13:23:15.523580+02:00 vmi3427693 sshd[632674]: pam_unix(sshd:auth): authentication failure; logname= uid=0 euid=0 tty=ssh ruser= rhost=58.152.42.212
2026-09-13T13:23:15.616066+02:00 vmi3427693 sshd[632671]: Failed password for root from 159.223.173.125 port 46212 ssh2
2026-09-13T13:23:16.594633+02:00 vmi3427693 sshd[632679]: Failed password for root from 109.160.32.46 port 52560 ssh2
2026-09-13T13:23:16.833208+02:00 vmi3427693 sshd[632679]: Connection closed by authenticating user root 109.160.32.46 port 52560 [preauth]
2026-09-13T13:23:17.324477+02:00 vmi3427693 sshd[632674]: Failed password for invalid user tester from 58.152.42.212 port 44628 ssh2
2026-09-13T13:23:17.691895+02:00 vmi3427693 sshd[632674]: Received disconnect from 58.152.42.212 port 44628:11: Bye Bye [preauth]
2026-09-13T13:23:17.692137+02:00 vmi3427693 sshd[632674]: Disconnected from invalid user tester 58.152.42.212 port 44628 [preauth]
2026-09-13T13:23:17.774922+02:00 vmi3427693 sshd[632671]: Connection closed by authenticating user root 159.223.173.125 port 46212 [preauth]
2026-09-13T13:23:19.058547+02:00 vmi3427693 sshd[632687]: pam_unix(sshd:auth): authentication failure; logname= uid=0 euid=0 tty=ssh ruser= rhost=159.223.173.125 user=root
2026-09-13T13:23:19.306415+02:00 vmi3427693 sshd[632692]: pam_unix(sshd:auth): authentication failure; logname= uid=0 euid=0 tty=ssh ruser= rhost=109.160.32.46 user=root
2026-09-13T13:23:21.606244+02:00 vmi3427693 sshd[632687]: Failed password for root from 159.223.173.125 port 39374 ssh2
2026-09-13T13:23:21.658157+02:00 vmi3427693 sshd[632692]: Failed password for root from 109.160.32.46 port 49270 ssh2
2026-09-13T13:23:23.719437+02:00 vmi3427693 sshd[632687]: Connection closed by authenticating user root 159.223.173.125 port 39374 [preauth]
2026-09-13T13:23:23.803259+02:00 vmi3427693 sshd[632692]: Connection closed by authenticating user root 109.160.32.46 port 49270 [preauth]
2026-09-13T13:23:24.143332+02:00 vmi3427693 sshd[632715]: Invalid user deploy from 109.160.32.46 port 49324
2026-09-13T13:23:24.160553+02:00 vmi3427693 sshd[632715]: pam_unix(sshd:auth): check pass; user unknown
2026-09-13T13:23:24.161138+02:00 vmi3427693 sshd[632715]: pam_unix(sshd:auth): authentication failure; logname= uid=0 euid=0 tty=ssh ruser= rhost=109.160.32.46
2026-09-13T13:23:24.951222+02:00 vmi3427693 sshd[632712]: pam_unix(sshd:auth): authentication failure; logname= uid=0 euid=0 tty=ssh ruser= rhost=159.223.173.125 user=root
2026-09-13T13:23:26.197736+02:00 vmi3427693 sshd[632715]: Failed password for invalid user deploy from 109.160.32.46 port 49324 ssh2
2026-09-13T13:23:27.008208+02:00 vmi3427693 sshd[632712]: Failed password for root from 159.223.173.125 port 40450 ssh2
2026-09-13T13:23:27.009128+02:00 vmi3427693 sshd[632715]: Connection closed by invalid user deploy 109.160.32.46 port 49324 [preauth]
2026-09-13T13:23:27.244724+02:00 vmi3427693 sshd[632712]: Connection closed by authenticating user root 159.223.173.125 port 40450 [preauth]
2026-09-13T13:23:27.971416+02:00 vmi3427693 sshd[632726]: pam_unix(sshd:auth): authentication failure; logname= uid=0 euid=0 tty=ssh ruser= rhost=159.223.173.125 user=root
2026-09-13T13:23:29.298968+02:00 vmi3427693 sshd[632732]: Invalid user centos from 109.160.32.46 port 48054
2026-09-13T13:23:29.333981+02:00 vmi3427693 sshd[632732]: pam_unix(sshd:auth): check pass; user unknown
2026-09-13T13:23:29.334831+02:00 vmi3427693 sshd[632732]: pam_unix(sshd:auth): authentication failure; logname= uid=0 euid=0 tty=ssh ruser= rhost=109.160.32.46
2026-09-13T13:23:29.751969+02:00 vmi3427693 sshd[632726]: Failed password for root from 159.223.173.125 port 40462 ssh2
2026-09-13T13:23:30.354960+02:00 vmi3427693 sshd[632726]: Connection closed by authenticating user root 159.223.173.125 port 40462 [preauth]
2026-09-13T13:23:31.209645+02:00 vmi3427693 sshd[632736]: pam_unix(sshd:auth): authentication failure; logname= uid=0 euid=0 tty=ssh ruser= rhost=159.223.173.125 user=root
2026-09-13T13:23:31.726325+02:00 vmi3427693 sshd[632732]: Failed password for invalid user centos from 109.160.32.46 port 48054 ssh2
2026-09-13T13:23:32.934708+02:00 vmi3427693 sshd[632732]: Connection closed by invalid user centos 109.160.32.46 port 48054 [preauth]
2026-09-13T13:23:33.540683+02:00 vmi3427693 sshd[632736]: Failed password for root from 159.223.173.125 port 40478 ssh2
2026-09-13T13:23:34.270996+02:00 vmi3427693 sshd[632746]: pam_unix(sshd:auth): authentication failure; logname= uid=0 euid=0 tty=ssh ruser= rhost=109.160.32.46 user=root
2026-09-13T13:23:35.348564+02:00 vmi3427693 sshd[632750]: Connection closed by 128.199.189.224 port 47236
2026-09-13T13:23:35.791710+02:00 vmi3427693 sshd[632736]: Connection closed by authenticating user root 159.223.173.125 port 40478 [preauth]
2026-09-13T13:23:36.171583+02:00 vmi3427693 sshd[632752]: Invalid user aminuosi from 128.199.189.224 port 47700
2026-09-13T13:23:36.332793+02:00 vmi3427693 sshd[632752]: pam_unix(sshd:auth): check pass; user unknown
2026-09-13T13:23:36.333043+02:00 vmi3427693 sshd[632752]: pam_unix(sshd:auth): authentication failure; logname= uid=0 euid=0 tty=ssh ruser= rhost=128.199.189.224
2026-09-13T13:23:36.347377+02:00 vmi3427693 sshd[632746]: Failed password for root from 109.160.32.46 port 48100 ssh2
2026-09-13T13:23:36.499415+02:00 vmi3427693 sshd[632746]: Connection closed by authenticating user root 109.160.32.46 port 48100 [preauth]
2026-09-13T13:23:36.524921+02:00 vmi3427693 sshd[632754]: pam_unix(sshd:auth): authentication failure; logname= uid=0 euid=0 tty=ssh ruser= rhost=159.223.173.125 user=root
2026-09-13T13:23:38.349090+02:00 vmi3427693 sshd[632752]: Failed password for invalid user aminuosi from 128.199.189.224 port 47700 ssh2
2026-09-13T13:23:38.541236+02:00 vmi3427693 sshd[632754]: Failed password for root from 159.223.173.125 port 35722 ssh2
2026-09-13T13:23:38.856311+02:00 vmi3427693 sshd[632754]: Connection closed by authenticating user root 159.223.173.125 port 35722 [preauth]
2026-09-13T13:23:39.342017+02:00 vmi3427693 sshd[632766]: pam_unix(sshd:auth): authentication failure; logname= uid=0 euid=0 tty=ssh ruser= rhost=109.160.32.46 user=root
2026-09-13T13:23:39.525061+02:00 vmi3427693 sshd[632762]: pam_unix(sshd:auth): authentication failure; logname= uid=0 euid=0 tty=ssh ruser= rhost=159.223.173.125 user=root
2026-09-13T13:23:40.345714+02:00 vmi3427693 sshd[632752]: Connection closed by invalid user aminuosi 128.199.189.224 port 47700 [preauth]
2026-09-13T13:23:41.438235+02:00 vmi3427693 sshd[632766]: Failed password for root from 109.160.32.46 port 40402 ssh2
2026-09-13T13:23:41.615943+02:00 vmi3427693 sshd[632766]: Connection closed by authenticating user root 109.160.32.46 port 40402 [preauth]
2026-09-13T13:23:41.620866+02:00 vmi3427693 sshd[632762]: Failed password for root from 159.223.173.125 port 35726 ssh2
2026-09-13T13:23:41.835815+02:00 vmi3427693 sshd[632762]: Connection closed by authenticating user root 159.223.173.125 port 35726 [preauth]
2026-09-13T13:23:42.735299+02:00 vmi3427693 sshd[632773]: pam_unix(sshd:auth): authentication failure; logname= uid=0 euid=0 tty=ssh ruser= rhost=159.223.173.125 user=root
2026-09-13T13:23:44.080003+02:00 vmi3427693 sshd[632779]: pam_unix(sshd:auth): authentication failure; logname= uid=0 euid=0 tty=ssh ruser= rhost=109.160.32.46 user=root
2026-09-13T13:23:45.244691+02:00 vmi3427693 sshd[632773]: Failed password for root from 159.223.173.125 port 35742 ssh2
2026-09-13T13:23:46.863124+02:00 vmi3427693 sshd[632779]: Failed password for root from 109.160.32.46 port 40436 ssh2
2026-09-13T13:23:47.304595+02:00 vmi3427693 sshd[632773]: Connection closed by authenticating user root 159.223.173.125 port 35742 [preauth]
2026-09-13T13:23:48.025642+02:00 vmi3427693 sshd[632788]: pam_unix(sshd:auth): authentication failure; logname= uid=0 euid=0 tty=ssh ruser= rhost=159.223.173.125 user=root
2026-09-13T13:23:48.595965+02:00 vmi3427693 sshd[632779]: Connection closed by authenticating user root 109.160.32.46 port 40436 [preauth]
2026-09-13T13:23:49.158320+02:00 vmi3427693 sshd[632794]: Invalid user cloud from 109.160.32.46 port 37054
2026-09-13T13:23:49.183424+02:00 vmi3427693 sshd[632794]: pam_unix(sshd:auth): check pass; user unknown
2026-09-13T13:23:49.183818+02:00 vmi3427693 sshd[632794]: pam_unix(sshd:auth): authentication failure; logname= uid=0 euid=0 tty=ssh ruser= rhost=109.160.32.46
2026-09-13T13:23:49.883389+02:00 vmi3427693 sshd[632788]: Failed password for root from 159.223.173.125 port 56970 ssh2
2026-09-13T13:23:50.323609+02:00 vmi3427693 sshd[632788]: Connection closed by authenticating user root 159.223.173.125 port 56970 [preauth]
2026-09-13T13:23:51.251369+02:00 vmi3427693 sshd[632799]: pam_unix(sshd:auth): authentication failure; logname= uid=0 euid=0 tty=ssh ruser= rhost=159.223.173.125 user=root
2026-09-13T13:23:51.652081+02:00 vmi3427693 sshd[632794]: Failed password for invalid user cloud from 109.160.32.46 port 37054 ssh2
2026-09-13T13:23:53.001155+02:00 vmi3427693 sshd[632799]: Failed password for root from 159.223.173.125 port 56974 ssh2
2026-09-13T13:23:53.562989+02:00 vmi3427693 sshd[632799]: Connection closed by authenticating user root 159.223.173.125 port 56974 [preauth]
2026-09-13T13:23:53.817513+02:00 vmi3427693 sshd[632794]: Connection closed by invalid user cloud 109.160.32.46 port 37054 [preauth]
2026-09-13T13:23:54.078936+02:00 vmi3427693 sshd[632816]: Invalid user cloud from 109.160.32.46 port 37138
2026-09-13T13:23:54.103628+02:00 vmi3427693 sshd[632816]: pam_unix(sshd:auth): check pass; user unknown
2026-09-13T13:23:54.103888+02:00 vmi3427693 sshd[632816]: pam_unix(sshd:auth): authentication failure; logname= uid=0 euid=0 tty=ssh ruser= rhost=109.160.32.46
